{"id":10703,"date":"2024-10-24T00:19:32","date_gmt":"2024-10-23T22:19:32","guid":{"rendered":"http:\/\/klubmamgdynia.pl\/?post_type=product&#038;p=10703"},"modified":"2026-04-30T09:36:02","modified_gmt":"2026-04-30T07:36:02","slug":"pojazd-traktor-spychacz-teh1721","status":"publish","type":"product","link":"http:\/\/klubmamgdynia.pl\/index.php\/produkt\/pojazd-traktor-spychacz-teh1721\/","title":{"rendered":"Pojazd traktor Spychacz TEH1721"},"content":{"rendered":"<p>Traktor spychacz to fantastyczna zabawka, kt\u00f3ra sprawi, \u017ce Tw\u00f3j Maluch poczuje si\u0119 jak ma\u0142y budowniczy<\/p>\n<h2>Pojazd traktor Spychacz TEH1721 Maksik<\/h2>\n<p>babciu droga babciu tekst, bardzo trudne zagadki, test asiunia, kolorowanka spiderman, liwia imi\u0119, zaj\u0119cia dla nastolatk\u00f3w, wiersze o wio\u015bnie jana brzechwy, znaczenie imienia milan, karty pracy polsko ukrai\u0144skie, kiekrz, afryka\u0144skie imiona, imi\u0119 kuba, aurelia imi\u0119, o mamie, prezent dla nastolatk\u00f3w 2021, dyplomy do druku pdf, dobre zagadki logiczne, piosenka na dzie\u0144 mamy tekst, malowanki, bajki do czytania na dobranoc, cytaty na dzie\u0144 edukacji narodowej<\/p>\n<p>yyyyy<\/p>\n<p>&nbsp;<\/p>\n","protected":false},"excerpt":{"rendered":"<p>Traktor spychacz to fantastyczna zabawka, kt\u00f3ra sprawi, \u017ce Tw\u00f3j Maluch poczuje si\u0119 jak ma\u0142y budowniczy Pojazd traktor Spychacz TEH1721 Maksik babciu droga babciu tekst, bardzo trudne zagadki, test asiunia, kolorowanka spiderman, liwia imi\u0119, zaj\u0119cia dla nastolatk\u00f3w, wiersze o wio\u015bnie jana brzechwy, znaczenie imienia milan, karty pracy polsko ukrai\u0144skie, kiekrz, afryka\u0144skie imiona, imi\u0119 kuba, aurelia imi\u0119, [&hellip;]<\/p>\n","protected":false},"featured_media":10704,"comment_status":"closed","ping_status":"open","template":"","meta":[],"product_cat":[83,1201],"product_tag":[784,683,641,860,791,615],"class_list":["post-10703","product","type-product","status-publish","has-post-thumbnail","hentry","product_cat-auta-i-inne-pojazdy-do-zabawy","product_cat-maksik","product_tag-hymn-gorniczy","product_tag-karaluchy-pod-poduchy","product_tag-trudne-zagadki-logiczne","product_tag-zagadki-logiczne-dla-doroslych","product_tag-zagadki-na-myslenie","product_tag-znane-misie-z-filmow-animowanych"],"_links":{"self":[{"href":"http:\/\/klubmamgdynia.pl\/index.php\/wp-json\/wp\/v2\/product\/10703","targetHints":{"allow":["GET"]}}],"collection":[{"href":"http:\/\/klubmamgdynia.pl\/index.php\/wp-json\/wp\/v2\/product"}],"about":[{"href":"http:\/\/klubmamgdynia.pl\/index.php\/wp-json\/wp\/v2\/types\/product"}],"replies":[{"embeddable":true,"href":"http:\/\/klubmamgdynia.pl\/index.php\/wp-json\/wp\/v2\/comments?post=10703"}],"wp:featuredmedia":[{"embeddable":true,"href":"http:\/\/klubmamgdynia.pl\/index.php\/wp-json\/wp\/v2\/media\/10704"}],"wp:attachment":[{"href":"http:\/\/klubmamgdynia.pl\/index.php\/wp-json\/wp\/v2\/media?parent=10703"}],"wp:term":[{"taxonomy":"product_cat","embeddable":true,"href":"http:\/\/klubmamgdynia.pl\/index.php\/wp-json\/wp\/v2\/product_cat?post=10703"},{"taxonomy":"product_tag","embeddable":true,"href":"http:\/\/klubmamgdynia.pl\/index.php\/wp-json\/wp\/v2\/product_tag?post=10703"}],"curies":[{"name":"wp","href":"https:\/\/api.w.org\/{rel}","templated":true}]}}