{"id":10737,"date":"2013-10-10T17:39:13","date_gmt":"2013-10-10T15:39:13","guid":{"rendered":"http:\/\/klubmamgdynia.pl\/index.php\/produkt\/zosia-i-jej-zoo-ciekawski-kangur\/"},"modified":"2026-04-22T22:44:28","modified_gmt":"2026-04-22T20:44:28","slug":"zosia-i-jej-zoo-ciekawski-kangur","status":"publish","type":"product","link":"http:\/\/klubmamgdynia.pl\/index.php\/produkt\/zosia-i-jej-zoo-ciekawski-kangur\/","title":{"rendered":"Zosia i jej zoo. Ciekawski kangur"},"content":{"rendered":"<p>Kangurz\u0105tko Hopka jest nowym mieszka\u0144cem zoo. Interesuje si\u0119 wszystkim i wszystkimi! Ale czy ta niewinna dzieci\u0119ca ciekawo\u015b\u0107 nie sprowadzi na nie jakich\u015b k\u0142opot\u00f3w? Azyl Zoologiczny to wyj\u0105tkowe miejsce za\u0142o\u017cone przez pana Horacego &#8211; s\u0142ynnego podr\u00f3\u017cnika. Uratowane przez niego zwierz\u0119ta odnajduj\u0105 tutaj sw\u00f3j nowy dom, przyjaci\u00f3\u0142 i maj\u0105 wspania\u0142\u0105 opiek\u0119. W Azylu mieszka te\u017c Zosia ze swoj\u0105 mam\u0105, kt\u00f3ra jest weterynarzem. Dziewczynka kocha zwierz\u0119ta, dlatego, kiedy tylko ma okazj\u0119, sp\u0119dza z nimi czas. Jest co\u015b co sprawia, \u017ce jak nikt rozumie zwierz\u0119ta i jest to najwi\u0119kszy sekret dziewczynki &#8211; Zosia rozumie mow\u0119 zwierz\u0105t.<\/p>\n<h2>Zosia i jej zoo. Ciekawski kangur <\/h2>\n<p>lol kolorowanki do druku, kotek kolorowanka, plan lekcji do druku, testy z lektury opowie\u015bci z narnii lew czarownica i stara szafa, sentencje o rodzinie, zagadki dla dzieci 7-8 lat online, trudne zagadki matematyczne, test z lektury pies kt\u00f3ry je\u017adzi\u0142 kolej\u0105, matematyczne zagadki, bajka dla dziewczynek, wierszyki na lany poniedzia\u0142ek, malowanki dla dzieci do druku, lol kolorowanki, kontynenty do druku, co kupi\u0107 ch\u0142opcu na roczek, kartki na dobranoc dla przyjaci\u00f3\u0142, opowie\u015bci z narnii lew czarownica i stara szafa test do wydruku, pytania wielkanocne<\/p>\n<p>yyyyy<\/p>\n<p>&nbsp;<\/p>\n","protected":false},"excerpt":{"rendered":"<p>Kangurz\u0105tko Hopka jest nowym mieszka\u0144cem zoo. Interesuje si\u0119 wszystkim i wszystkimi! Ale czy ta niewinna dzieci\u0119ca ciekawo\u015b\u0107 nie sprowadzi na nie jakich\u015b k\u0142opot\u00f3w? Azyl Zoologiczny to wyj\u0105tkowe miejsce za\u0142o\u017cone przez pana Horacego &#8211; s\u0142ynnego podr\u00f3\u017cnika. Uratowane przez niego zwierz\u0119ta odnajduj\u0105 tutaj sw\u00f3j nowy dom, przyjaci\u00f3\u0142 i maj\u0105 wspania\u0142\u0105 opiek\u0119. W Azylu mieszka te\u017c Zosia ze [&hellip;]<\/p>\n","protected":false},"featured_media":10738,"comment_status":"closed","ping_status":"open","template":"","meta":[],"product_cat":[1566],"product_tag":[603,702,593,583,584,782,849],"class_list":["post-10737","product","type-product","status-publish","has-post-thumbnail","hentry","product_cat-literatura-dla-dzieci-i-mlodziezy","product_tag-bajki-do-czytania","product_tag-co-kupic-na-roczek-dla-dziewczynki","product_tag-jak-narysowac-konia","product_tag-kolysanki-dla-dzieci-tekst","product_tag-liwia","product_tag-zagadki-dla-dzieci-z-odpowiedziami","product_tag-zagadki-matematyczne-dla-dzieci"],"_links":{"self":[{"href":"http:\/\/klubmamgdynia.pl\/index.php\/wp-json\/wp\/v2\/product\/10737","targetHints":{"allow":["GET"]}}],"collection":[{"href":"http:\/\/klubmamgdynia.pl\/index.php\/wp-json\/wp\/v2\/product"}],"about":[{"href":"http:\/\/klubmamgdynia.pl\/index.php\/wp-json\/wp\/v2\/types\/product"}],"replies":[{"embeddable":true,"href":"http:\/\/klubmamgdynia.pl\/index.php\/wp-json\/wp\/v2\/comments?post=10737"}],"wp:featuredmedia":[{"embeddable":true,"href":"http:\/\/klubmamgdynia.pl\/index.php\/wp-json\/wp\/v2\/media\/10738"}],"wp:attachment":[{"href":"http:\/\/klubmamgdynia.pl\/index.php\/wp-json\/wp\/v2\/media?parent=10737"}],"wp:term":[{"taxonomy":"product_cat","embeddable":true,"href":"http:\/\/klubmamgdynia.pl\/index.php\/wp-json\/wp\/v2\/product_cat?post=10737"},{"taxonomy":"product_tag","embeddable":true,"href":"http:\/\/klubmamgdynia.pl\/index.php\/wp-json\/wp\/v2\/product_tag?post=10737"}],"curies":[{"name":"wp","href":"https:\/\/api.w.org\/{rel}","templated":true}]}}