{"id":10745,"date":"2018-08-03T20:37:28","date_gmt":"2018-08-03T18:37:28","guid":{"rendered":"http:\/\/klubmamgdynia.pl\/index.php\/produkt\/textiel-baby-shark-rekin-podkladka-mata-na-biurko\/"},"modified":"2026-04-26T08:41:49","modified_gmt":"2026-04-26T06:41:49","slug":"textiel-baby-shark-rekin-podkladka-mata-na-biurko","status":"publish","type":"product","link":"http:\/\/klubmamgdynia.pl\/index.php\/produkt\/textiel-baby-shark-rekin-podkladka-mata-na-biurko\/","title":{"rendered":"Textiel Baby Shark Rekin Podk\u0142adka Mata Na Biurko"},"content":{"rendered":"<p>Domy\u015blny opis kr\u00f3tki<\/p>\n<h2>Textiel Baby Shark Rekin Podk\u0142adka Mata Na Biurko Textiel<\/h2>\n<p>wielkanocne zagadki, zabawy logiczne dla dzieci, zagadki dla 4 latka do druku, fabian, wpad\u0142a bomba do piwnicy, zabawka na roczek dla dziewczynki, ka\u0142u\u017cy\u015bci<\/p>\n<p>yyyyy<\/p>\n<p>&nbsp;<\/p>\n","protected":false},"excerpt":{"rendered":"<p>Domy\u015blny opis kr\u00f3tki Textiel Baby Shark Rekin Podk\u0142adka Mata Na Biurko Textiel wielkanocne zagadki, zabawy logiczne dla dzieci, zagadki dla 4 latka do druku, fabian, wpad\u0142a bomba do piwnicy, zabawka na roczek dla dziewczynki, ka\u0142u\u017cy\u015bci yyyyy &nbsp;<\/p>\n","protected":false},"featured_media":10746,"comment_status":"closed","ping_status":"open","template":"","meta":[],"product_cat":[325,1003],"product_tag":[833,758,870,849],"class_list":["post-10745","product","type-product","status-publish","has-post-thumbnail","hentry","product_cat-szkolne-artykuly-papiernicze","product_cat-textiel","product_tag-bajki-dla-dzieci-do-czytania","product_tag-julian","product_tag-prezent-dla-chlopca-na-roczek","product_tag-zagadki-matematyczne-dla-dzieci"],"_links":{"self":[{"href":"http:\/\/klubmamgdynia.pl\/index.php\/wp-json\/wp\/v2\/product\/10745","targetHints":{"allow":["GET"]}}],"collection":[{"href":"http:\/\/klubmamgdynia.pl\/index.php\/wp-json\/wp\/v2\/product"}],"about":[{"href":"http:\/\/klubmamgdynia.pl\/index.php\/wp-json\/wp\/v2\/types\/product"}],"replies":[{"embeddable":true,"href":"http:\/\/klubmamgdynia.pl\/index.php\/wp-json\/wp\/v2\/comments?post=10745"}],"wp:featuredmedia":[{"embeddable":true,"href":"http:\/\/klubmamgdynia.pl\/index.php\/wp-json\/wp\/v2\/media\/10746"}],"wp:attachment":[{"href":"http:\/\/klubmamgdynia.pl\/index.php\/wp-json\/wp\/v2\/media?parent=10745"}],"wp:term":[{"taxonomy":"product_cat","embeddable":true,"href":"http:\/\/klubmamgdynia.pl\/index.php\/wp-json\/wp\/v2\/product_cat?post=10745"},{"taxonomy":"product_tag","embeddable":true,"href":"http:\/\/klubmamgdynia.pl\/index.php\/wp-json\/wp\/v2\/product_tag?post=10745"}],"curies":[{"name":"wp","href":"https:\/\/api.w.org\/{rel}","templated":true}]}}