{"id":10753,"date":"2017-08-09T13:07:50","date_gmt":"2017-08-09T11:07:50","guid":{"rendered":"http:\/\/klubmamgdynia.pl\/index.php\/produkt\/panta-plast-okladka-na-zeszyt-a5-pp-x-10szt-okladka-crystal-szt\/"},"modified":"2026-05-17T22:18:07","modified_gmt":"2026-05-17T20:18:07","slug":"panta-plast-okladka-na-zeszyt-a5-pp-x-10szt-okladka-crystal-szt","status":"publish","type":"product","link":"http:\/\/klubmamgdynia.pl\/index.php\/produkt\/panta-plast-okladka-na-zeszyt-a5-pp-x-10szt-okladka-crystal-szt\/","title":{"rendered":"Panta Plast Ok\u0142adka Na Zeszyt A5 Pp X 10szt. Okladka Crystal Szt."},"content":{"rendered":"<h2>Panta Plast Ok\u0142adka Na Zeszyt A5 Pp X 10szt. Okladka Crystal Szt. Panta Plast<\/h2>\n<p>karty pracy dla dzieci z ukrainy pdf, test z ani z zielonego wzg\u00f3rza, atrakcje dla dzieci wroclaw, pi\u0119kne cytaty o nauczycielach, zagadki logiczne trudne, trudne zagadki matematyczne, jak narysowa\u0107 sanie miko\u0142aja, kr\u00f3tkie bajki do czytania, atrakcje do 30 km od wroc\u0142awia, znaki drogowe test, quiz stolice europy, dyplom do druku, zabawka na roczek dla ch\u0142opca, menu urodzinowe dla dzieci w wieku 8 10 lat, dzie\u0144 nauczyciela cytaty, zagadki logiczne dla dzieci, zagadki na logiczne my\u015blenie, w uk\u0142adzie s\u0142onecznym tekst, aneta, prezenty na roczek<\/p>\n<p>yyyyy<\/p>\n<p>&nbsp;<\/p>\n","protected":false},"excerpt":{"rendered":"<p>Panta Plast Ok\u0142adka Na Zeszyt A5 Pp X 10szt. Okladka Crystal Szt. Panta Plast karty pracy dla dzieci z ukrainy pdf, test z ani z zielonego wzg\u00f3rza, atrakcje dla dzieci wroclaw, pi\u0119kne cytaty o nauczycielach, zagadki logiczne trudne, trudne zagadki matematyczne, jak narysowa\u0107 sanie miko\u0142aja, kr\u00f3tkie bajki do czytania, atrakcje do 30 km od wroc\u0142awia, [&hellip;]<\/p>\n","protected":false},"featured_media":10754,"comment_status":"closed","ping_status":"open","template":"","meta":[],"product_cat":[964,1896],"product_tag":[763,640,843,771,588,581],"class_list":["post-10753","product","type-product","status-publish","has-post-thumbnail","hentry","product_cat-artykuly-papiernicze","product_cat-panta-plast","product_tag-fabian","product_tag-prezent-dla-rocznej-dziewczynki","product_tag-smieszne-zagadki-dla-dzieci","product_tag-stolice-europy-quiz","product_tag-wzruszajace-slowa-dla-przyjaciela","product_tag-zagadki-dla-8-latka"],"_links":{"self":[{"href":"http:\/\/klubmamgdynia.pl\/index.php\/wp-json\/wp\/v2\/product\/10753","targetHints":{"allow":["GET"]}}],"collection":[{"href":"http:\/\/klubmamgdynia.pl\/index.php\/wp-json\/wp\/v2\/product"}],"about":[{"href":"http:\/\/klubmamgdynia.pl\/index.php\/wp-json\/wp\/v2\/types\/product"}],"replies":[{"embeddable":true,"href":"http:\/\/klubmamgdynia.pl\/index.php\/wp-json\/wp\/v2\/comments?post=10753"}],"wp:featuredmedia":[{"embeddable":true,"href":"http:\/\/klubmamgdynia.pl\/index.php\/wp-json\/wp\/v2\/media\/10754"}],"wp:attachment":[{"href":"http:\/\/klubmamgdynia.pl\/index.php\/wp-json\/wp\/v2\/media?parent=10753"}],"wp:term":[{"taxonomy":"product_cat","embeddable":true,"href":"http:\/\/klubmamgdynia.pl\/index.php\/wp-json\/wp\/v2\/product_cat?post=10753"},{"taxonomy":"product_tag","embeddable":true,"href":"http:\/\/klubmamgdynia.pl\/index.php\/wp-json\/wp\/v2\/product_tag?post=10753"}],"curies":[{"name":"wp","href":"https:\/\/api.w.org\/{rel}","templated":true}]}}