{"id":10755,"date":"2017-08-30T01:56:26","date_gmt":"2017-08-29T23:56:26","guid":{"rendered":"http:\/\/klubmamgdynia.pl\/index.php\/produkt\/dante-figurka-liga-sprawiedliwych-joker\/"},"modified":"2026-04-26T12:48:59","modified_gmt":"2026-04-26T10:48:59","slug":"dante-figurka-liga-sprawiedliwych-joker","status":"publish","type":"product","link":"http:\/\/klubmamgdynia.pl\/index.php\/produkt\/dante-figurka-liga-sprawiedliwych-joker\/","title":{"rendered":"Dante Figurka Liga Sprawiedliwych Joker"},"content":{"rendered":"<p>Uruchom wyobra\u017ani\u0119 i odgrywaj swoje w\u0142asne historie i bitwy z tymi licencjonowanymi figurkami DC Comics od Spin Master.Zbierz wszystkie figurki z najwi\u0119kszymi herosami i antybohaterami uniwersum DC.Figurka Joker wykonana jest z wysokiej jako\u015bci materia\u0142\u00f3w i posiada wysoko\u015b\u0107 15 cm. \u017bywe kolory sprawiaj\u0105, \u017ce posta\u0107 prezentuje si\u0119 fenomenalnie. Dodatkowo przywi\u0105zanie do detali sprawia, \u017ce figurka to niesamowita gratka dla kolekcjoner\u00f3w.Figurki posiadaj\u0105 trzy punkty artykulacji, co pozwoli Ci, na odgrywanie bohaterskich scen rodem z film\u00f3w czy komiks\u00f3w.Wiek: 3+<\/p>\n<h2>Dante Figurka Liga Sprawiedliwych Joker Dante<\/h2>\n<p>\u017carty na prima aprilis dla ch\u0142opaka, tekst ko\u0142ysanki, prezent dla 16 latki, prezent dla nastolatki, nietypowe imiona, carmen imi\u0119, estera, zabawy z pi\u0142k\u0105 dla dzieci, postacie z bajek<\/p>\n<p>yyyyy<\/p>\n<p>&nbsp;<\/p>\n","protected":false},"excerpt":{"rendered":"<p>Uruchom wyobra\u017ani\u0119 i odgrywaj swoje w\u0142asne historie i bitwy z tymi licencjonowanymi figurkami DC Comics od Spin Master.Zbierz wszystkie figurki z najwi\u0119kszymi herosami i antybohaterami uniwersum DC.Figurka Joker wykonana jest z wysokiej jako\u015bci materia\u0142\u00f3w i posiada wysoko\u015b\u0107 15 cm. \u017bywe kolory sprawiaj\u0105, \u017ce posta\u0107 prezentuje si\u0119 fenomenalnie. Dodatkowo przywi\u0105zanie do detali sprawia, \u017ce figurka to [&hellip;]<\/p>\n","protected":false},"featured_media":10756,"comment_status":"closed","ping_status":"open","template":"","meta":[],"product_cat":[249,95],"product_tag":[832,762,679,600],"class_list":["post-10755","product","type-product","status-publish","has-post-thumbnail","hentry","product_cat-dante","product_cat-figurki-makiety-i-zestawy","product_tag-desery-dla-dzieci","product_tag-trudne-zagadki-dla-dzieci","product_tag-zabawki-na-roczek-dla-dziewczynki","product_tag-zaproszenia-na-urodziny-do-druku"],"_links":{"self":[{"href":"http:\/\/klubmamgdynia.pl\/index.php\/wp-json\/wp\/v2\/product\/10755","targetHints":{"allow":["GET"]}}],"collection":[{"href":"http:\/\/klubmamgdynia.pl\/index.php\/wp-json\/wp\/v2\/product"}],"about":[{"href":"http:\/\/klubmamgdynia.pl\/index.php\/wp-json\/wp\/v2\/types\/product"}],"replies":[{"embeddable":true,"href":"http:\/\/klubmamgdynia.pl\/index.php\/wp-json\/wp\/v2\/comments?post=10755"}],"wp:featuredmedia":[{"embeddable":true,"href":"http:\/\/klubmamgdynia.pl\/index.php\/wp-json\/wp\/v2\/media\/10756"}],"wp:attachment":[{"href":"http:\/\/klubmamgdynia.pl\/index.php\/wp-json\/wp\/v2\/media?parent=10755"}],"wp:term":[{"taxonomy":"product_cat","embeddable":true,"href":"http:\/\/klubmamgdynia.pl\/index.php\/wp-json\/wp\/v2\/product_cat?post=10755"},{"taxonomy":"product_tag","embeddable":true,"href":"http:\/\/klubmamgdynia.pl\/index.php\/wp-json\/wp\/v2\/product_tag?post=10755"}],"curies":[{"name":"wp","href":"https:\/\/api.w.org\/{rel}","templated":true}]}}