{"id":1076,"date":"2017-03-22T03:37:18","date_gmt":"2017-03-22T02:37:18","guid":{"rendered":"http:\/\/klubmamgdynia.pl\/index.php\/produkt\/double-eagle-robot-zdalnie-sterowany-z-klockow\/"},"modified":"2026-04-06T00:58:36","modified_gmt":"2026-04-05T22:58:36","slug":"double-eagle-robot-zdalnie-sterowany-z-klockow","status":"publish","type":"product","link":"http:\/\/klubmamgdynia.pl\/index.php\/produkt\/double-eagle-robot-zdalnie-sterowany-z-klockow\/","title":{"rendered":"Double Eagle Robot Zdalnie Sterowany Z Klock\u00f3w"},"content":{"rendered":"<p>ZABAWKA DOUBLE EAGLE ROBOT\/POJAZD 2w1 ZDALNIE STEROWANY Z KLOCK\u00d3WZr\u00f3b to samZbuduj w\u0142asny model RC! Prezentowany robot to pot\u0119\u017cny, w pe\u0142ni sprawny, zdalnie sterowany model, do samodzielnego zbudowania z klock\u00f3w! Doskona\u0142a propozycja dla m\u0142odych in\u017cynier\u00f3w i artyst\u00f3w. Elementy wchodz\u0105ce w sk\u0142ad zestawu mo\u017cna \u0142\u0105czy\u0107 z klockami Lego, co pozwala na niesko\u0144czon\u0105 liczb\u0119 modyfikacji. Postaw na rozrywk\u0119, kt\u00f3ra rozwija kreatywno\u015b\u0107, wyobra\u017ani\u0119 i umiej\u0119tno\u015bci manualne.25m zasi\u0119gu odbiornikaModel po z\u0142o\u017ceniu mo\u017ce odjecha\u0107 do 25 metr\u00f3w bez utraty zasi\u0119gu! Klocki s\u0105 wytrzyma\u0142e i \u0142atwe w \u0142\u0105czeniu. Dodatkowym atutem jest fakt, \u017ce model posiada wiele ruchomych element\u00f3w co sprawia, \u017ce zabawa daje jeszcze wi\u0119cej frajdy. To nie jedna z tych zabawek, kt\u00f3re nudz\u0105 si\u0119 po kilku dniach.Dane techniczneWymiary 140 x 150 x 233mmNadajnik 2.4GHzPr\u0119dko\u015b\u0107 ok 3 km\/hIlo\u015b\u0107 klock\u00f3w 717Czas \u0142adowania akumulatora 4-5 godziny(po raz pierwszy powinien mie\u0107 8 godzin)Zasi\u0119g pilota do 25 metr\u00f3wDo uruchomienia wymagane 2 baterie AAObrotowe elementyrobota g\u0142owa, r\u0119ce, strzela rakietamiKierunki jazdy prz\u00f3d\/ty\u0142, w lewo\/prawoWiek 6+Materia\u0142 tworzywo sztuczneW zestawie Klocki do z\u0142o\u017cenia modelu, Nadajnik 2.4GHz, Akumulator, \u0141adowarka USB<\/p>\n<h2>Double Eagle Robot Zdalnie Sterowany Z Klock\u00f3w Double Eagle<\/h2>\n<p>\u0142\u0105czenie kropek, kr\u00f3tkie bajki do czytania, dobranoc pch\u0142y na noc, quiz o hobbicie, miasto dzieci.pl, kwiecien plecien, zagadki kr\u00f3tkie<\/p>\n<p>yyyyy<\/p>\n<p>&nbsp;<\/p>\n","protected":false},"excerpt":{"rendered":"<p>ZABAWKA DOUBLE EAGLE ROBOT\/POJAZD 2w1 ZDALNIE STEROWANY Z KLOCK\u00d3WZr\u00f3b to samZbuduj w\u0142asny model RC! Prezentowany robot to pot\u0119\u017cny, w pe\u0142ni sprawny, zdalnie sterowany model, do samodzielnego zbudowania z klock\u00f3w! Doskona\u0142a propozycja dla m\u0142odych in\u017cynier\u00f3w i artyst\u00f3w. Elementy wchodz\u0105ce w sk\u0142ad zestawu mo\u017cna \u0142\u0105czy\u0107 z klockami Lego, co pozwala na niesko\u0144czon\u0105 liczb\u0119 modyfikacji. Postaw na rozrywk\u0119, [&hellip;]<\/p>\n","protected":false},"featured_media":1077,"comment_status":"closed","ping_status":"open","template":"","meta":[],"product_cat":[339,39],"product_tag":[598,852,846],"class_list":["post-1076","product","type-product","status-publish","has-post-thumbnail","hentry","product_cat-double-eagle","product_cat-zabawki-interaktywne","product_tag-co-na-roczek-dla-dziewczynki","product_tag-jak-zrobic-samolot-z-papieru","product_tag-rysowanki"],"_links":{"self":[{"href":"http:\/\/klubmamgdynia.pl\/index.php\/wp-json\/wp\/v2\/product\/1076","targetHints":{"allow":["GET"]}}],"collection":[{"href":"http:\/\/klubmamgdynia.pl\/index.php\/wp-json\/wp\/v2\/product"}],"about":[{"href":"http:\/\/klubmamgdynia.pl\/index.php\/wp-json\/wp\/v2\/types\/product"}],"replies":[{"embeddable":true,"href":"http:\/\/klubmamgdynia.pl\/index.php\/wp-json\/wp\/v2\/comments?post=1076"}],"wp:featuredmedia":[{"embeddable":true,"href":"http:\/\/klubmamgdynia.pl\/index.php\/wp-json\/wp\/v2\/media\/1077"}],"wp:attachment":[{"href":"http:\/\/klubmamgdynia.pl\/index.php\/wp-json\/wp\/v2\/media?parent=1076"}],"wp:term":[{"taxonomy":"product_cat","embeddable":true,"href":"http:\/\/klubmamgdynia.pl\/index.php\/wp-json\/wp\/v2\/product_cat?post=1076"},{"taxonomy":"product_tag","embeddable":true,"href":"http:\/\/klubmamgdynia.pl\/index.php\/wp-json\/wp\/v2\/product_tag?post=1076"}],"curies":[{"name":"wp","href":"https:\/\/api.w.org\/{rel}","templated":true}]}}