{"id":10765,"date":"2011-03-27T17:30:34","date_gmt":"2011-03-27T15:30:34","guid":{"rendered":"http:\/\/klubmamgdynia.pl\/index.php\/produkt\/starpak-pioro-w-2nab-prime-rn-b-c-1-40\/"},"modified":"2026-04-05T23:32:02","modified_gmt":"2026-04-05T21:32:02","slug":"starpak-pioro-w-2nab-prime-rn-b-c-1-40","status":"publish","type":"product","link":"http:\/\/klubmamgdynia.pl\/index.php\/produkt\/starpak-pioro-w-2nab-prime-rn-b-c-1-40\/","title":{"rendered":"Starpak Pi\u00f3ro W 2Nab Prime Rn B\/C 1\/40"},"content":{"rendered":"<p>Zalety produktu: Pi\u00f3ro wieczne STARPAK Prime o kszta\u0142cie dostosowanym do d\u0142oni dziecka, z wytrzyma\u0142\u0105 stal\u00f3wk\u0105, wykonan\u0105 z wysokiej jako\u015bci materia\u0142u. Specjalnie wyprofilowana, antypo\u015blizgowa strefa uchwytu zapewnia komfort i pomaga w nauce pisania Twojego dziecka. Zapoznaj si\u0119 r\u00f3wnie\u017c z innymi produktami dedykowanymi biurze i szkole W pi\u00f3rze znajduje si\u0119 miejsce na zapasowy wk\u0142ad, dzi\u0119ki czemu Twojemu dziecku nigdy nie zabraknie atramentu w trakcie pisania. W zestawie dwa naboje wymienne. Zestaw pakowany na blistrze. Produkt nieodpowiedni dla dzieci poni\u017cej 3 lat. Wymiary produktu pi\u00f3ro 16 cm. Wymiary opakowania wys. szer. cm 23&#215;7 Waga opakowania kg. 0,03 kg.Karton 40szt. STARPAK prezentuje Wyprawka szkolna &#8211; YouTube<\/p>\n<h2>Starpak Pi\u00f3ro W 2Nab Prime Rn B\/C 1\/40 Starpak<\/h2>\n<p>quiz bo\u017ce narodzenie, rebusy i krzy\u017c\u00f3wki dla dzieci do druku, zabawy halloweenowe dla dzieci, t\u0119cza kolorowanka, minecraft kolorowanki, ogr\u00f3d bajek, jesienne piosenki dla dzieci, pomys\u0142 na prezent dla 15 latki, atrakcje dla dzieci w warszawie dzi\u015b, \u0142amig\u0142\u00f3wki matematyczne, quizy za darmo, zagadki logiczne dla doros\u0142ych, kolorowanki \u015bwinka peppa, tabliczka mno\u017cenia kolorowanki do wydruku, bajka terapeutyczna o emocjach, testy na znaki drogowe, cytaty na dzie\u0144 nauczyciela, skye psi patrol kolorowanka, zagadki logiczne \u015bmieszne<\/p>\n<p>yyyyy<\/p>\n<p>&nbsp;<\/p>\n","protected":false},"excerpt":{"rendered":"<p>Zalety produktu: Pi\u00f3ro wieczne STARPAK Prime o kszta\u0142cie dostosowanym do d\u0142oni dziecka, z wytrzyma\u0142\u0105 stal\u00f3wk\u0105, wykonan\u0105 z wysokiej jako\u015bci materia\u0142u. Specjalnie wyprofilowana, antypo\u015blizgowa strefa uchwytu zapewnia komfort i pomaga w nauce pisania Twojego dziecka. Zapoznaj si\u0119 r\u00f3wnie\u017c z innymi produktami dedykowanymi biurze i szkole W pi\u00f3rze znajduje si\u0119 miejsce na zapasowy wk\u0142ad, dzi\u0119ki czemu Twojemu [&hellip;]<\/p>\n","protected":false},"featured_media":10766,"comment_status":"closed","ping_status":"open","template":"","meta":[],"product_cat":[413,269],"product_tag":[642,858,703,850],"class_list":["post-10765","product","type-product","status-publish","has-post-thumbnail","hentry","product_cat-artykuly-pismiennicze","product_cat-starpak","product_tag-mia-imie","product_tag-podchwytliwe-zagadki","product_tag-prezent-dla-nastolatki","product_tag-wroclaw-atrakcje-dla-dzieci"],"_links":{"self":[{"href":"http:\/\/klubmamgdynia.pl\/index.php\/wp-json\/wp\/v2\/product\/10765","targetHints":{"allow":["GET"]}}],"collection":[{"href":"http:\/\/klubmamgdynia.pl\/index.php\/wp-json\/wp\/v2\/product"}],"about":[{"href":"http:\/\/klubmamgdynia.pl\/index.php\/wp-json\/wp\/v2\/types\/product"}],"replies":[{"embeddable":true,"href":"http:\/\/klubmamgdynia.pl\/index.php\/wp-json\/wp\/v2\/comments?post=10765"}],"wp:featuredmedia":[{"embeddable":true,"href":"http:\/\/klubmamgdynia.pl\/index.php\/wp-json\/wp\/v2\/media\/10766"}],"wp:attachment":[{"href":"http:\/\/klubmamgdynia.pl\/index.php\/wp-json\/wp\/v2\/media?parent=10765"}],"wp:term":[{"taxonomy":"product_cat","embeddable":true,"href":"http:\/\/klubmamgdynia.pl\/index.php\/wp-json\/wp\/v2\/product_cat?post=10765"},{"taxonomy":"product_tag","embeddable":true,"href":"http:\/\/klubmamgdynia.pl\/index.php\/wp-json\/wp\/v2\/product_tag?post=10765"}],"curies":[{"name":"wp","href":"https:\/\/api.w.org\/{rel}","templated":true}]}}