{"id":10771,"date":"2017-10-19T03:09:40","date_gmt":"2017-10-19T01:09:40","guid":{"rendered":"http:\/\/klubmamgdynia.pl\/index.php\/produkt\/leantoys-auto-na-akumulator-mercedes-glc-63s-czarny-lakier-4128\/"},"modified":"2026-04-20T14:23:07","modified_gmt":"2026-04-20T12:23:07","slug":"leantoys-auto-na-akumulator-mercedes-glc-63s-czarny-lakier-4128","status":"publish","type":"product","link":"http:\/\/klubmamgdynia.pl\/index.php\/produkt\/leantoys-auto-na-akumulator-mercedes-glc-63s-czarny-lakier-4128\/","title":{"rendered":"Leantoys Auto Na Akumulator Mercedes Glc 63S Czarny Lakier (4128)"},"content":{"rendered":"<p>Informacje o produkcieModel Mercedes GLC 63S XMX608Kolor Czarny LakierowanySilnik 4x45WAkumulator 1x12V10AhSkrzynia Bieg\u00f3w Automatic, 3 speed levelsWymiary Pojazdu 138cm x 86cm x 64cmPr\u0119dko\u015b\u0107 2-8 km\/hMasa W\u0142asna 32kgMax. Obci\u0105\u017cenie 50kgCzas \u0141adowania 8 hoursCzas Dzia\u0142ania 1-2 godzinyHamulec Automatic after releasing the gas pedal, Zatrzymanie awaryjne z pilota (P)Pasy Bezpiecze\u0144stwa \u2713Otwierane Drzwi \u2713Kluczyki \u2715Fotele Ecological LeatherKo\u0142a Mi\u0119kkie EVAZdalne Sterowanie 2.4G, 3 pr\u0119dko\u015bci\u015awiat\u0142a Przednie LEDAudio USB, Wej\u015bcie MP3<\/p>\n<h2>Leantoys Auto Na Akumulator Mercedes Glc 63S Czarny Lakier (4128) Lean Toys<\/h2>\n<p>mi\u0142osz imie, zagadki logiczne, kwiaty polne nazwy, zagadki dla dzieci 10-12 lat, quiz online, prezent na roczek, maski superbohater\u00f3w do wydrukowania, maski karnawa\u0142owe do druku, jad\u0105 jad\u0105 misie tekst, kolorowanki andrzejki do wydruku, tabliczka mno\u017cenia kolorowanki do wydruku, zabawy na bal karnawa\u0142owy w przedszkolu, adriana znaczenie imienia, tabliczka mno\u017cenia karty pracy do druku<\/p>\n<p>yyyyy<\/p>\n<p>&nbsp;<\/p>\n","protected":false},"excerpt":{"rendered":"<p>Informacje o produkcieModel Mercedes GLC 63S XMX608Kolor Czarny LakierowanySilnik 4x45WAkumulator 1x12V10AhSkrzynia Bieg\u00f3w Automatic, 3 speed levelsWymiary Pojazdu 138cm x 86cm x 64cmPr\u0119dko\u015b\u0107 2-8 km\/hMasa W\u0142asna 32kgMax. Obci\u0105\u017cenie 50kgCzas \u0141adowania 8 hoursCzas Dzia\u0142ania 1-2 godzinyHamulec Automatic after releasing the gas pedal, Zatrzymanie awaryjne z pilota (P)Pasy Bezpiecze\u0144stwa \u2713Otwierane Drzwi \u2713Kluczyki \u2715Fotele Ecological LeatherKo\u0142a Mi\u0119kkie EVAZdalne Sterowanie [&hellip;]<\/p>\n","protected":false},"featured_media":10772,"comment_status":"closed","ping_status":"open","template":"","meta":[],"product_cat":[73,24],"product_tag":[834,831,737,773],"class_list":["post-10771","product","type-product","status-publish","has-post-thumbnail","hentry","product_cat-lean-toys","product_cat-samochody-dla-dzieci","product_tag-bajka-do-czytania-na-dobranoc","product_tag-bruno","product_tag-test-z-lektury-felix-net-i-nika-oraz-gang-niewidzialnych-ludzi","product_tag-test-z-lektury-opowiesci-z-narnii-lew-czarownica-i-stara-szafa"],"_links":{"self":[{"href":"http:\/\/klubmamgdynia.pl\/index.php\/wp-json\/wp\/v2\/product\/10771","targetHints":{"allow":["GET"]}}],"collection":[{"href":"http:\/\/klubmamgdynia.pl\/index.php\/wp-json\/wp\/v2\/product"}],"about":[{"href":"http:\/\/klubmamgdynia.pl\/index.php\/wp-json\/wp\/v2\/types\/product"}],"replies":[{"embeddable":true,"href":"http:\/\/klubmamgdynia.pl\/index.php\/wp-json\/wp\/v2\/comments?post=10771"}],"wp:featuredmedia":[{"embeddable":true,"href":"http:\/\/klubmamgdynia.pl\/index.php\/wp-json\/wp\/v2\/media\/10772"}],"wp:attachment":[{"href":"http:\/\/klubmamgdynia.pl\/index.php\/wp-json\/wp\/v2\/media?parent=10771"}],"wp:term":[{"taxonomy":"product_cat","embeddable":true,"href":"http:\/\/klubmamgdynia.pl\/index.php\/wp-json\/wp\/v2\/product_cat?post=10771"},{"taxonomy":"product_tag","embeddable":true,"href":"http:\/\/klubmamgdynia.pl\/index.php\/wp-json\/wp\/v2\/product_tag?post=10771"}],"curies":[{"name":"wp","href":"https:\/\/api.w.org\/{rel}","templated":true}]}}