{"id":10783,"date":"2012-11-10T03:41:17","date_gmt":"2012-11-10T02:41:17","guid":{"rendered":"http:\/\/klubmamgdynia.pl\/index.php\/produkt\/teczka-z-klapka-na-rzepy-a4-flowers\/"},"modified":"2026-04-05T22:35:59","modified_gmt":"2026-04-05T20:35:59","slug":"teczka-z-klapka-na-rzepy-a4-flowers","status":"publish","type":"product","link":"http:\/\/klubmamgdynia.pl\/index.php\/produkt\/teczka-z-klapka-na-rzepy-a4-flowers\/","title":{"rendered":"Teczka Z Klapk\u0105 Na Rzepy A4 Flowers"},"content":{"rendered":"<p>Wykonana z nadrukowanego mocnego PP o grubo\u015bci 0,50 mm, obszyta lam\u00f3wk\u0105, zapinana na rzepy.EAN: 5902156043700<\/p>\n<h2>Teczka Z Klapk\u0105 Na Rzepy A4 Flowers Panta Plast<\/h2>\n<p>pia, imi\u0119 nadia, tupu tup po \u015bniegu tekst, weso\u0142e pisanki tekst piosenki, lucjan, atrakcje dla dzieci tr\u00f3jmiasto, m\u0105dra my\u015bl na dobranoc, jak narysowa\u0107 oko<\/p>\n<p>yyyyy<\/p>\n<p>&nbsp;<\/p>\n","protected":false},"excerpt":{"rendered":"<p>Wykonana z nadrukowanego mocnego PP o grubo\u015bci 0,50 mm, obszyta lam\u00f3wk\u0105, zapinana na rzepy.EAN: 5902156043700 Teczka Z Klapk\u0105 Na Rzepy A4 Flowers Panta Plast pia, imi\u0119 nadia, tupu tup po \u015bniegu tekst, weso\u0142e pisanki tekst piosenki, lucjan, atrakcje dla dzieci tr\u00f3jmiasto, m\u0105dra my\u015bl na dobranoc, jak narysowa\u0107 oko yyyyy &nbsp;<\/p>\n","protected":false},"featured_media":10784,"comment_status":"closed","ping_status":"open","template":"","meta":[],"product_cat":[1896,325],"product_tag":[580,789,690,587,873],"class_list":["post-10783","product","type-product","status-publish","has-post-thumbnail","hentry","product_cat-panta-plast","product_cat-szkolne-artykuly-papiernicze","product_tag-janusz","product_tag-kaczuszka","product_tag-pieski-male-dwa-tekst","product_tag-skalne-miasto","product_tag-zagadki-z-odpowiedziami-dla-dzieci"],"_links":{"self":[{"href":"http:\/\/klubmamgdynia.pl\/index.php\/wp-json\/wp\/v2\/product\/10783","targetHints":{"allow":["GET"]}}],"collection":[{"href":"http:\/\/klubmamgdynia.pl\/index.php\/wp-json\/wp\/v2\/product"}],"about":[{"href":"http:\/\/klubmamgdynia.pl\/index.php\/wp-json\/wp\/v2\/types\/product"}],"replies":[{"embeddable":true,"href":"http:\/\/klubmamgdynia.pl\/index.php\/wp-json\/wp\/v2\/comments?post=10783"}],"wp:featuredmedia":[{"embeddable":true,"href":"http:\/\/klubmamgdynia.pl\/index.php\/wp-json\/wp\/v2\/media\/10784"}],"wp:attachment":[{"href":"http:\/\/klubmamgdynia.pl\/index.php\/wp-json\/wp\/v2\/media?parent=10783"}],"wp:term":[{"taxonomy":"product_cat","embeddable":true,"href":"http:\/\/klubmamgdynia.pl\/index.php\/wp-json\/wp\/v2\/product_cat?post=10783"},{"taxonomy":"product_tag","embeddable":true,"href":"http:\/\/klubmamgdynia.pl\/index.php\/wp-json\/wp\/v2\/product_tag?post=10783"}],"curies":[{"name":"wp","href":"https:\/\/api.w.org\/{rel}","templated":true}]}}