{"id":10811,"date":"2012-08-20T20:31:23","date_gmt":"2012-08-20T18:31:23","guid":{"rendered":"http:\/\/klubmamgdynia.pl\/index.php\/produkt\/poznajemy-zagadki-o-swiecie\/"},"modified":"2026-04-27T11:27:08","modified_gmt":"2026-04-27T09:27:08","slug":"poznajemy-zagadki-o-swiecie","status":"publish","type":"product","link":"http:\/\/klubmamgdynia.pl\/index.php\/produkt\/poznajemy-zagadki-o-swiecie\/","title":{"rendered":"Poznajemy. Zagadki o \u015awiecie"},"content":{"rendered":"<p>POZNAJEMY. ZAGADKI O \u015aWIECIE to pomys\u0142 na wywo\u0142anie u m\u0142odego czytelnika prawdziwego g\u0142odu wiedzy. O czym jest ta ksi\u0105\u017cka? O odkryciach naukowych, s\u0142ynnych wynalazkach, eksperymentach i ludziach nauk, o otaczaj\u0105cym \u015bwiecie, \u015brodowisku, zdrowiu i sporcie, o historii i kulturze i wreszcie o r\u00f3\u017cnych innych rekordach i ciekawostkach. Ka\u017cdy nie tylko m\u0142ody czytelnik znajdzie tu co\u015b dla siebie, ka\u017cdego co\u015b zaskoczy, zaintryguje i sk\u0142oni do dalszych poszukiwa\u0144 informacji wzbogacaj\u0105cych wiedz\u0119. Album&#8230;<\/p>\n<h2>Poznajemy. Zagadki o \u015awiecie <\/h2>\n<p>\u0142amig\u0142\u00f3wki logiczne, fajne rzeczy dla nastolatk\u00f3w, w\u0119gierska g\u00f3rka, najlepsze \u017carty na prima aprilis, kolorowanki star wars, psi patrol do druku, piosenki na dobranoc tekst, zagadka, psikusy na prima aprilis, bajka krecik, smieszne zagadki, zosia samosia, niech \u017cyj\u0105 wakacje tekst, zabawka na roczek, zabawy ruchowe dla dzieci w wieku szkolnym, prezent na urodziny dla nastolatki, zagadki zimowe dla dzieci, zagadki s\u0142owne, gloria imi\u0119, litera y do druku<\/p>\n<p>yyyyy<\/p>\n<p>&nbsp;<\/p>\n","protected":false},"excerpt":{"rendered":"<p>POZNAJEMY. ZAGADKI O \u015aWIECIE to pomys\u0142 na wywo\u0142anie u m\u0142odego czytelnika prawdziwego g\u0142odu wiedzy. O czym jest ta ksi\u0105\u017cka? O odkryciach naukowych, s\u0142ynnych wynalazkach, eksperymentach i ludziach nauk, o otaczaj\u0105cym \u015bwiecie, \u015brodowisku, zdrowiu i sporcie, o historii i kulturze i wreszcie o r\u00f3\u017cnych innych rekordach i ciekawostkach. Ka\u017cdy nie tylko m\u0142ody czytelnik znajdzie tu co\u015b [&hellip;]<\/p>\n","protected":false},"featured_media":10812,"comment_status":"closed","ping_status":"open","template":"","meta":[],"product_cat":[1566],"product_tag":[839,819,645,720,695],"class_list":["post-10811","product","type-product","status-publish","has-post-thumbnail","hentry","product_cat-literatura-dla-dzieci-i-mlodziezy","product_tag-bajki-na-dobranoc-do-czytania","product_tag-co-kupic-nastolatce-na-swieta","product_tag-latwe-zagadki","product_tag-malowanki","product_tag-rzadkie-imiona-zenskie"],"_links":{"self":[{"href":"http:\/\/klubmamgdynia.pl\/index.php\/wp-json\/wp\/v2\/product\/10811","targetHints":{"allow":["GET"]}}],"collection":[{"href":"http:\/\/klubmamgdynia.pl\/index.php\/wp-json\/wp\/v2\/product"}],"about":[{"href":"http:\/\/klubmamgdynia.pl\/index.php\/wp-json\/wp\/v2\/types\/product"}],"replies":[{"embeddable":true,"href":"http:\/\/klubmamgdynia.pl\/index.php\/wp-json\/wp\/v2\/comments?post=10811"}],"wp:featuredmedia":[{"embeddable":true,"href":"http:\/\/klubmamgdynia.pl\/index.php\/wp-json\/wp\/v2\/media\/10812"}],"wp:attachment":[{"href":"http:\/\/klubmamgdynia.pl\/index.php\/wp-json\/wp\/v2\/media?parent=10811"}],"wp:term":[{"taxonomy":"product_cat","embeddable":true,"href":"http:\/\/klubmamgdynia.pl\/index.php\/wp-json\/wp\/v2\/product_cat?post=10811"},{"taxonomy":"product_tag","embeddable":true,"href":"http:\/\/klubmamgdynia.pl\/index.php\/wp-json\/wp\/v2\/product_tag?post=10811"}],"curies":[{"name":"wp","href":"https:\/\/api.w.org\/{rel}","templated":true}]}}