{"id":10819,"date":"2020-12-24T14:37:38","date_gmt":"2020-12-24T13:37:38","guid":{"rendered":"http:\/\/klubmamgdynia.pl\/index.php\/produkt\/ranok-creative-15100045\/"},"modified":"2026-04-30T19:17:28","modified_gmt":"2026-04-30T17:17:28","slug":"ranok-creative-15100045","status":"publish","type":"product","link":"http:\/\/klubmamgdynia.pl\/index.php\/produkt\/ranok-creative-15100045\/","title":{"rendered":"Ranok Creative (15100045)"},"content":{"rendered":"<p>Jaka to rado\u015b\u0107 dla dziecka kiedy samodzielnie mo\u017ce zrobi\u0107 prawdziwe \u015bwiat\u0142o! Oryginalna lampa, kt\u00f3r\u0105 dziecko mo\u017ce pokaza\u0107 przyjacio\u0142om w przedszkolu, a wieczorem zabawne \u015bwiat\u0142a b\u0119d\u0105 chroni\u0107 dziecko przed nocnymi strachami.W zestawie:\u2022 przewody \u015bwiat\u0142owodowe\u2022 podstawka do lampki\u2022 sztuczne kwiatki\u2022 nici\u2022 satynowe wst\u0105\u017cki, koraliki\u2022 ig\u0142a, \u017cy\u0142ka w\u0119dkarska\u2022 balon\u2022 szczeg\u00f3\u0142owa instrukcjaZabawka dla dzieci w wieku od 6 lat.EAN:  4823076103279Wydawnictwo:  Ranok-CreativeRok wydania:  2014Oprawa:  kartonowaFormat:  17.0&#215;22.0cm<\/p>\n<h2>Ranok Creative (15100045) RANOK<\/h2>\n<p>zgadywanki dla dzieci, a \u015bpij kochanie, zagadki dla dzieci do druku, kr\u00f3tkie bajki do czytania pdf, gra kulki, koreczki dla dzieci na urodziny, znane misie z film\u00f3w animowanych, basen warszawa, z\u0142ote my\u015bli o przyja\u017ani, cytaty o przyja\u017ani kr\u00f3tkie, bruno, quiz o zwierz\u0119tach domowych, teksty ko\u0142ysanek, mini zoo dolno\u015bl\u0105skie, wzruszaj\u0105ce s\u0142owa dla przyjaciela, stare wiersze dla dzieci, zagadki o zwierz\u0119tach le\u015bnych dla dzieci, na roczek dla ch\u0142opca<\/p>\n<p>yyyyy<\/p>\n<p>&nbsp;<\/p>\n","protected":false},"excerpt":{"rendered":"<p>Jaka to rado\u015b\u0107 dla dziecka kiedy samodzielnie mo\u017ce zrobi\u0107 prawdziwe \u015bwiat\u0142o! Oryginalna lampa, kt\u00f3r\u0105 dziecko mo\u017ce pokaza\u0107 przyjacio\u0142om w przedszkolu, a wieczorem zabawne \u015bwiat\u0142a b\u0119d\u0105 chroni\u0107 dziecko przed nocnymi strachami.W zestawie:\u2022 przewody \u015bwiat\u0142owodowe\u2022 podstawka do lampki\u2022 sztuczne kwiatki\u2022 nici\u2022 satynowe wst\u0105\u017cki, koraliki\u2022 ig\u0142a, \u017cy\u0142ka w\u0119dkarska\u2022 balon\u2022 szczeg\u00f3\u0142owa instrukcjaZabawka dla dzieci w wieku od 6 lat.EAN: [&hellip;]<\/p>\n","protected":false},"featured_media":10820,"comment_status":"closed","ping_status":"open","template":"","meta":[],"product_cat":[138,572],"product_tag":[583,771,659],"class_list":["post-10819","product","type-product","status-publish","has-post-thumbnail","hentry","product_cat-lampki-dzieciece","product_cat-ranok","product_tag-kolysanki-dla-dzieci-tekst","product_tag-stolice-europy-quiz","product_tag-tupu-tup-po-sniegu-tekst"],"_links":{"self":[{"href":"http:\/\/klubmamgdynia.pl\/index.php\/wp-json\/wp\/v2\/product\/10819","targetHints":{"allow":["GET"]}}],"collection":[{"href":"http:\/\/klubmamgdynia.pl\/index.php\/wp-json\/wp\/v2\/product"}],"about":[{"href":"http:\/\/klubmamgdynia.pl\/index.php\/wp-json\/wp\/v2\/types\/product"}],"replies":[{"embeddable":true,"href":"http:\/\/klubmamgdynia.pl\/index.php\/wp-json\/wp\/v2\/comments?post=10819"}],"wp:featuredmedia":[{"embeddable":true,"href":"http:\/\/klubmamgdynia.pl\/index.php\/wp-json\/wp\/v2\/media\/10820"}],"wp:attachment":[{"href":"http:\/\/klubmamgdynia.pl\/index.php\/wp-json\/wp\/v2\/media?parent=10819"}],"wp:term":[{"taxonomy":"product_cat","embeddable":true,"href":"http:\/\/klubmamgdynia.pl\/index.php\/wp-json\/wp\/v2\/product_cat?post=10819"},{"taxonomy":"product_tag","embeddable":true,"href":"http:\/\/klubmamgdynia.pl\/index.php\/wp-json\/wp\/v2\/product_tag?post=10819"}],"curies":[{"name":"wp","href":"https:\/\/api.w.org\/{rel}","templated":true}]}}