{"id":10823,"date":"2019-11-03T16:54:28","date_gmt":"2019-11-03T15:54:28","guid":{"rendered":"http:\/\/klubmamgdynia.pl\/index.php\/produkt\/cobble-hill-puzzle-1000el-hardy-boys\/"},"modified":"2026-04-29T08:37:47","modified_gmt":"2026-04-29T06:37:47","slug":"cobble-hill-puzzle-1000el-hardy-boys","status":"publish","type":"product","link":"http:\/\/klubmamgdynia.pl\/index.php\/produkt\/cobble-hill-puzzle-1000el-hardy-boys\/","title":{"rendered":"Cobble Hill Puzzle 1000El. Hardy Boys"},"content":{"rendered":"<p>PUZZLE: 1000 ELEMENT\u00d3W PRODUCENT: COBBLE HILLNAZWA: HARDY BOYSINDEX: 80101 KOD EAN: 625012801010ROZMIAR: 676 x 489 mmWYMIARY PUDE\u0141KA: 355 x 254 x 60 mmHARDY BOYS59 najlepszych ok\u0142adek z ponadczasowych ksi\u0105\u017cek, The Hardy Boys. Kultowa niebieska tylna ok\u0142adka z pewno\u015bci\u0105 wzbudzi wspomnienia zwi\u0105zane z sprawdzaniem listy tytu\u0142\u00f3w ksi\u0105\u017cek do przeczytania. Pe\u0142na kolor\u00f3w i tajemniczo\u015bci, 1000-elementowa \u0142amig\u0142\u00f3wka Hardy. Kolorowego uk\u0142adania. Firma Cobble Hill zosta\u0142a za\u0142o\u017cona w 2005 roku z zamiarem dostarczania entuzjastom puzzli i nowicjuszom wysokiej jako\u015bci puzzli o pe\u0142nym mi\u0142o\u015bci, kapry\u015bnym, nostalgicznym charakterze.<\/p>\n<h2>Cobble Hill Puzzle 1000El. Hardy Boys <\/h2>\n<p>warszawa z dzieckiem, co na roczek dla dziewczynki, prank na prima aprilis, imi\u0119 iwo, tabliczka mno\u017cenia karty pracy do druku, najtrudniejsze zagadki, loga samochod\u00f3w, ozdoby wielkanocne kt\u00f3re mog\u0105 zrobi\u0107 dzieci, bombki do kolorowania, zagadki o psach, jacek, zagadki dla dzieci z odpowiedziami, zabawy dla 5 latka, quiz stolice europy, ma\u0142y ksi\u0105\u017ce test, b\u0105k ptak, kolorowanki my little pony, zagadki rymowanki dla dzieci, kiekrz<\/p>\n<p>yyyyy<\/p>\n<p>&nbsp;<\/p>\n","protected":false},"excerpt":{"rendered":"<p>PUZZLE: 1000 ELEMENT\u00d3W PRODUCENT: COBBLE HILLNAZWA: HARDY BOYSINDEX: 80101 KOD EAN: 625012801010ROZMIAR: 676 x 489 mmWYMIARY PUDE\u0141KA: 355 x 254 x 60 mmHARDY BOYS59 najlepszych ok\u0142adek z ponadczasowych ksi\u0105\u017cek, The Hardy Boys. Kultowa niebieska tylna ok\u0142adka z pewno\u015bci\u0105 wzbudzi wspomnienia zwi\u0105zane z sprawdzaniem listy tytu\u0142\u00f3w ksi\u0105\u017cek do przeczytania. Pe\u0142na kolor\u00f3w i tajemniczo\u015bci, 1000-elementowa \u0142amig\u0142\u00f3wka Hardy. [&hellip;]<\/p>\n","protected":false},"featured_media":10824,"comment_status":"closed","ping_status":"open","template":"","meta":[],"product_cat":[90],"product_tag":[666,759,806,682],"class_list":["post-10823","product","type-product","status-publish","has-post-thumbnail","hentry","product_cat-puzzle","product_tag-afrykanskie-imiona","product_tag-pomysly-na-prezent-dla-nastolatkow","product_tag-prezent-dla-dziecka-na-roczek","product_tag-przyjazn-cytaty"],"_links":{"self":[{"href":"http:\/\/klubmamgdynia.pl\/index.php\/wp-json\/wp\/v2\/product\/10823","targetHints":{"allow":["GET"]}}],"collection":[{"href":"http:\/\/klubmamgdynia.pl\/index.php\/wp-json\/wp\/v2\/product"}],"about":[{"href":"http:\/\/klubmamgdynia.pl\/index.php\/wp-json\/wp\/v2\/types\/product"}],"replies":[{"embeddable":true,"href":"http:\/\/klubmamgdynia.pl\/index.php\/wp-json\/wp\/v2\/comments?post=10823"}],"wp:featuredmedia":[{"embeddable":true,"href":"http:\/\/klubmamgdynia.pl\/index.php\/wp-json\/wp\/v2\/media\/10824"}],"wp:attachment":[{"href":"http:\/\/klubmamgdynia.pl\/index.php\/wp-json\/wp\/v2\/media?parent=10823"}],"wp:term":[{"taxonomy":"product_cat","embeddable":true,"href":"http:\/\/klubmamgdynia.pl\/index.php\/wp-json\/wp\/v2\/product_cat?post=10823"},{"taxonomy":"product_tag","embeddable":true,"href":"http:\/\/klubmamgdynia.pl\/index.php\/wp-json\/wp\/v2\/product_tag?post=10823"}],"curies":[{"name":"wp","href":"https:\/\/api.w.org\/{rel}","templated":true}]}}