{"id":10869,"date":"2013-01-14T12:54:59","date_gmt":"2013-01-14T11:54:59","guid":{"rendered":"http:\/\/klubmamgdynia.pl\/index.php\/produkt\/uchwyt-narciarski-bagaznik-na-narty-ski-lock-3\/"},"modified":"2026-05-17T22:16:51","modified_gmt":"2026-05-17T20:16:51","slug":"uchwyt-narciarski-bagaznik-na-narty-ski-lock-3","status":"publish","type":"product","link":"http:\/\/klubmamgdynia.pl\/index.php\/produkt\/uchwyt-narciarski-bagaznik-na-narty-ski-lock-3\/","title":{"rendered":"Uchwyt narciarski Baga\u017cnik Na Narty Ski Lock 3"},"content":{"rendered":"<p>AMOS SKI LOCK 3 BLACK AluminiumUchwyt narciarski do 3 par nart lub do 2 w\u0119\u017cszych desek snowboardowych.Solidna konstrukcja.\u0141atwy monta\u017c.Monta\u017c do ka\u017cdego rodzaju belki.Zamykany na kluczyk.Odporny na zarysowania.Gumowe szcz\u0119ki.Odporny na korozj\u0119.Kostki podwy\u017cszaj\u0105ce &#8211; w zestawie.Certyfikat TUV oraz Pimot.W zestawie2x uchwyt narciarski.2x kluczyki.Kostki podwy\u017cszaj\u0105ce.Elementy monta\u017cowe.Adapter na &#8222;rowek T&#8221;.Zdj\u0119cia dotycz\u0105 wersji Amos Ski Lock 5, wersja Amos Ski lock 3 ma mniejsze mo\u017cliwo\u015bci za\u0142adunkowe.Solidna konstrukcjaSprawdzona, trwa\u0142a, a przede wszystkim \u0142atwa w obs\u0142udze i monta\u017cu konstrukcja.Pozwala na przew\u00f3z 3 par nart lub 2 snowboard\u00f3w na dachu samochodu.Uchwyt narciarski Amos Ski Lock 3 Black zosta\u0142 wykonany z aluminium, co sprawia \u017ce baga\u017cnik pos\u0142u\u017cy przez wiele lat.\u0141atwy monta\u017c do ka\u017cdego rodzaju belkiMonta\u017c uchwytu Amos Ski Lock 3 Black mo\u017cliwy jest zar\u00f3wno na prostok\u0105tnych tradycyjnych belkach (stalowych), jak i r\u00f3wnie\u017c na belkach aerodynamicznych (aluminiowych) za pomoc\u0105 wsuwek na &#8222;rowek T&#8221;.Ca\u0142a konstrukcja jest bardzo uniwersalna, pasuje praktycznie do ka\u017cdego baga\u017cnika bazowego.Zamykany na kluczykBaga\u017cnik Amos Ski Lock 3 Black zamykany jest na zamek.Takie rozwi\u0105zanie zapewnia wysokie zabezpieczenie przez kradzie\u017c\u0105 nart lub desek snowboardowych.Dwa kluczyki w zestawie.Czuj si\u0119 bezpiecznie, gdziekolwiek pojedziesz.Odporny na zarysowaniaPrzewo\u017cony sprz\u0119t w baga\u017cniku Amos Ski Lock 3 Silver jest odpowiednio zabezpieczony, poprzez zastosowanie gumowych podk\u0142adek, kt\u00f3re ochroni\u0105 narty podczas transportu.Odporny na korozj\u0119 &#8211; baga\u017cnik na lataBaga\u017cnik Amos Ski Lock 3 Black od firmy Amos, pokryte s\u0105 ocynkowane i pokryte proszkowanymi farbami.Dlatego baga\u017cniki tej firmy ciesz\u0105 si\u0119 wysok\u0105 jako\u015bci\u0105 i trwa\u0142o\u015bci\u0105 przez lata.Przetestowane przez tysi\u0105ce Klient\u00f3w.Kostki podwy\u017cszaj\u0105ceDo baga\u017cnika producent dodaje kostki podwy\u017cszaj\u0105ce 2,5 cm, kt\u00f3re podwy\u017cszaj\u0105 przestrze\u0144 nad dachem dla nart z wysokimi wi\u0105zaniami.Certyfikat T\u00dcV oraz PIMOTBaga\u017cnik AMOS Ski Lock 3 posiada Atest jako\u015bci &#8222;B&#8221; wydany przez PIMOT oraz bezpiecze\u0144stwa T\u00dcV Rheinland.DANE TECHNICZNEIlo\u015b\u0107 uchwyt\u00f3w: 2 sztukiIlo\u015b\u0107 przewo\u017conych nart: 3Ilo\u015b\u0107 przewo\u017conych snowboard\u00f3w: 2Szeroko\u015b\u0107 u\u017cytkowo-robocza (cm): 35Materia\u0142 wykonania: AluminiumPasuje do belek: aluminiowych (monta\u017c na adaptery typu T) oraz stalowych obejmyPasuje do belek stalowych o maksymalnym przekroju: do 4,3 cm szeroko\u015bciZamki antykradzie\u017cowe: TAKCertyfikaty: Atest jako\u015bci &#8222;B&#8221; wydany przez PIMOT oraz bezpiecze\u0144stwa T\u00dcV Rheinland<\/p>\n<h2>Uchwyt narciarski Baga\u017cnik Na Narty Ski Lock 3 Amos<\/h2>\n<p>zagadki o bajkach, podchwytliwe zagadki na inteligencj\u0119, bajka do czytania na dobranoc, wzory dyplom\u00f3w do pobrania, wierszyk o wakacjach, afryka kazika test, film animowany o \u015bwi\u0119tach<\/p>\n<p>yyyyy<\/p>\n<p>&nbsp;<\/p>\n","protected":false},"excerpt":{"rendered":"<p>AMOS SKI LOCK 3 BLACK AluminiumUchwyt narciarski do 3 par nart lub do 2 w\u0119\u017cszych desek snowboardowych.Solidna konstrukcja.\u0141atwy monta\u017c.Monta\u017c do ka\u017cdego rodzaju belki.Zamykany na kluczyk.Odporny na zarysowania.Gumowe szcz\u0119ki.Odporny na korozj\u0119.Kostki podwy\u017cszaj\u0105ce &#8211; w zestawie.Certyfikat TUV oraz Pimot.W zestawie2x uchwyt narciarski.2x kluczyki.Kostki podwy\u017cszaj\u0105ce.Elementy monta\u017cowe.Adapter na &#8222;rowek T&#8221;.Zdj\u0119cia dotycz\u0105 wersji Amos Ski Lock 5, wersja Amos Ski [&hellip;]<\/p>\n","protected":false},"featured_media":10870,"comment_status":"closed","ping_status":"open","template":"","meta":[],"product_cat":[1898,1929],"product_tag":[858,596,631,846,625],"class_list":["post-10869","product","type-product","status-publish","has-post-thumbnail","hentry","product_cat-amos","product_cat-uchwyty-narciarskie","product_tag-podchwytliwe-zagadki","product_tag-pomysly-na-prima-aprilis","product_tag-prezent-na-roczek","product_tag-rysowanki","product_tag-trojmiasto-atrakcje-dla-dzieci"],"_links":{"self":[{"href":"http:\/\/klubmamgdynia.pl\/index.php\/wp-json\/wp\/v2\/product\/10869","targetHints":{"allow":["GET"]}}],"collection":[{"href":"http:\/\/klubmamgdynia.pl\/index.php\/wp-json\/wp\/v2\/product"}],"about":[{"href":"http:\/\/klubmamgdynia.pl\/index.php\/wp-json\/wp\/v2\/types\/product"}],"replies":[{"embeddable":true,"href":"http:\/\/klubmamgdynia.pl\/index.php\/wp-json\/wp\/v2\/comments?post=10869"}],"wp:featuredmedia":[{"embeddable":true,"href":"http:\/\/klubmamgdynia.pl\/index.php\/wp-json\/wp\/v2\/media\/10870"}],"wp:attachment":[{"href":"http:\/\/klubmamgdynia.pl\/index.php\/wp-json\/wp\/v2\/media?parent=10869"}],"wp:term":[{"taxonomy":"product_cat","embeddable":true,"href":"http:\/\/klubmamgdynia.pl\/index.php\/wp-json\/wp\/v2\/product_cat?post=10869"},{"taxonomy":"product_tag","embeddable":true,"href":"http:\/\/klubmamgdynia.pl\/index.php\/wp-json\/wp\/v2\/product_tag?post=10869"}],"curies":[{"name":"wp","href":"https:\/\/api.w.org\/{rel}","templated":true}]}}