{"id":10875,"date":"2020-07-07T01:45:13","date_gmt":"2020-07-06T23:45:13","guid":{"rendered":"http:\/\/klubmamgdynia.pl\/index.php\/produkt\/amos-dlugopis-bic-round-stic-exact-czarny-x2\/"},"modified":"2026-04-06T08:29:27","modified_gmt":"2026-04-06T06:29:27","slug":"amos-dlugopis-bic-round-stic-exact-czarny-x2","status":"publish","type":"product","link":"http:\/\/klubmamgdynia.pl\/index.php\/produkt\/amos-dlugopis-bic-round-stic-exact-czarny-x2\/","title":{"rendered":"Amos D\u0142ugopis Bic Round Stic Exact Czarny X2"},"content":{"rendered":"<p>zako\u0144czenie i skuwka w kolorze tuszu, ko\u0144c\u00f3wka o \u015brednicy 0,8 mm przezroczysta obudowa umo\u017cliwia kontrol\u0119 zu\u017cycia tuszu, gumowy korpus zapewniaj\u0105cy komfort ig\u0142owa ko\u0144c\u00f3wka zapewnia g\u0142adk\u0105 i cienk\u0105 lini\u0119 pisania kolor czarny cena w ofercie dotyczy 20 szt d\u0142ugopisu<\/p>\n<h2>Amos D\u0142ugopis Bic Round Stic Exact Czarny X2 Amos<\/h2>\n<p>prezent dla roczniaka, aniela znaczenie imienia, Keyword, wzruszaj\u0105c\u0105 piosenka dla taty, zagadki na logik\u0119, kolorowanki pokemon do druku, melania znaczenie imienia, bajki dla niemowl\u0105t do czytania, ferie warszawa 2022, rodzina cytaty, zagadki dla dzieci 6-7 lat, markowa, imi\u0119 dla dziewczynki 2019, warszawa dla dzieci, bajka terapeutyczna o dokuczaniu<\/p>\n<p>yyyyy<\/p>\n<p>&nbsp;<\/p>\n","protected":false},"excerpt":{"rendered":"<p>zako\u0144czenie i skuwka w kolorze tuszu, ko\u0144c\u00f3wka o \u015brednicy 0,8 mm przezroczysta obudowa umo\u017cliwia kontrol\u0119 zu\u017cycia tuszu, gumowy korpus zapewniaj\u0105cy komfort ig\u0142owa ko\u0144c\u00f3wka zapewnia g\u0142adk\u0105 i cienk\u0105 lini\u0119 pisania kolor czarny cena w ofercie dotyczy 20 szt d\u0142ugopisu Amos D\u0142ugopis Bic Round Stic Exact Czarny X2 Amos prezent dla roczniaka, aniela znaczenie imienia, Keyword, wzruszaj\u0105c\u0105 [&hellip;]<\/p>\n","protected":false},"featured_media":10876,"comment_status":"closed","ping_status":"open","template":"","meta":[],"product_cat":[1898,962],"product_tag":[612,815,718,774,788],"class_list":["post-10875","product","type-product","status-publish","has-post-thumbnail","hentry","product_cat-amos","product_cat-szkolne-przybory-do-pisania","product_tag-kolorowanki-do-druku","product_tag-ozdoby-choinkowe-dla-dzieci","product_tag-prezent-na-roczek-dla-chrzesniaka","product_tag-prezent-na-roczek-nie-zabawka","product_tag-zagadki-krotkie"],"_links":{"self":[{"href":"http:\/\/klubmamgdynia.pl\/index.php\/wp-json\/wp\/v2\/product\/10875","targetHints":{"allow":["GET"]}}],"collection":[{"href":"http:\/\/klubmamgdynia.pl\/index.php\/wp-json\/wp\/v2\/product"}],"about":[{"href":"http:\/\/klubmamgdynia.pl\/index.php\/wp-json\/wp\/v2\/types\/product"}],"replies":[{"embeddable":true,"href":"http:\/\/klubmamgdynia.pl\/index.php\/wp-json\/wp\/v2\/comments?post=10875"}],"wp:featuredmedia":[{"embeddable":true,"href":"http:\/\/klubmamgdynia.pl\/index.php\/wp-json\/wp\/v2\/media\/10876"}],"wp:attachment":[{"href":"http:\/\/klubmamgdynia.pl\/index.php\/wp-json\/wp\/v2\/media?parent=10875"}],"wp:term":[{"taxonomy":"product_cat","embeddable":true,"href":"http:\/\/klubmamgdynia.pl\/index.php\/wp-json\/wp\/v2\/product_cat?post=10875"},{"taxonomy":"product_tag","embeddable":true,"href":"http:\/\/klubmamgdynia.pl\/index.php\/wp-json\/wp\/v2\/product_tag?post=10875"}],"curies":[{"name":"wp","href":"https:\/\/api.w.org\/{rel}","templated":true}]}}