{"id":1090,"date":"2017-06-07T18:41:06","date_gmt":"2017-06-07T16:41:06","guid":{"rendered":"http:\/\/klubmamgdynia.pl\/index.php\/produkt\/eurobaby-szczesliwa-pilka\/"},"modified":"2026-04-03T18:44:25","modified_gmt":"2026-04-03T16:44:25","slug":"eurobaby-szczesliwa-pilka","status":"publish","type":"product","link":"http:\/\/klubmamgdynia.pl\/index.php\/produkt\/eurobaby-szczesliwa-pilka\/","title":{"rendered":"Eurobaby Szcz\u0119\u015bliwa Pi\u0142ka"},"content":{"rendered":"<p>Zabawka szcz\u0119\u015bliwa pi\u0142kaZabawka Szcz\u0119\u015bliwa Kula to multimedialna zabawka z du\u017c\u0105 ilo\u015bci\u0105 funkcji. Na kuli znajduj\u0105 si\u0119 zwierz\u0119ta, kt\u00f3re po naci\u015bni\u0119ciu s\u0105 nazywane oraz wydaj\u0105 realistyczne odg\u0142osy. Efekty \u015bwietlne, d\u017awi\u0119kowe oraz ruchome wzbudzaj\u0105 w dziecku ciekawo\u015b\u0107 oraz ch\u0119\u0107 do ci\u0105g\u0142ego odkrywania nowych funkcji zabawki. Kula uczy, bawi i rozwija Twoje dziecko. Zabawka pracuje w dw\u00f3ch trybach statycznym i dynamicznym. Zabawki EURObaby wykonane s\u0105 z wysokiej jako\u015bci materia\u0142\u00f3w oraz zapakowane s\u0105 w estetyczne pude\u0142ka, dzi\u0119ki czemu idealnie nadaj\u0105 si\u0119 na prezent. Wspomaga: &#8211; rozw\u00f3j sensoryczny &#8211; rozw\u00f3j umiej\u0119tno\u015bci motorycznych &#8211; rozw\u00f3j koordynacji wzrokowo ruchowej Zasilanie: 3&#215;1.5V AA- brak baterii w zestawie Wymiary zabawki: \u015arednica Kuli: 15 cm Wymiary pude\u0142ka: D\u0142ugo\u015b\u0107: 22 cm Wysoko\u015b\u0107: 22 cm Szeroko\u015b\u0107: 16.5 cm Wiek: 6m+ Zabawka w j\u0119zyku angielskim<\/p>\n<h2>Eurobaby Szcz\u0119\u015bliwa Pi\u0142ka Eurobaby<\/h2>\n<p>gdzie na ferie zimowe 2022, pomys\u0142y na prezent dla nastolatk\u00f3w, zabawy halloweenowe dla dzieci, bombki do kolorowania, kuku\u0142eczka kuka tekst, gry i zabawy dla dzieci<\/p>\n<p>yyyyy<\/p>\n<p>&nbsp;<\/p>\n","protected":false},"excerpt":{"rendered":"<p>Zabawka szcz\u0119\u015bliwa pi\u0142kaZabawka Szcz\u0119\u015bliwa Kula to multimedialna zabawka z du\u017c\u0105 ilo\u015bci\u0105 funkcji. Na kuli znajduj\u0105 si\u0119 zwierz\u0119ta, kt\u00f3re po naci\u015bni\u0119ciu s\u0105 nazywane oraz wydaj\u0105 realistyczne odg\u0142osy. Efekty \u015bwietlne, d\u017awi\u0119kowe oraz ruchome wzbudzaj\u0105 w dziecku ciekawo\u015b\u0107 oraz ch\u0119\u0107 do ci\u0105g\u0142ego odkrywania nowych funkcji zabawki. Kula uczy, bawi i rozwija Twoje dziecko. Zabawka pracuje w dw\u00f3ch trybach [&hellip;]<\/p>\n","protected":false},"featured_media":1091,"comment_status":"closed","ping_status":"open","template":"","meta":[],"product_cat":[128,39],"product_tag":[585,631,591,830,623],"class_list":["post-1090","product","type-product","status-publish","has-post-thumbnail","hentry","product_cat-eurobaby","product_cat-zabawki-interaktywne","product_tag-kolorowanki-dla-chlopcow","product_tag-prezent-na-roczek","product_tag-quiz-o-minecraft","product_tag-rodzina-cytaty","product_tag-zagadki-logiczne-smieszne"],"_links":{"self":[{"href":"http:\/\/klubmamgdynia.pl\/index.php\/wp-json\/wp\/v2\/product\/1090","targetHints":{"allow":["GET"]}}],"collection":[{"href":"http:\/\/klubmamgdynia.pl\/index.php\/wp-json\/wp\/v2\/product"}],"about":[{"href":"http:\/\/klubmamgdynia.pl\/index.php\/wp-json\/wp\/v2\/types\/product"}],"replies":[{"embeddable":true,"href":"http:\/\/klubmamgdynia.pl\/index.php\/wp-json\/wp\/v2\/comments?post=1090"}],"wp:featuredmedia":[{"embeddable":true,"href":"http:\/\/klubmamgdynia.pl\/index.php\/wp-json\/wp\/v2\/media\/1091"}],"wp:attachment":[{"href":"http:\/\/klubmamgdynia.pl\/index.php\/wp-json\/wp\/v2\/media?parent=1090"}],"wp:term":[{"taxonomy":"product_cat","embeddable":true,"href":"http:\/\/klubmamgdynia.pl\/index.php\/wp-json\/wp\/v2\/product_cat?post=1090"},{"taxonomy":"product_tag","embeddable":true,"href":"http:\/\/klubmamgdynia.pl\/index.php\/wp-json\/wp\/v2\/product_tag?post=1090"}],"curies":[{"name":"wp","href":"https:\/\/api.w.org\/{rel}","templated":true}]}}