{"id":10911,"date":"2012-02-04T15:06:17","date_gmt":"2012-02-04T14:06:17","guid":{"rendered":"http:\/\/klubmamgdynia.pl\/index.php\/produkt\/sambro-plecak-kraina-lodu-artykuly-szkolne-segregator-zeszyt-piornik-dlugopis-dfr-8149\/"},"modified":"2026-04-30T04:22:11","modified_gmt":"2026-04-30T02:22:11","slug":"sambro-plecak-kraina-lodu-artykuly-szkolne-segregator-zeszyt-piornik-dlugopis-dfr-8149","status":"publish","type":"product","link":"http:\/\/klubmamgdynia.pl\/index.php\/produkt\/sambro-plecak-kraina-lodu-artykuly-szkolne-segregator-zeszyt-piornik-dlugopis-dfr-8149\/","title":{"rendered":"Sambro Plecak Kraina Lodu &amp; artyku\u0142y szkolne (segregator zeszyt pi\u00f3rnik d\u0142ugopis) (DFR-8149)"},"content":{"rendered":"<p>Rewelacyjny du\u017cy plecak o wymiarach 30 x 38 x 10. Z zawieszka w kszta\u0142cie p\u0142atka \u015bniegu. Jedna du\u017ca komora z \u0142atwo\u015bci\u0105 mie\u015bci a4. Z przodu kieszonka na drobne przedmioty. Wykonany z \u0142atwego do utrzymania w czysto\u015bci materia\u0142u. Praktyczny uchwyt do przenoszenia plecaka. Mi\u0119kkie szelki z mo\u017cliwo\u015bci\u0105 regulowana d\u0142ugo\u015bci. Pi\u0119kne \u017cywe kolory \u2013 oryginalny wz\u00f3r.<br \/>\nW zestawie:<\/p>\n<p>Plecak<br \/>\nSegregator a4<br \/>\nZeszyt a5 w linie<br \/>\nPi\u00f3rnik<br \/>\nD\u0142ugopis<\/p>\n<p>\u00a0<br \/>\nZobacz wszystkie produkty serii \u00a0klikaj\u0105c\u00a0logo<\/p>\n<h2>Sambro Plecak Kraina Lodu &amp; artyku\u0142y szkolne (segregator zeszyt pi\u00f3rnik d\u0142ugopis) (DFR-8149) Sambro<\/h2>\n<p>co oznacza nazwa jordan, kolorowanki do druku konie, flagi europy quiz, \u015bwinka peppa do czytania, znaki drogowe quizy, sentencja rodzina, malowanki dla dziewczynek, tr\u00f3jmiasto atrakcje dla dzieci, bombki do kolorowania<\/p>\n<p>yyyyy<\/p>\n<p>&nbsp;<\/p>\n","protected":false},"excerpt":{"rendered":"<p>Rewelacyjny du\u017cy plecak o wymiarach 30 x 38 x 10. Z zawieszka w kszta\u0142cie p\u0142atka \u015bniegu. Jedna du\u017ca komora z \u0142atwo\u015bci\u0105 mie\u015bci a4. Z przodu kieszonka na drobne przedmioty. Wykonany z \u0142atwego do utrzymania w czysto\u015bci materia\u0142u. Praktyczny uchwyt do przenoszenia plecaka. Mi\u0119kkie szelki z mo\u017cliwo\u015bci\u0105 regulowana d\u0142ugo\u015bci. Pi\u0119kne \u017cywe kolory \u2013 oryginalny wz\u00f3r. W [&hellip;]<\/p>\n","protected":false},"featured_media":10912,"comment_status":"closed","ping_status":"open","template":"","meta":[],"product_cat":[1867,325],"product_tag":[673,806,743,736],"class_list":["post-10911","product","type-product","status-publish","has-post-thumbnail","hentry","product_cat-sambro","product_cat-szkolne-artykuly-papiernicze","product_tag-juz-blisko-koleda-tekst","product_tag-prezent-dla-dziecka-na-roczek","product_tag-quiz-dla-dzieci","product_tag-zabawki-na-roczek"],"_links":{"self":[{"href":"http:\/\/klubmamgdynia.pl\/index.php\/wp-json\/wp\/v2\/product\/10911","targetHints":{"allow":["GET"]}}],"collection":[{"href":"http:\/\/klubmamgdynia.pl\/index.php\/wp-json\/wp\/v2\/product"}],"about":[{"href":"http:\/\/klubmamgdynia.pl\/index.php\/wp-json\/wp\/v2\/types\/product"}],"replies":[{"embeddable":true,"href":"http:\/\/klubmamgdynia.pl\/index.php\/wp-json\/wp\/v2\/comments?post=10911"}],"wp:featuredmedia":[{"embeddable":true,"href":"http:\/\/klubmamgdynia.pl\/index.php\/wp-json\/wp\/v2\/media\/10912"}],"wp:attachment":[{"href":"http:\/\/klubmamgdynia.pl\/index.php\/wp-json\/wp\/v2\/media?parent=10911"}],"wp:term":[{"taxonomy":"product_cat","embeddable":true,"href":"http:\/\/klubmamgdynia.pl\/index.php\/wp-json\/wp\/v2\/product_cat?post=10911"},{"taxonomy":"product_tag","embeddable":true,"href":"http:\/\/klubmamgdynia.pl\/index.php\/wp-json\/wp\/v2\/product_tag?post=10911"}],"curies":[{"name":"wp","href":"https:\/\/api.w.org\/{rel}","templated":true}]}}