{"id":1092,"date":"2013-11-22T15:53:28","date_gmt":"2013-11-22T14:53:28","guid":{"rendered":"http:\/\/klubmamgdynia.pl\/index.php\/produkt\/spin-master-psi-patrol-pojazd-rubble-20095494\/"},"modified":"2026-04-29T21:16:31","modified_gmt":"2026-04-29T19:16:31","slug":"spin-master-psi-patrol-pojazd-rubble-20095494","status":"publish","type":"product","link":"http:\/\/klubmamgdynia.pl\/index.php\/produkt\/spin-master-psi-patrol-pojazd-rubble-20095494\/","title":{"rendered":"spin master Psi Patrol Pojazd Rubble 20095494"},"content":{"rendered":"<p>Pojazdy Psiego Patrolu gotowe do akcji! Wybierz swoj\u0105 ulubion\u0105 posta\u0107 z serialu &#8222;Psi Patrol&#8221; i wyrusz na akcj\u0119 jednym ze specjalnych pojazd\u00f3w! \u015acigaj si\u0119 z Chaseem, mknij z Zum\u0105 lub wybierz si\u0119 na przeja\u017cd\u017ck\u0119 z Ryderem, b\u0105d\u017a innym bohaterem bajki. Pami\u0119taj, \u017ce \u017cadne zadanie nie jest zbyt wielkie, a psiak zbyt ma\u0142y. Wszystkie pojazdy maj\u0105 ruchome ko\u0142a! Czy pod os\u0142on\u0105 nocy, czy w \u015bwietle dnia, Psi Patrol zawsze s\u0142u\u017cy pomoc\u0105! Rozwijaj wyobra\u017ani\u0119 swojego dziecka z pojazdami Psiego Patrolu i wyruszcie na misje ratunkowe ju\u017c dzisiaj, tworz\u0105c niezwyk\u0142e przygody! Wszystkie pojazdy wykonano z plastiku, ponadto autka posiadaj\u0105 ruchome k\u00f3\u0142ka, dzi\u0119ki czemu umo\u017cliwiaj\u0105 zabaw\u0119 w wy\u015bcigi. Ka\u017cda posta\u0107 i samochodzik s\u0105 szczeg\u00f3\u0142owo wykonane i wygl\u0105daj\u0105 tak, jak w serialu. Figurki s\u0105 zintegrowane z autkami.Zbierz wszystkie pojazdy z figurkami i stw\u00f3rz zgran\u0105 ekip\u0119 Psiego Patrolu! Cena dotyczy 1 pojazdu.<\/p>\n<h2>spin master Psi Patrol Pojazd Rubble 20095494 Spin Master<\/h2>\n<p>basen warszawa, pies rysunek, zagadki dla dzieci 6-7 lat online, kolorowanki do druku dla doros\u0142ych, zagatki, quizy dla dzieci, prezent dla nastolatk\u00f3w 2020, atrakcje dla dzieci tr\u00f3jmiasto, spos\u00f3b na elfa test, test na znaki drogowe, daniel imie, pisanie literek do druku<\/p>\n<p>yyyyy<\/p>\n<p>&nbsp;<\/p>\n","protected":false},"excerpt":{"rendered":"<p>Pojazdy Psiego Patrolu gotowe do akcji! Wybierz swoj\u0105 ulubion\u0105 posta\u0107 z serialu &#8222;Psi Patrol&#8221; i wyrusz na akcj\u0119 jednym ze specjalnych pojazd\u00f3w! \u015acigaj si\u0119 z Chaseem, mknij z Zum\u0105 lub wybierz si\u0119 na przeja\u017cd\u017ck\u0119 z Ryderem, b\u0105d\u017a innym bohaterem bajki. Pami\u0119taj, \u017ce \u017cadne zadanie nie jest zbyt wielkie, a psiak zbyt ma\u0142y. Wszystkie pojazdy maj\u0105 [&hellip;]<\/p>\n","protected":false},"featured_media":1093,"comment_status":"closed","ping_status":"open","template":"","meta":[],"product_cat":[95,94],"product_tag":[691,621,850,736],"class_list":["post-1092","product","type-product","status-publish","has-post-thumbnail","hentry","product_cat-figurki-makiety-i-zestawy","product_cat-spin-master","product_tag-gabriel","product_tag-prezenty-roczek","product_tag-wroclaw-atrakcje-dla-dzieci","product_tag-zabawki-na-roczek"],"_links":{"self":[{"href":"http:\/\/klubmamgdynia.pl\/index.php\/wp-json\/wp\/v2\/product\/1092","targetHints":{"allow":["GET"]}}],"collection":[{"href":"http:\/\/klubmamgdynia.pl\/index.php\/wp-json\/wp\/v2\/product"}],"about":[{"href":"http:\/\/klubmamgdynia.pl\/index.php\/wp-json\/wp\/v2\/types\/product"}],"replies":[{"embeddable":true,"href":"http:\/\/klubmamgdynia.pl\/index.php\/wp-json\/wp\/v2\/comments?post=1092"}],"wp:featuredmedia":[{"embeddable":true,"href":"http:\/\/klubmamgdynia.pl\/index.php\/wp-json\/wp\/v2\/media\/1093"}],"wp:attachment":[{"href":"http:\/\/klubmamgdynia.pl\/index.php\/wp-json\/wp\/v2\/media?parent=1092"}],"wp:term":[{"taxonomy":"product_cat","embeddable":true,"href":"http:\/\/klubmamgdynia.pl\/index.php\/wp-json\/wp\/v2\/product_cat?post=1092"},{"taxonomy":"product_tag","embeddable":true,"href":"http:\/\/klubmamgdynia.pl\/index.php\/wp-json\/wp\/v2\/product_tag?post=1092"}],"curies":[{"name":"wp","href":"https:\/\/api.w.org\/{rel}","templated":true}]}}