{"id":10923,"date":"2012-10-03T20:03:39","date_gmt":"2012-10-03T18:03:39","guid":{"rendered":"http:\/\/klubmamgdynia.pl\/index.php\/produkt\/amos-farby-witrazowe-gd10p12r-105ml-x-12-kolorow\/"},"modified":"2026-04-23T07:47:18","modified_gmt":"2026-04-23T05:47:18","slug":"amos-farby-witrazowe-gd10p12r-105ml-x-12-kolorow","status":"publish","type":"product","link":"http:\/\/klubmamgdynia.pl\/index.php\/produkt\/amos-farby-witrazowe-gd10p12r-105ml-x-12-kolorow\/","title":{"rendered":"Amos Farby Witra\u017cowe Gd10P12R 10,5Ml X 12 Kolor\u00f3w"},"content":{"rendered":"<p>\u2013 wysokiej jako\u015bci farby witra\u017cowe przeznaczone do samodzielnego wykonania witra\u017cy oraz dekoracji szk\u0142a, porcelany, luster, p\u0142ytek ceramicznych i tworzyw sztucznych\u2013 wyraziste kolory \u2013 \u0142atwa aplikacja farb\u2013 odklejalne \u2013 gotowy, wyschni\u0119ty wz\u00f3r mo\u017cna przenosi\u0107 z folii na inne powierzchnie\u2013 mo\u017cliwe jest \u0142\u0105czenie farb witra\u017cowych z innymi technikami: klejem z brokatem, Ciasto-Plasto\u2013 zgodne z norm\u0105 CE i z wymaganiami ACM Institute INC. USA<\/p>\n<h2>Amos Farby Witra\u017cowe Gd10P12R 10,5Ml X 12 Kolor\u00f3w Amos<\/h2>\n<p>mama cytaty, maski karnawa\u0142owe do druku, uk\u0142ad s\u0142oneczny kolorowanka, zosia samosia wiersz, transformers kolorowanka, zagadki dla dzieci 5 lat, krak\u00f3w atrakcje dla dzieci, kolorowanki miasto, opowiadanie o jesieni dla dzieci, prezent dla nastolatk\u00f3w, ma\u0142y ksi\u0105\u017c\u0119 &#8211; test z odpowiedziami<\/p>\n<p>yyyyy<\/p>\n<p>&nbsp;<\/p>\n","protected":false},"excerpt":{"rendered":"<p>\u2013 wysokiej jako\u015bci farby witra\u017cowe przeznaczone do samodzielnego wykonania witra\u017cy oraz dekoracji szk\u0142a, porcelany, luster, p\u0142ytek ceramicznych i tworzyw sztucznych\u2013 wyraziste kolory \u2013 \u0142atwa aplikacja farb\u2013 odklejalne \u2013 gotowy, wyschni\u0119ty wz\u00f3r mo\u017cna przenosi\u0107 z folii na inne powierzchnie\u2013 mo\u017cliwe jest \u0142\u0105czenie farb witra\u017cowych z innymi technikami: klejem z brokatem, Ciasto-Plasto\u2013 zgodne z norm\u0105 CE i [&hellip;]<\/p>\n","protected":false},"featured_media":10924,"comment_status":"closed","ping_status":"open","template":"","meta":[],"product_cat":[1898,297],"product_tag":[662,836,716,657,634],"class_list":["post-10923","product","type-product","status-publish","has-post-thumbnail","hentry","product_cat-amos","product_cat-szkolne-artykuly-plastyczne","product_tag-bajki-na-dobranoc","product_tag-co-kupic-dziecku-na-roczek","product_tag-filmy-animowane-o-swietach","product_tag-lol-kolorowanka","product_tag-zagadki-wielkanocne-dla-dzieci"],"_links":{"self":[{"href":"http:\/\/klubmamgdynia.pl\/index.php\/wp-json\/wp\/v2\/product\/10923","targetHints":{"allow":["GET"]}}],"collection":[{"href":"http:\/\/klubmamgdynia.pl\/index.php\/wp-json\/wp\/v2\/product"}],"about":[{"href":"http:\/\/klubmamgdynia.pl\/index.php\/wp-json\/wp\/v2\/types\/product"}],"replies":[{"embeddable":true,"href":"http:\/\/klubmamgdynia.pl\/index.php\/wp-json\/wp\/v2\/comments?post=10923"}],"wp:featuredmedia":[{"embeddable":true,"href":"http:\/\/klubmamgdynia.pl\/index.php\/wp-json\/wp\/v2\/media\/10924"}],"wp:attachment":[{"href":"http:\/\/klubmamgdynia.pl\/index.php\/wp-json\/wp\/v2\/media?parent=10923"}],"wp:term":[{"taxonomy":"product_cat","embeddable":true,"href":"http:\/\/klubmamgdynia.pl\/index.php\/wp-json\/wp\/v2\/product_cat?post=10923"},{"taxonomy":"product_tag","embeddable":true,"href":"http:\/\/klubmamgdynia.pl\/index.php\/wp-json\/wp\/v2\/product_tag?post=10923"}],"curies":[{"name":"wp","href":"https:\/\/api.w.org\/{rel}","templated":true}]}}