{"id":10933,"date":"2017-11-14T17:57:56","date_gmt":"2017-11-14T16:57:56","guid":{"rendered":"http:\/\/klubmamgdynia.pl\/index.php\/produkt\/amos-bagaznik-dachowy-do-ssangyong-korando-sport-12\/"},"modified":"2026-04-06T07:43:23","modified_gmt":"2026-04-06T05:43:23","slug":"amos-bagaznik-dachowy-do-ssangyong-korando-sport-12","status":"publish","type":"product","link":"http:\/\/klubmamgdynia.pl\/index.php\/produkt\/amos-bagaznik-dachowy-do-ssangyong-korando-sport-12\/","title":{"rendered":"AMOS BAGA\u017bNIK DACHOWY DO SSANGYONG KORANDO SPORT 12-.."},"content":{"rendered":"<p>Amos Dromader to solidny baga\u017cnik dedykowany do samochod\u00f3w bez reling\u00f3w czy fabrycznych punkt\u00f3w monta\u017cowych. Uchwyty monta\u017cowe baga\u017cnika wykonane zosta\u0142y z grubej, g\u0142adko wyprofilowanej blachy i wyposa\u017cone w gumowe elementy zabezpieczaj\u0105ce lakier samochodu. Zapewniaj\u0105 \u0142atwy i pewny monta\u017c do dachu pojazdu umo\u017cliwiaj\u0105c bezpieczny transport \u0142adunk\u00f3w o masie do 70 kg. Baga\u017cnik mo\u017cna zabezpieczy\u0107 przed kradzie\u017c\u0105 dzi\u0119ki zamkom w uchwytach. Belka baga\u017cnika wykonana zosta\u0142a z wielokomorowego profilu aluminiowego i posiada rynienk\u0119 umo\u017cliwiaj\u0105c\u0105 monta\u017c akcesori\u00f3w np. baga\u017cnik\u00f3w rowerowych czy boks\u00f3w za po\u015brednictwem uchwytu &#8222;T&#8221;. Ponadto baga\u017cnik mo\u017cna zabezpieczy\u0107 przed kradzie\u017c\u0105 wbudowanym zamkiem.Wybieraj\u0105c baga\u017cniki Amos masz pewno\u015b\u0107, \u017ce za kilka lat bez problemu dokupisz cz\u0119\u015bci zamienne do baga\u017cnika &#8211; firma Amos to ju\u017c 30 lat do\u015bwiadczenia. Gdy zmienisz samoch\u00f3d nie musisz kupowa\u0107 ca\u0142ego baga\u017cnika! Wystarczy, \u017ce wymienisz uchwyty monta\u017cowe i dalej mo\u017cesz u\u017cytkowa\u0107 te same belki na relingi w nowym samochodzie.Parametry techniczne:- d\u0142ugo\u015b\u0107 belek 140 cm- szeroko\u015b\u0107 profilu 53 mm- \u0142adowno\u015b\u0107 70 kg- zabezpieczenie zamkiem- materia\u0142y: aluminium, tworzywo sztucznePasuje do (u\u0142atw sobie wyszukiwanie u\u017cyj klawiszy Ctrl+f i wpisz w okienko mark\u0119 swojego samochodu):AUDI e-tron Sportback SUV 20-BMW 2 -seria Active Tourer; MPV 14-21FIAT Freemont SUV 12-16HONDA Oddysey MPV 09-13HONDA Vezel SUV 15-HYUNDAI Avante Sedan 11-15HYUNDAI Azera Sedan 11-15HYUNDAI Elantra mk VI; Sedan 16-HYUNDAI Grandeur Sedan 11-17HYUNDAI Kona SUV 17-HYUNDAI Sonata Sedan 15-19KIA Cerato mk III Sedan 13-18KIA Cerato mk III Hatchback 13-18KIA Cerato mk IV Sedan 19-KIA Cerato mk IV Hatchback 19-KIA Forte Sedan 19-KIA K3 Sedan 19-KIA Sportage mk IV; SUV 16-22LEXUS NX 300h SUV 15-21LEXUS RX mk III SUV 09-15MAZDA CX-5 SUV 17-NISSAN Leaf Hatchback 10-17NISSAN Leaf Hatchback 18-SEAT Ateca SUV 16-SSANGYONG Korando SUV; Sport 12-19SUBARU Impreza mk IV Sedan 12-16SUBARU Impreza mk V Sedan 17-SUBARU Legacy (BM) mk V Sedan 09-14SUBARU Legacy (BN) mk VI Sedan 14-19SUBARU Legacy (BW) mk VII Sedan 20-SUBARU WRX Sedan 14-17TOYOTA Avensis Verso MPV 01-06TOYOTA bB MPV 06-16TOYOTA Camry mk VI Sedan 01-06TOYOTA Hilux Pick up 16-TOYOTA Picnic MPV 01-06TOYOTA RAV 4 mk IV SUV 13-15TOYOTA RAV 4 mk V SUV 16-18VOLKSWAGEN T-cross SUV 19-VOLKSWAGEN Tiguan SUV 07-16VOLVO 850 Sedan 92-96VOLVO 850 Kombi 93-99VOLVO S80 Sedan 01-063346 + 6114 + 7808<\/p>\n<h2>AMOS BAGA\u017bNIK DACHOWY DO SSANGYONG KORANDO SPORT 12-.. Amos<\/h2>\n<p>jak namalowa\u0107 kota, zabawy tematyczne przyk\u0142ady, cytaty dla mamy od c\u00f3rki, kolorowanka spiderman, najrzadsze imiona, zaj\u0105czek z jajka ugotowanego, test narnia lew czarownica i stara szafa, litera r do druku, prezent na roczek, testy z zemsty, prezent dla jedenastolatka, prezent dla nastolatek, kolorowanka harry potter<\/p>\n<p>yyyyy<\/p>\n<p>&nbsp;<\/p>\n","protected":false},"excerpt":{"rendered":"<p>Amos Dromader to solidny baga\u017cnik dedykowany do samochod\u00f3w bez reling\u00f3w czy fabrycznych punkt\u00f3w monta\u017cowych. Uchwyty monta\u017cowe baga\u017cnika wykonane zosta\u0142y z grubej, g\u0142adko wyprofilowanej blachy i wyposa\u017cone w gumowe elementy zabezpieczaj\u0105ce lakier samochodu. Zapewniaj\u0105 \u0142atwy i pewny monta\u017c do dachu pojazdu umo\u017cliwiaj\u0105c bezpieczny transport \u0142adunk\u00f3w o masie do 70 kg. Baga\u017cnik mo\u017cna zabezpieczy\u0107 przed kradzie\u017c\u0105 dzi\u0119ki [&hellip;]<\/p>\n","protected":false},"featured_media":10934,"comment_status":"closed","ping_status":"open","template":"","meta":[],"product_cat":[1898,1925],"product_tag":[802,750,620,632,693],"class_list":["post-10933","product","type-product","status-publish","has-post-thumbnail","hentry","product_cat-amos","product_cat-bagazniki-bazowe","product_tag-co-kupic-dziewczynce-na-roczek","product_tag-imie-kostek","product_tag-quiz-opowiesci-z-narnii","product_tag-warszawa-atrakcje-dla-mlodziezy","product_tag-zagadki-dla-doroslych"],"_links":{"self":[{"href":"http:\/\/klubmamgdynia.pl\/index.php\/wp-json\/wp\/v2\/product\/10933","targetHints":{"allow":["GET"]}}],"collection":[{"href":"http:\/\/klubmamgdynia.pl\/index.php\/wp-json\/wp\/v2\/product"}],"about":[{"href":"http:\/\/klubmamgdynia.pl\/index.php\/wp-json\/wp\/v2\/types\/product"}],"replies":[{"embeddable":true,"href":"http:\/\/klubmamgdynia.pl\/index.php\/wp-json\/wp\/v2\/comments?post=10933"}],"wp:featuredmedia":[{"embeddable":true,"href":"http:\/\/klubmamgdynia.pl\/index.php\/wp-json\/wp\/v2\/media\/10934"}],"wp:attachment":[{"href":"http:\/\/klubmamgdynia.pl\/index.php\/wp-json\/wp\/v2\/media?parent=10933"}],"wp:term":[{"taxonomy":"product_cat","embeddable":true,"href":"http:\/\/klubmamgdynia.pl\/index.php\/wp-json\/wp\/v2\/product_cat?post=10933"},{"taxonomy":"product_tag","embeddable":true,"href":"http:\/\/klubmamgdynia.pl\/index.php\/wp-json\/wp\/v2\/product_tag?post=10933"}],"curies":[{"name":"wp","href":"https:\/\/api.w.org\/{rel}","templated":true}]}}