{"id":10937,"date":"2018-06-03T13:29:55","date_gmt":"2018-06-03T11:29:55","guid":{"rendered":"http:\/\/klubmamgdynia.pl\/index.php\/produkt\/ses-creative-koraliki-do-prasowanek-3000szt-kolory-podstawowe\/"},"modified":"2026-05-17T22:38:34","modified_gmt":"2026-05-17T20:38:34","slug":"ses-creative-koraliki-do-prasowanek-3000szt-kolory-podstawowe","status":"publish","type":"product","link":"http:\/\/klubmamgdynia.pl\/index.php\/produkt\/ses-creative-koraliki-do-prasowanek-3000szt-kolory-podstawowe\/","title":{"rendered":"SES Creative Koraliki do prasowanek 3000szt kolory podstawowe"},"content":{"rendered":"<p>B\u0105d\u017a kreatywny z SES Creative, i spr\u00f3buj nowych mo\u017cliwo\u015bci! Zestaw wysokiej jako\u015bci koralik\u00f3w zapewnia du\u017c\u0105 aktywno\u015b\u0107 dla dzieci, kt\u00f3ra pomaga rozwija\u0107 zdolno\u015bci manualne, uczy koordynacji i umiej\u0119tno\u015bci motorycznych. Po umieszczeniu koralik\u00f3w na specjalnym szablonie (brak w zestawie), nale\u017cy przeprasowa\u0107 koraliki przez pergamin aby z\u0142\u0105czy\u0142y si\u0119 ze sob\u0105 na sta\u0142e, tworz\u0105c trwa\u0142y obrazek \u2013 koralikow\u0105 mozaik\u0119. SES jest specjalist\u0105 w produkcji zabawek kreatywnych od ponad 40 lat. Rozw\u00f3j dziecka jest centralnym poj\u0119ciem w rozwoju produkt\u00f3w SES. Rozw\u00f3j, kreatywno\u015b\u0107, bezpiecze\u0144stwo i jako\u015b\u0107 s\u0105 najwa\u017cniejszym aspektem wszystkich produkt\u00f3w! Produkty SES s\u0105 niezb\u0119dne do r\u00f3\u017cnych etap\u00f3w rozwoju ka\u017cdego dziecka. Wyprodukowano w Holandii.Dla dzieci w wieku od 5 latKod paskowy: 8710341007713Rok wydania: 2017Kod wydawcy: 44953Oprawa: PlastikowaPKWiU: 58.11.1Format: 11.0&#215;20.0cmG\u0142\u0119boko\u015b\u0107 (mm): 30Waga: 0.185Dzia\u0142\/Kategorie: Zabawki \/ Zabawki kreatywne \/ MozaikiJ\u0119zyki: polski, angielski, niemieckiWiek: 5-7 latP\u0142e\u0107: ch\u0142opiec, dziewczynkaGrupa towarowa: Zabawki<\/p>\n<h2>SES Creative Koraliki do prasowanek 3000szt kolory podstawowe Ses Creative<\/h2>\n<p>cytaty ma\u0142y ksi\u0105\u017ce, zagadki dla dzieci o zwierz\u0119tach, zaproszenie do druku, prezent na roczek dla dziewczynki, atrakcje dla nastolatk\u00f3w warszawa, prezent dla 14 letniej dziewczyny, iwo imie, sa\u0142atki dla dzieci, kolorowanki na andrzejki do wydruku, kolorowanki \u015bwinka peppa, kolorowanki do druku kotki, kondrad imie, znaczenie imiona alan, wiersz o wakacjach, atrakcje dla dzieci we wroc\u0142awiu, cytat o dziecku, test z opowie\u015bci z narnii lew czarownica i stara szafa, dzie\u0144 nauczyciela cytaty<\/p>\n<p>yyyyy<\/p>\n<p>&nbsp;<\/p>\n","protected":false},"excerpt":{"rendered":"<p>B\u0105d\u017a kreatywny z SES Creative, i spr\u00f3buj nowych mo\u017cliwo\u015bci! Zestaw wysokiej jako\u015bci koralik\u00f3w zapewnia du\u017c\u0105 aktywno\u015b\u0107 dla dzieci, kt\u00f3ra pomaga rozwija\u0107 zdolno\u015bci manualne, uczy koordynacji i umiej\u0119tno\u015bci motorycznych. Po umieszczeniu koralik\u00f3w na specjalnym szablonie (brak w zestawie), nale\u017cy przeprasowa\u0107 koraliki przez pergamin aby z\u0142\u0105czy\u0142y si\u0119 ze sob\u0105 na sta\u0142e, tworz\u0105c trwa\u0142y obrazek \u2013 koralikow\u0105 mozaik\u0119. [&hellip;]<\/p>\n","protected":false},"featured_media":10938,"comment_status":"closed","ping_status":"open","template":"","meta":[],"product_cat":[1072,21],"product_tag":[603,728,653],"class_list":["post-10937","product","type-product","status-publish","has-post-thumbnail","hentry","product_cat-ses-creative","product_cat-zabawki-plastyczne","product_tag-bajki-do-czytania","product_tag-bezwarunkowa-milosc-do-dziecka-cytaty","product_tag-warszawa-dla-dzieci"],"_links":{"self":[{"href":"http:\/\/klubmamgdynia.pl\/index.php\/wp-json\/wp\/v2\/product\/10937","targetHints":{"allow":["GET"]}}],"collection":[{"href":"http:\/\/klubmamgdynia.pl\/index.php\/wp-json\/wp\/v2\/product"}],"about":[{"href":"http:\/\/klubmamgdynia.pl\/index.php\/wp-json\/wp\/v2\/types\/product"}],"replies":[{"embeddable":true,"href":"http:\/\/klubmamgdynia.pl\/index.php\/wp-json\/wp\/v2\/comments?post=10937"}],"wp:featuredmedia":[{"embeddable":true,"href":"http:\/\/klubmamgdynia.pl\/index.php\/wp-json\/wp\/v2\/media\/10938"}],"wp:attachment":[{"href":"http:\/\/klubmamgdynia.pl\/index.php\/wp-json\/wp\/v2\/media?parent=10937"}],"wp:term":[{"taxonomy":"product_cat","embeddable":true,"href":"http:\/\/klubmamgdynia.pl\/index.php\/wp-json\/wp\/v2\/product_cat?post=10937"},{"taxonomy":"product_tag","embeddable":true,"href":"http:\/\/klubmamgdynia.pl\/index.php\/wp-json\/wp\/v2\/product_tag?post=10937"}],"curies":[{"name":"wp","href":"https:\/\/api.w.org\/{rel}","templated":true}]}}