{"id":10943,"date":"2021-11-15T05:03:43","date_gmt":"2021-11-15T04:03:43","guid":{"rendered":"http:\/\/klubmamgdynia.pl\/index.php\/produkt\/euroswan-lampka-nocna-stojaca-ben-10\/"},"modified":"2026-05-17T23:30:30","modified_gmt":"2026-05-17T21:30:30","slug":"euroswan-lampka-nocna-stojaca-ben-10","status":"publish","type":"product","link":"http:\/\/klubmamgdynia.pl\/index.php\/produkt\/euroswan-lampka-nocna-stojaca-ben-10\/","title":{"rendered":"Euroswan Lampka Nocna Stoj\u0105ca Ben 10"},"content":{"rendered":"<p>Lampka biurkowa z motywem Ben10 to \u015bwietny pomys\u0142 na wyposa\u017cenie pokoju dziecka w dodatkowe o\u015bwietlenie.Rozmiar: 18&#215;9 cmMateria\u0142: PlastikBaterie: 3xAA(nie zawiera).Wymiary opakowania:19,5x10x10cm.Wiek:4+&#8230;<\/p>\n<h2>Euroswan Lampka Nocna Stoj\u0105ca Ben 10 Euroswan<\/h2>\n<p>prezent na urodziny dla nastolatk\u00f3w, oryginalny prezent dla nastolatk\u00f3w, prezent dla siedemnastolatka, kolorowanki na dzie\u0144 niepodleg\u0142o\u015bci do wydruku, prezent na roczek dla chlopca, najlepsze pranki na prima aprilis, quiz flagi, cytaty o wychowaniu dzieci<\/p>\n<p>yyyyy<\/p>\n<p>&nbsp;<\/p>\n","protected":false},"excerpt":{"rendered":"<p>Lampka biurkowa z motywem Ben10 to \u015bwietny pomys\u0142 na wyposa\u017cenie pokoju dziecka w dodatkowe o\u015bwietlenie.Rozmiar: 18&#215;9 cmMateria\u0142: PlastikBaterie: 3xAA(nie zawiera).Wymiary opakowania:19,5x10x10cm.Wiek:4+&#8230; Euroswan Lampka Nocna Stoj\u0105ca Ben 10 Euroswan prezent na urodziny dla nastolatk\u00f3w, oryginalny prezent dla nastolatk\u00f3w, prezent dla siedemnastolatka, kolorowanki na dzie\u0144 niepodleg\u0142o\u015bci do wydruku, prezent na roczek dla chlopca, najlepsze pranki na prima [&hellip;]<\/p>\n","protected":false},"featured_media":10944,"comment_status":"closed","ping_status":"open","template":"","meta":[],"product_cat":[1931,138],"product_tag":[781,612,866,726,778],"class_list":["post-10943","product","type-product","status-publish","has-post-thumbnail","hentry","product_cat-euroswan","product_cat-lampki-dzieciece","product_tag-cytaty-o-wychowaniu-dzieci","product_tag-kolorowanki-do-druku","product_tag-opis-do-zdjecia-dziecka-na-fb","product_tag-quiz-zemsta","product_tag-zabawki-na-roczek-dla-chlopca"],"_links":{"self":[{"href":"http:\/\/klubmamgdynia.pl\/index.php\/wp-json\/wp\/v2\/product\/10943","targetHints":{"allow":["GET"]}}],"collection":[{"href":"http:\/\/klubmamgdynia.pl\/index.php\/wp-json\/wp\/v2\/product"}],"about":[{"href":"http:\/\/klubmamgdynia.pl\/index.php\/wp-json\/wp\/v2\/types\/product"}],"replies":[{"embeddable":true,"href":"http:\/\/klubmamgdynia.pl\/index.php\/wp-json\/wp\/v2\/comments?post=10943"}],"wp:featuredmedia":[{"embeddable":true,"href":"http:\/\/klubmamgdynia.pl\/index.php\/wp-json\/wp\/v2\/media\/10944"}],"wp:attachment":[{"href":"http:\/\/klubmamgdynia.pl\/index.php\/wp-json\/wp\/v2\/media?parent=10943"}],"wp:term":[{"taxonomy":"product_cat","embeddable":true,"href":"http:\/\/klubmamgdynia.pl\/index.php\/wp-json\/wp\/v2\/product_cat?post=10943"},{"taxonomy":"product_tag","embeddable":true,"href":"http:\/\/klubmamgdynia.pl\/index.php\/wp-json\/wp\/v2\/product_tag?post=10943"}],"curies":[{"name":"wp","href":"https:\/\/api.w.org\/{rel}","templated":true}]}}