{"id":10951,"date":"2019-10-09T11:22:30","date_gmt":"2019-10-09T09:22:30","guid":{"rendered":"http:\/\/klubmamgdynia.pl\/index.php\/produkt\/belki-aluminiowe-dynamic-13-do-bagaznikow-amos\/"},"modified":"2026-04-06T14:59:04","modified_gmt":"2026-04-06T12:59:04","slug":"belki-aluminiowe-dynamic-13-do-bagaznikow-amos","status":"publish","type":"product","link":"http:\/\/klubmamgdynia.pl\/index.php\/produkt\/belki-aluminiowe-dynamic-13-do-bagaznikow-amos\/","title":{"rendered":"Belki Aluminiowe Dynamic 1,3 do baga\u017cnik\u00f3w Amos"},"content":{"rendered":"<p>Belki aluminiowe Amos Dynamic 1,3 6213<\/p>\n<h2>Belki Aluminiowe Dynamic 1,3 do baga\u017cnik\u00f3w Amos Amos<\/h2>\n<p>dinozaury kolorowanki, maski do wydruku, kolorowanka spiderman, traktor z przyczep\u0105 kolorowanka, quizy za darmo, prezenty roczek, najpi\u0119kniejsze cytaty o przyja\u017ani, natan imi\u0119, zagadki o zwierz\u0119tach wiejskich, dla nastolatk\u00f3w prezenty, prezenty na roczek dla ch\u0142opca, lego ninjago kolorowanka<\/p>\n<p>yyyyy<\/p>\n<p>&nbsp;<\/p>\n","protected":false},"excerpt":{"rendered":"<p>Belki aluminiowe Amos Dynamic 1,3 6213 Belki Aluminiowe Dynamic 1,3 do baga\u017cnik\u00f3w Amos Amos dinozaury kolorowanki, maski do wydruku, kolorowanka spiderman, traktor z przyczep\u0105 kolorowanka, quizy za darmo, prezenty roczek, najpi\u0119kniejsze cytaty o przyja\u017ani, natan imi\u0119, zagadki o zwierz\u0119tach wiejskich, dla nastolatk\u00f3w prezenty, prezenty na roczek dla ch\u0142opca, lego ninjago kolorowanka yyyyy &nbsp;<\/p>\n","protected":false},"featured_media":10952,"comment_status":"closed","ping_status":"open","template":"","meta":[],"product_cat":[1898,1925],"product_tag":[691,852,785,743],"class_list":["post-10951","product","type-product","status-publish","has-post-thumbnail","hentry","product_cat-amos","product_cat-bagazniki-bazowe","product_tag-gabriel","product_tag-jak-zrobic-samolot-z-papieru","product_tag-prezent-dla-nastolatkow","product_tag-quiz-dla-dzieci"],"_links":{"self":[{"href":"http:\/\/klubmamgdynia.pl\/index.php\/wp-json\/wp\/v2\/product\/10951","targetHints":{"allow":["GET"]}}],"collection":[{"href":"http:\/\/klubmamgdynia.pl\/index.php\/wp-json\/wp\/v2\/product"}],"about":[{"href":"http:\/\/klubmamgdynia.pl\/index.php\/wp-json\/wp\/v2\/types\/product"}],"replies":[{"embeddable":true,"href":"http:\/\/klubmamgdynia.pl\/index.php\/wp-json\/wp\/v2\/comments?post=10951"}],"wp:featuredmedia":[{"embeddable":true,"href":"http:\/\/klubmamgdynia.pl\/index.php\/wp-json\/wp\/v2\/media\/10952"}],"wp:attachment":[{"href":"http:\/\/klubmamgdynia.pl\/index.php\/wp-json\/wp\/v2\/media?parent=10951"}],"wp:term":[{"taxonomy":"product_cat","embeddable":true,"href":"http:\/\/klubmamgdynia.pl\/index.php\/wp-json\/wp\/v2\/product_cat?post=10951"},{"taxonomy":"product_tag","embeddable":true,"href":"http:\/\/klubmamgdynia.pl\/index.php\/wp-json\/wp\/v2\/product_tag?post=10951"}],"curies":[{"name":"wp","href":"https:\/\/api.w.org\/{rel}","templated":true}]}}