{"id":10961,"date":"2014-05-18T14:48:33","date_gmt":"2014-05-18T12:48:33","guid":{"rendered":"http:\/\/klubmamgdynia.pl\/index.php\/produkt\/epoch-sylvanian-families-przejazdzka-rowerowa-z-mama\/"},"modified":"2026-04-06T17:47:14","modified_gmt":"2026-04-06T15:47:14","slug":"epoch-sylvanian-families-przejazdzka-rowerowa-z-mama","status":"publish","type":"product","link":"http:\/\/klubmamgdynia.pl\/index.php\/produkt\/epoch-sylvanian-families-przejazdzka-rowerowa-z-mama\/","title":{"rendered":"Epoch Sylvanian Families przeja\u017cd\u017cka rowerowa z mam\u0105"},"content":{"rendered":"<p>Zbuduj sw\u00f3j w\u0142asny \u015bwiat Sylvanian! Po\u0142\u0105cz zestawy z szerokiej gamy produkt\u00f3w \u0142\u0105cz\u0105c domki, sklepy, mebelki i akcesoria. Mo\u017cesz \u0142\u0105czy\u0107 zestawy z innych zestaw\u00f3w i tworzy\u0107 sw\u00f3j w\u0142asny \u015bwiat.Baw si\u0119, zbieraj, \u0142\u0105cz.Mniam! Nic na \u015bwiecie nie mo\u017ce si\u0119 r\u00f3wna\u0107 z zapachem \u015bwie\u017cego chleba. A ma\u0142o kt\u00f3ra poranna przeja\u017cd\u017cka jest tak orze\u017awiaj\u0105ca, jak jazda rowerem do sklepu po \u015bwie\u017ce pieczywo! Poza tradycyjnym czerwonym rowerem z przednim koszem i tylnym koszem wiklinowym, zestaw zawiera te\u017c 2 \u015bliczne bagietki, fotelik dzieci\u0119cy, kt\u00f3ry mo\u017cna zamontowa\u0107 w przednim koszu, oraz torb\u0119 do przyniesienia zdobyczy do domu!W zestawie znajduj\u0105 si\u0119 r\u00f3wnie\u017c pieski &#8211; mama i dziecko.Wymiary opakowania: 200 x 55 x 150mmWiek: 3+<\/p>\n<h2>Epoch Sylvanian Families przeja\u017cd\u017cka rowerowa z mam\u0105 Epoch<\/h2>\n<p>krzy\u017c\u00f3wki dla dzieci, kolorowanki kotki, kolorowe listki tekst, wz\u00f3r drzewo genealogiczne szablon do wydruku, kolorowanka europa, bajki dla dzieci do czytania na dobranoc, sentencje o dzieciach, opisy do zdj\u0119\u0107 dziecka, prezenty na roczek dla ch\u0142opca, bajki dla niemowl\u0105t do czytania, kolorowanki samochody, cytat o dzieciach, karnawa\u0142 maska karnawa\u0142owa szablon, kolorowanka kotek do druku, quiz narnia lew czarownica i stara szafa, aaa kotki dwa tekst, zagadki na my\u015blenie<\/p>\n<p>yyyyy<\/p>\n<p>&nbsp;<\/p>\n","protected":false},"excerpt":{"rendered":"<p>Zbuduj sw\u00f3j w\u0142asny \u015bwiat Sylvanian! Po\u0142\u0105cz zestawy z szerokiej gamy produkt\u00f3w \u0142\u0105cz\u0105c domki, sklepy, mebelki i akcesoria. Mo\u017cesz \u0142\u0105czy\u0107 zestawy z innych zestaw\u00f3w i tworzy\u0107 sw\u00f3j w\u0142asny \u015bwiat.Baw si\u0119, zbieraj, \u0142\u0105cz.Mniam! Nic na \u015bwiecie nie mo\u017ce si\u0119 r\u00f3wna\u0107 z zapachem \u015bwie\u017cego chleba. A ma\u0142o kt\u00f3ra poranna przeja\u017cd\u017cka jest tak orze\u017awiaj\u0105ca, jak jazda rowerem do sklepu [&hellip;]<\/p>\n","protected":false},"featured_media":10962,"comment_status":"closed","ping_status":"open","template":"","meta":[],"product_cat":[263,95],"product_tag":[664,834,871,673,823,715],"class_list":["post-10961","product","type-product","status-publish","has-post-thumbnail","hentry","product_cat-epoch","product_cat-figurki-makiety-i-zestawy","product_tag-atrakcje-dla-dzieci-trojmiasto","product_tag-bajka-do-czytania-na-dobranoc","product_tag-bajka-o-smoku-wawelskim","product_tag-juz-blisko-koleda-tekst","product_tag-zagadki-dla-dzieci-7-lat","product_tag-zosia-samosia"],"_links":{"self":[{"href":"http:\/\/klubmamgdynia.pl\/index.php\/wp-json\/wp\/v2\/product\/10961","targetHints":{"allow":["GET"]}}],"collection":[{"href":"http:\/\/klubmamgdynia.pl\/index.php\/wp-json\/wp\/v2\/product"}],"about":[{"href":"http:\/\/klubmamgdynia.pl\/index.php\/wp-json\/wp\/v2\/types\/product"}],"replies":[{"embeddable":true,"href":"http:\/\/klubmamgdynia.pl\/index.php\/wp-json\/wp\/v2\/comments?post=10961"}],"wp:featuredmedia":[{"embeddable":true,"href":"http:\/\/klubmamgdynia.pl\/index.php\/wp-json\/wp\/v2\/media\/10962"}],"wp:attachment":[{"href":"http:\/\/klubmamgdynia.pl\/index.php\/wp-json\/wp\/v2\/media?parent=10961"}],"wp:term":[{"taxonomy":"product_cat","embeddable":true,"href":"http:\/\/klubmamgdynia.pl\/index.php\/wp-json\/wp\/v2\/product_cat?post=10961"},{"taxonomy":"product_tag","embeddable":true,"href":"http:\/\/klubmamgdynia.pl\/index.php\/wp-json\/wp\/v2\/product_tag?post=10961"}],"curies":[{"name":"wp","href":"https:\/\/api.w.org\/{rel}","templated":true}]}}