{"id":10963,"date":"2021-07-02T02:30:22","date_gmt":"2021-07-02T00:30:22","guid":{"rendered":"http:\/\/klubmamgdynia.pl\/index.php\/produkt\/amos-belki-dachowe-stal-do-citroen-evasion-94-01\/"},"modified":"2026-05-01T15:59:34","modified_gmt":"2026-05-01T13:59:34","slug":"amos-belki-dachowe-stal-do-citroen-evasion-94-01","status":"publish","type":"product","link":"http:\/\/klubmamgdynia.pl\/index.php\/produkt\/amos-belki-dachowe-stal-do-citroen-evasion-94-01\/","title":{"rendered":"Amos Belki Dachowe Stal Do Citroen Evasion 94 01"},"content":{"rendered":"<p>Kompletny stalowy baga\u017cnik dachowy firmy AMOS na T-ProfilSolidny i uniwersalny baga\u017cnik pasuj\u0105cy do wielu samochod\u00f3w z dachem bezrynienkowym. Stalowy profil szczelinowy ocynkowany w koszulce z tworzywa sztucznego oraz stopy wyposa\u017cone w gumowe elementy chroni\u0105ce przed zadrapaniem dachu samochodu zapewni\u0105 bezpiecze\u0144stwo i komfort przy przewozie box\u00f3w dachowych, uchwyt\u00f3w rowerowych i narciarskich oraz innych akcesori\u00f3w.Pasuje do: Citroen Evasion 94-01 z listw\u0105 z rowkiem T na dachuParametry techniczneTyp dachu: T-ProfilD\u0142ugo\u015b\u0107 belki (mm): 1400Szeroko\u015b\u0107 belki (mm): 32Wysoko\u015b\u0107 belki (mm): 20\u0141adowno\u015b\u0107* (kg): 75Materia\u0142: StalKolor: CzarnyKszta\u0142t belki: Prostok\u0105tnyZabezpieczenie zamkiem &#8211; belka: NieZabezpieczenie zamkiem &#8211; stopa: Nie &#8211; mo\u017cliwo\u015b\u0107 dokupienia w zestawieCertyfikat: PimotMonta\u017c: z u\u017cyciem narz\u0119dziZestaw zawiera: 2 belki stalowe + 4 stopy + instrukcj\u0119 monta\u017cuNazwa zestawu: AMOS Dromader D-T O 1.4Kod producenta: 6014o + 3348*uwaga na dopuszczalne obci\u0105\u017cenie dachu pojazduAMOSFirma AMOS istnieje na rynku od 1957 roku, a produkcj\u0105 baga\u017cnik\u00f3w oraz boks\u00f3w samochodowych zajmuje si\u0119 ju\u017c od 30 lat! W szerokiej ofercie firmy znajdziemy m.in. baga\u017cniki samochodowe na dach, baga\u017cniki rowerowe na hak, baga\u017cniki rowerowe na klap\u0119, boxy dachowe, belki na relingi, uchwyty na rowery do samochodu i wiele innych! Produkty posiadaj\u0105 wszelkie niezb\u0119dne atesty bezpiecze\u0144stwa i cechuje je solidna jako\u015b\u0107 i atrakcyjna cena.Mo\u017cliwo\u015b\u0107 rozszerzenia zestawu o os\u0142onki z zamkamiOs\u0142onki dost\u0119pne w sekcji &#8222;Kup w zestawie&#8221; nad opisem oferty.<\/p>\n<h2>Amos Belki Dachowe Stal Do Citroen Evasion 94 01 Amos<\/h2>\n<p>farma dyni poznan, \u017carty na prima aprilis dla ch\u0142opaka, rysowanie po \u015bladzie, quizy hobbit, quiz kajko i kokosz szko\u0142a latania, peppa kolorowanka, zadania dla 7 latka do druku<\/p>\n<p>yyyyy<\/p>\n<p>&nbsp;<\/p>\n","protected":false},"excerpt":{"rendered":"<p>Kompletny stalowy baga\u017cnik dachowy firmy AMOS na T-ProfilSolidny i uniwersalny baga\u017cnik pasuj\u0105cy do wielu samochod\u00f3w z dachem bezrynienkowym. Stalowy profil szczelinowy ocynkowany w koszulce z tworzywa sztucznego oraz stopy wyposa\u017cone w gumowe elementy chroni\u0105ce przed zadrapaniem dachu samochodu zapewni\u0105 bezpiecze\u0144stwo i komfort przy przewozie box\u00f3w dachowych, uchwyt\u00f3w rowerowych i narciarskich oraz innych akcesori\u00f3w.Pasuje do: Citroen [&hellip;]<\/p>\n","protected":false},"featured_media":10964,"comment_status":"closed","ping_status":"open","template":"","meta":[],"product_cat":[1898,1925],"product_tag":[716,789,639,774,623],"class_list":["post-10963","product","type-product","status-publish","has-post-thumbnail","hentry","product_cat-amos","product_cat-bagazniki-bazowe","product_tag-filmy-animowane-o-swietach","product_tag-kaczuszka","product_tag-nela-imie","product_tag-prezent-na-roczek-nie-zabawka","product_tag-zagadki-logiczne-smieszne"],"_links":{"self":[{"href":"http:\/\/klubmamgdynia.pl\/index.php\/wp-json\/wp\/v2\/product\/10963","targetHints":{"allow":["GET"]}}],"collection":[{"href":"http:\/\/klubmamgdynia.pl\/index.php\/wp-json\/wp\/v2\/product"}],"about":[{"href":"http:\/\/klubmamgdynia.pl\/index.php\/wp-json\/wp\/v2\/types\/product"}],"replies":[{"embeddable":true,"href":"http:\/\/klubmamgdynia.pl\/index.php\/wp-json\/wp\/v2\/comments?post=10963"}],"wp:featuredmedia":[{"embeddable":true,"href":"http:\/\/klubmamgdynia.pl\/index.php\/wp-json\/wp\/v2\/media\/10964"}],"wp:attachment":[{"href":"http:\/\/klubmamgdynia.pl\/index.php\/wp-json\/wp\/v2\/media?parent=10963"}],"wp:term":[{"taxonomy":"product_cat","embeddable":true,"href":"http:\/\/klubmamgdynia.pl\/index.php\/wp-json\/wp\/v2\/product_cat?post=10963"},{"taxonomy":"product_tag","embeddable":true,"href":"http:\/\/klubmamgdynia.pl\/index.php\/wp-json\/wp\/v2\/product_tag?post=10963"}],"curies":[{"name":"wp","href":"https:\/\/api.w.org\/{rel}","templated":true}]}}