{"id":10989,"date":"2016-06-12T23:22:32","date_gmt":"2016-06-12T21:22:32","guid":{"rendered":"http:\/\/klubmamgdynia.pl\/index.php\/produkt\/amos-bis-tytan-plus-3-13-pin-platforma-rowerowa-na-3-rowery-3-13-pin\/"},"modified":"2026-04-27T00:28:17","modified_gmt":"2026-04-26T22:28:17","slug":"amos-bis-tytan-plus-3-13-pin-platforma-rowerowa-na-3-rowery-3-13-pin","status":"publish","type":"product","link":"http:\/\/klubmamgdynia.pl\/index.php\/produkt\/amos-bis-tytan-plus-3-13-pin-platforma-rowerowa-na-3-rowery-3-13-pin\/","title":{"rendered":"Amos-Bis Tytan Plus 3 13 Pin Platforma Rowerowa Na 3 Rowery &#8211; 3  13 Pin"},"content":{"rendered":"<p>Amos TYTAN PLUS 3 + tablica and#347;wietlna 13-PIN Platforma rowerowa na 3 rowery 13-PIN Platofrma Amos Tytan Plus 3 wyr\u00f3and#380;nia siand#281; wytrzymaand#322;and#261; stalowand#261; konstrukcjand#261;, dziand#281;ki czemu bagaand#380;nik posand#322;uand#380;y przez dand#322;uand#380;szy czas. Model Tytan Plus w por\u00f3wnaniu ze zwykand#322;ym Tytanem, posiada udoskonalony system mocowania do haka samochodu. Takie rozwiand#261;zanie pozwala na zamontowanie platformy w kr\u00f3tszym czasie. W Tytanie Plus poprawiono takand#380;e spos\u00f3b mocowania rower\u00f3w. Tytan Plus 3 posiada funkcje uchyand#322;u, kt\u00f3ra pozwala otworzyand#263; bagaand#380;nik bez demontaand#380;u rower\u00f3w z platformy. Platforma jest prosta i komfortowa w uand#380;yciu. Do jej zalet moand#380;na zaliczyand#263;, and#380;e jest zabezpieczona przed kradzieand#380;and#261;. Tablica posiada zgodne z Europejskim Kodeksem Ruchu Drogowym and#347;wiatand#322;a. Zalety bagaand#380;nika AMOS TYTAN PLUS 3 13 PIN 1 Firma Amos w 2015 roku otrzymaand#322;a certyfikat TandUuml;V GS, kt\u00f3ry okreand#347;la, and#380;e produkt byand#322; poddany procedurom certyfikujand#261;cym i badawczym zgodnym z wymogami. 2 Konstrukcja platformy pozwala na zand#322;oand#380;enie bagaand#380;nika w kilku prostych ruchach, uand#322;atwiajand#261;c przenoszenie i przechowywanie. 3 and#321;atwy i szybki montaand#380; do kaand#380;dego rodzaju haka holowniczego. 4 Wyposaand#380;ona w tablicand#281; and#347;wietlnand#261; 13-PIN wraz z miejscem na rejestracjand#281;. 5 Niezwykle stabilny i bezpieczny, przeznaczony do wszystkich typ\u00f3w samochod\u00f3w. 6 Pozwala na przewoand#380;enie kaand#380;dego rodzaju roweru. DANE TECHNICZNE Pojemnoand#347;and#263; 3 rowery Materiaand#322; Stal Typ roweru Dowolny and#346;rednica ramy Dowolna Maksymalne obciand#261;and#380;enie 45 kg Funkcja uchyand#322;u Tak Zamkniand#281;cie roweru na uchwycie Nie Zamkniand#281;cie uchwytu na samochodzie Tak Certyfikat TandUuml;V GS Tak Wtyczka 13-PIN<\/p>\n<h2>Amos-Bis Tytan Plus 3 13 Pin Platforma Rowerowa Na 3 Rowery &#8211; 3  13 Pin Amos<\/h2>\n<p>oryginalny prezent na roczek dla dziewczynki, test z lektury magiczne drzewo czerwone krzes\u0142o, wiersze o wio\u015bnie jana brzechwy, andrzejki kolorowanki do druku, zagadki logiczne dla dzieci, podchwytliwe zagadki dla doros\u0142ych, dobrej nocy i sza, kolorowanka elsa, bajka psi patrol do czytania, quizy ortograficzne trudne, kartka walentynkow\u0105 przedszkole, prezent dla nastolatek, maska psi patrol do druku, warszawa z dzieckiem, imi\u0119 r\u00f3\u017ca, wierszyk o wakacjach, co kupi\u0107 nastolatce na urodziny, kotki kolorowanka<\/p>\n<p>yyyyy<\/p>\n<p>&nbsp;<\/p>\n","protected":false},"excerpt":{"rendered":"<p>Amos TYTAN PLUS 3 + tablica and#347;wietlna 13-PIN Platforma rowerowa na 3 rowery 13-PIN Platofrma Amos Tytan Plus 3 wyr\u00f3and#380;nia siand#281; wytrzymaand#322;and#261; stalowand#261; konstrukcjand#261;, dziand#281;ki czemu bagaand#380;nik posand#322;uand#380;y przez dand#322;uand#380;szy czas. Model Tytan Plus w por\u00f3wnaniu ze zwykand#322;ym Tytanem, posiada udoskonalony system mocowania do haka samochodu. Takie rozwiand#261;zanie pozwala na zamontowanie platformy w kr\u00f3tszym czasie. [&hellip;]<\/p>\n","protected":false},"featured_media":10990,"comment_status":"closed","ping_status":"open","template":"","meta":[],"product_cat":[1898,1934],"product_tag":[838,662,622,620],"class_list":["post-10989","product","type-product","status-publish","has-post-thumbnail","hentry","product_cat-amos","product_cat-uchwyty-rowerowe","product_tag-bajki-dla-dzieci-na-dobranoc","product_tag-bajki-na-dobranoc","product_tag-fajne-zagadki","product_tag-quiz-opowiesci-z-narnii"],"_links":{"self":[{"href":"http:\/\/klubmamgdynia.pl\/index.php\/wp-json\/wp\/v2\/product\/10989","targetHints":{"allow":["GET"]}}],"collection":[{"href":"http:\/\/klubmamgdynia.pl\/index.php\/wp-json\/wp\/v2\/product"}],"about":[{"href":"http:\/\/klubmamgdynia.pl\/index.php\/wp-json\/wp\/v2\/types\/product"}],"replies":[{"embeddable":true,"href":"http:\/\/klubmamgdynia.pl\/index.php\/wp-json\/wp\/v2\/comments?post=10989"}],"wp:featuredmedia":[{"embeddable":true,"href":"http:\/\/klubmamgdynia.pl\/index.php\/wp-json\/wp\/v2\/media\/10990"}],"wp:attachment":[{"href":"http:\/\/klubmamgdynia.pl\/index.php\/wp-json\/wp\/v2\/media?parent=10989"}],"wp:term":[{"taxonomy":"product_cat","embeddable":true,"href":"http:\/\/klubmamgdynia.pl\/index.php\/wp-json\/wp\/v2\/product_cat?post=10989"},{"taxonomy":"product_tag","embeddable":true,"href":"http:\/\/klubmamgdynia.pl\/index.php\/wp-json\/wp\/v2\/product_tag?post=10989"}],"curies":[{"name":"wp","href":"https:\/\/api.w.org\/{rel}","templated":true}]}}