{"id":110,"date":"2014-02-18T07:35:32","date_gmt":"2014-02-18T06:35:32","guid":{"rendered":"http:\/\/klubmamgdynia.pl\/?post_type=product&#038;p=110"},"modified":"2026-04-14T18:27:05","modified_gmt":"2026-04-14T16:27:05","slug":"canpol-babies-grzechotka-z-gryzakiem-wodnym-zwierzatka-flaming-56-146","status":"publish","type":"product","link":"http:\/\/klubmamgdynia.pl\/index.php\/produkt\/canpol-babies-grzechotka-z-gryzakiem-wodnym-zwierzatka-flaming-56-146\/","title":{"rendered":"CANPOL BABIES GRZECHOTKA Z GRYZAKIEM WODNYM ZWIERZ\u0104TKA FLAMING (56\/146)"},"content":{"rendered":"<p>Grzechotko-gryzaczki przeznaczone s\u0105 dla najm\u0142odszych dzieci. \u0141\u0105cz\u0105 w sobie zalety gryzaka elastycznego i grzechotki, gdy\u017c posiadaj\u0105 mi\u0119kkie cz\u0119\u015bci nios\u0105ce ulg\u0119 z\u0105bkuj\u0105cemu maluchowi. Atrakcyjne kszta\u0142ty oraz intensywne kolory przyci\u0105gaj\u0105 uwag\u0119 dziecka. Mi\u0119kkie cz\u0119\u015bci dostosowane s\u0105 do delikatnych dzieci\u0119cych dzi\u0105se\u0142. Grzechotki wykonane s\u0105 z trwa\u0142ych i bezpiecznych materia\u0142\u00f3w (bez ostrych kraw\u0119dzi). Przed podaniem dziecku, gryzak mo\u017cna sch\u0142odzi\u0107 w lod\u00f3wce. Pomo\u017ce to ukoi\u0107 b\u00f3l dzi\u0105se\u0142 z\u0105bkuj\u0105cego maluszka.Wiek: od urodzeniaGrzechotko-gryzak w kilku wersjach kolorystycznych. W uwagach do zam\u00f3wienia prosimy o wpisanie swojego wyboru wersji.<\/p>\n<h2>CANPOL BABIES GRZECHOTKA Z GRYZAKIEM WODNYM ZWIERZ\u0104TKA FLAMING (56\/146) Canpol babies<\/h2>\n<p>bajki dla dzieci czytane, lato lato lato czeka tekst, prezent na roczek nie zabawka, zagadki rymowane, dobranoc pch\u0142y na noc, szablon krokus kolorowanka, wzruszaj\u0105ce s\u0142owa dla przyjaciela, zabawy na dzie\u0144 dziecka w szkole, kolorowanki, kolorowanki lol do druku, maski dla dzieci do druku, test szatan z si\u00f3dmej klasy, nauka pisania literek do wydruku pdf, ozdoby choinkowe dla dzieci, pieski ma\u0142e dwa tekst, quiz o dinozaurach, ninjago kolorowanki, adela, atrakcje dla dzieci wielkopolska<\/p>\n<p>yyyyy<\/p>\n<p>&nbsp;<\/p>\n","protected":false},"excerpt":{"rendered":"<p>Grzechotko-gryzaczki przeznaczone s\u0105 dla najm\u0142odszych dzieci. \u0141\u0105cz\u0105 w sobie zalety gryzaka elastycznego i grzechotki, gdy\u017c posiadaj\u0105 mi\u0119kkie cz\u0119\u015bci nios\u0105ce ulg\u0119 z\u0105bkuj\u0105cemu maluchowi. Atrakcyjne kszta\u0142ty oraz intensywne kolory przyci\u0105gaj\u0105 uwag\u0119 dziecka. Mi\u0119kkie cz\u0119\u015bci dostosowane s\u0105 do delikatnych dzieci\u0119cych dzi\u0105se\u0142. Grzechotki wykonane s\u0105 z trwa\u0142ych i bezpiecznych materia\u0142\u00f3w (bez ostrych kraw\u0119dzi). Przed podaniem dziecku, gryzak mo\u017cna sch\u0142odzi\u0107 [&hellip;]<\/p>\n","protected":false},"featured_media":111,"comment_status":"closed","ping_status":"open","template":"","meta":[],"product_cat":[68,63],"product_tag":[680,755,605,687,647],"class_list":["post-110","product","type-product","status-publish","has-post-thumbnail","hentry","product_cat-canpol-babies","product_cat-grzechotki-i-gryzaki","product_tag-cytaty-z-malego-ksiecia","product_tag-henryk","product_tag-milena","product_tag-podchwytliwe-zagadki-matematyczne","product_tag-warszawa-z-dzieckiem"],"_links":{"self":[{"href":"http:\/\/klubmamgdynia.pl\/index.php\/wp-json\/wp\/v2\/product\/110","targetHints":{"allow":["GET"]}}],"collection":[{"href":"http:\/\/klubmamgdynia.pl\/index.php\/wp-json\/wp\/v2\/product"}],"about":[{"href":"http:\/\/klubmamgdynia.pl\/index.php\/wp-json\/wp\/v2\/types\/product"}],"replies":[{"embeddable":true,"href":"http:\/\/klubmamgdynia.pl\/index.php\/wp-json\/wp\/v2\/comments?post=110"}],"wp:featuredmedia":[{"embeddable":true,"href":"http:\/\/klubmamgdynia.pl\/index.php\/wp-json\/wp\/v2\/media\/111"}],"wp:attachment":[{"href":"http:\/\/klubmamgdynia.pl\/index.php\/wp-json\/wp\/v2\/media?parent=110"}],"wp:term":[{"taxonomy":"product_cat","embeddable":true,"href":"http:\/\/klubmamgdynia.pl\/index.php\/wp-json\/wp\/v2\/product_cat?post=110"},{"taxonomy":"product_tag","embeddable":true,"href":"http:\/\/klubmamgdynia.pl\/index.php\/wp-json\/wp\/v2\/product_tag?post=110"}],"curies":[{"name":"wp","href":"https:\/\/api.w.org\/{rel}","templated":true}]}}