{"id":11001,"date":"2017-07-14T06:44:31","date_gmt":"2017-07-14T04:44:31","guid":{"rendered":"http:\/\/klubmamgdynia.pl\/index.php\/produkt\/norimpex-koraliki-do-prasowania-zestaw-prasowanka-szablony\/"},"modified":"2026-04-22T23:43:41","modified_gmt":"2026-04-22T21:43:41","slug":"norimpex-koraliki-do-prasowania-zestaw-prasowanka-szablony","status":"publish","type":"product","link":"http:\/\/klubmamgdynia.pl\/index.php\/produkt\/norimpex-koraliki-do-prasowania-zestaw-prasowanka-szablony\/","title":{"rendered":"Norimpex Koraliki Do Prasowania Zestaw Prasowanka Szablony"},"content":{"rendered":"<p>Koraliki do prasowania Zestaw Prasowanka +Szablony<\/p>\n<h2>Norimpex Koraliki Do Prasowania Zestaw Prasowanka Szablony Norimpex<\/h2>\n<p>kolorowanka lato, test z lektury opowie\u015bci z narnii lew czarownica i stara szafa z odpowiedziami, psi patrol do czytania, opowie\u015bci z narni test, koty do druku, gdzie strumyk p\u0142ynie z wolna, zdrowe przepisy dla dzieci, cytaty rodzina, kalendarz adwentowy diy z rolek, wierszyki na dobranoc dla dzieci, quiz o zwierz\u0119tach domowych, stare wiersze dla dzieci, najrzadsze imiona dla dziewczynek, karty pracy dla dzieci z ukrainy pdf, bajka terapeutyczna o dokuczaniu, prezent dla jedenastolatka, kolorowanki dla dziewczynek 10 lat<\/p>\n<p>yyyyy<\/p>\n<p>&nbsp;<\/p>\n","protected":false},"excerpt":{"rendered":"<p>Koraliki do prasowania Zestaw Prasowanka +Szablony Norimpex Koraliki Do Prasowania Zestaw Prasowanka Szablony Norimpex kolorowanka lato, test z lektury opowie\u015bci z narnii lew czarownica i stara szafa z odpowiedziami, psi patrol do czytania, opowie\u015bci z narni test, koty do druku, gdzie strumyk p\u0142ynie z wolna, zdrowe przepisy dla dzieci, cytaty rodzina, kalendarz adwentowy diy z [&hellip;]<\/p>\n","protected":false},"featured_media":11002,"comment_status":"closed","ping_status":"open","template":"","meta":[],"product_cat":[554,21],"product_tag":[594,850,793],"class_list":["post-11001","product","type-product","status-publish","has-post-thumbnail","hentry","product_cat-norimpex","product_cat-zabawki-plastyczne","product_tag-podchwytliwe-zagadki-dla-dzieci","product_tag-wroclaw-atrakcje-dla-dzieci","product_tag-zagadki-smieszne-podchwytliwe"],"_links":{"self":[{"href":"http:\/\/klubmamgdynia.pl\/index.php\/wp-json\/wp\/v2\/product\/11001","targetHints":{"allow":["GET"]}}],"collection":[{"href":"http:\/\/klubmamgdynia.pl\/index.php\/wp-json\/wp\/v2\/product"}],"about":[{"href":"http:\/\/klubmamgdynia.pl\/index.php\/wp-json\/wp\/v2\/types\/product"}],"replies":[{"embeddable":true,"href":"http:\/\/klubmamgdynia.pl\/index.php\/wp-json\/wp\/v2\/comments?post=11001"}],"wp:featuredmedia":[{"embeddable":true,"href":"http:\/\/klubmamgdynia.pl\/index.php\/wp-json\/wp\/v2\/media\/11002"}],"wp:attachment":[{"href":"http:\/\/klubmamgdynia.pl\/index.php\/wp-json\/wp\/v2\/media?parent=11001"}],"wp:term":[{"taxonomy":"product_cat","embeddable":true,"href":"http:\/\/klubmamgdynia.pl\/index.php\/wp-json\/wp\/v2\/product_cat?post=11001"},{"taxonomy":"product_tag","embeddable":true,"href":"http:\/\/klubmamgdynia.pl\/index.php\/wp-json\/wp\/v2\/product_tag?post=11001"}],"curies":[{"name":"wp","href":"https:\/\/api.w.org\/{rel}","templated":true}]}}