{"id":11019,"date":"2020-01-30T12:30:13","date_gmt":"2020-01-30T11:30:13","guid":{"rendered":"http:\/\/klubmamgdynia.pl\/index.php\/produkt\/graine-creative-masa-do-tworzenia-gumek-6x25g-jednorozce\/"},"modified":"2026-05-17T22:24:49","modified_gmt":"2026-05-17T20:24:49","slug":"graine-creative-masa-do-tworzenia-gumek-6x25g-jednorozce","status":"publish","type":"product","link":"http:\/\/klubmamgdynia.pl\/index.php\/produkt\/graine-creative-masa-do-tworzenia-gumek-6x25g-jednorozce\/","title":{"rendered":"Graine Creative Masa Do Tworzenia Gumek 6X25G Jednoro\u017cce"},"content":{"rendered":"<p>Wysokiej jako\u015bci masa do wykonania w\u0142asnych gumek do \u015bcierania Patagom. Dla dzieci od 8-go roku \u017cycia.Mo\u017cna ulepi\u0107 z niej dowolne kszta\u0142ty, zwierz\u0105tka, ludziki, mo\u017cna skorzysta\u0107 z foremki silikonowej lub plastikowej. Opakowanie zawiera 6 kolor\u00f3w, kt\u00f3re w dowolny spos\u00f3b mieszamy i tworzymy w\u0142asne odcienie. Po ulepieniu wk\u0142adamy dzie\u0142o do piekarnika rozgrzanego do 120 \u00b0C i pieczemy przez 15 min.Nieodpowiednie dla dzieci w wieku poni\u017cej 8 lat. Wypieka\u0107 pod nadzorem osoby doros\u0142ej.Masa 6&#215;25 g.<\/p>\n<h2>Graine Creative Masa Do Tworzenia Gumek 6X25G Jednoro\u017cce Graine Creative<\/h2>\n<p>pomys\u0142y na prezent na roczek, zadania logiczne dla dzieci, \u015bwinka peppa do druku, m\u0105dre \u017cyczenia \u015bwi\u0105teczne, dinozaury kolorowanki, nowoczesna babcia wiersz, imi\u0119 nadia, oryginalny prezent dla nastolatk\u00f3w, zagadki rymowanki dla dzieci, wiersz o g\u00f3rniku, jak narysowa\u0107 psa, zagadki dla dzieci 6-7 lat, piosenka dla taty przedszkole, trudne zagadki logiczne z odpowiedziami, zagadki na logiczne my\u015blenie, piosenki dla dzieci o jesieni, test z lektury kajko i kokosz, prezent dla jedenastolatka, trudne zagadki logiczne<\/p>\n<p>yyyyy<\/p>\n<p>&nbsp;<\/p>\n","protected":false},"excerpt":{"rendered":"<p>Wysokiej jako\u015bci masa do wykonania w\u0142asnych gumek do \u015bcierania Patagom. Dla dzieci od 8-go roku \u017cycia.Mo\u017cna ulepi\u0107 z niej dowolne kszta\u0142ty, zwierz\u0105tka, ludziki, mo\u017cna skorzysta\u0107 z foremki silikonowej lub plastikowej. Opakowanie zawiera 6 kolor\u00f3w, kt\u00f3re w dowolny spos\u00f3b mieszamy i tworzymy w\u0142asne odcienie. Po ulepieniu wk\u0142adamy dzie\u0142o do piekarnika rozgrzanego do 120 \u00b0C i pieczemy [&hellip;]<\/p>\n","protected":false},"featured_media":11020,"comment_status":"closed","ping_status":"open","template":"","meta":[],"product_cat":[1938,21],"product_tag":[848,768,641],"class_list":["post-11019","product","type-product","status-publish","has-post-thumbnail","hentry","product_cat-graine-creative","product_cat-zabawki-plastyczne","product_tag-cytat-o-rodzinie","product_tag-krotkie-zagadki-logiczne","product_tag-trudne-zagadki-logiczne"],"_links":{"self":[{"href":"http:\/\/klubmamgdynia.pl\/index.php\/wp-json\/wp\/v2\/product\/11019","targetHints":{"allow":["GET"]}}],"collection":[{"href":"http:\/\/klubmamgdynia.pl\/index.php\/wp-json\/wp\/v2\/product"}],"about":[{"href":"http:\/\/klubmamgdynia.pl\/index.php\/wp-json\/wp\/v2\/types\/product"}],"replies":[{"embeddable":true,"href":"http:\/\/klubmamgdynia.pl\/index.php\/wp-json\/wp\/v2\/comments?post=11019"}],"wp:featuredmedia":[{"embeddable":true,"href":"http:\/\/klubmamgdynia.pl\/index.php\/wp-json\/wp\/v2\/media\/11020"}],"wp:attachment":[{"href":"http:\/\/klubmamgdynia.pl\/index.php\/wp-json\/wp\/v2\/media?parent=11019"}],"wp:term":[{"taxonomy":"product_cat","embeddable":true,"href":"http:\/\/klubmamgdynia.pl\/index.php\/wp-json\/wp\/v2\/product_cat?post=11019"},{"taxonomy":"product_tag","embeddable":true,"href":"http:\/\/klubmamgdynia.pl\/index.php\/wp-json\/wp\/v2\/product_tag?post=11019"}],"curies":[{"name":"wp","href":"https:\/\/api.w.org\/{rel}","templated":true}]}}