{"id":11025,"date":"2020-10-08T01:16:37","date_gmt":"2020-10-07T23:16:37","guid":{"rendered":"http:\/\/klubmamgdynia.pl\/index.php\/produkt\/easy-creative-masa-plastyczna-wiadro-maxi-ciastokreacja\/"},"modified":"2026-04-04T06:36:36","modified_gmt":"2026-04-04T04:36:36","slug":"easy-creative-masa-plastyczna-wiadro-maxi-ciastokreacja","status":"publish","type":"product","link":"http:\/\/klubmamgdynia.pl\/index.php\/produkt\/easy-creative-masa-plastyczna-wiadro-maxi-ciastokreacja\/","title":{"rendered":"Easy Creative Masa Plastyczna Wiadro Maxi Ciastokreacja"},"content":{"rendered":"<p>Ciastolina Wiadro Maxi Ciastokreacja Easy Creative<\/p>\n<h2>Easy Creative Masa Plastyczna Wiadro Maxi Ciastokreacja Easy<\/h2>\n<p>test ch\u0142opcy z placu broni klasa 5, psi patrol do czytania, co kupi\u0107 na roczek dla ch\u0142opca, korczak cytaty, dzie\u0144 \u015bw patryka symbole do druku, rysunki krok po kroku, na wyspach bergamutach tekst, kwiecien plecien, pomys\u0142y na prezent dla nastolatki, wzory dyplom\u00f3w do pobrania, prezent dla 14 letniej dziewczyny, roczek prezent, prezent dla jedenastolatki<\/p>\n<p>yyyyy<\/p>\n<p>&nbsp;<\/p>\n","protected":false},"excerpt":{"rendered":"<p>Ciastolina Wiadro Maxi Ciastokreacja Easy Creative Easy Creative Masa Plastyczna Wiadro Maxi Ciastokreacja Easy test ch\u0142opcy z placu broni klasa 5, psi patrol do czytania, co kupi\u0107 na roczek dla ch\u0142opca, korczak cytaty, dzie\u0144 \u015bw patryka symbole do druku, rysunki krok po kroku, na wyspach bergamutach tekst, kwiecien plecien, pomys\u0142y na prezent dla nastolatki, wzory [&hellip;]<\/p>\n","protected":false},"featured_media":11026,"comment_status":"closed","ping_status":"open","template":"","meta":[],"product_cat":[1940,21],"product_tag":[585,768,643,695],"class_list":["post-11025","product","type-product","status-publish","has-post-thumbnail","hentry","product_cat-easy","product_cat-zabawki-plastyczne","product_tag-kolorowanki-dla-chlopcow","product_tag-krotkie-zagadki-logiczne","product_tag-prezent-dla-17-latki","product_tag-rzadkie-imiona-zenskie"],"_links":{"self":[{"href":"http:\/\/klubmamgdynia.pl\/index.php\/wp-json\/wp\/v2\/product\/11025","targetHints":{"allow":["GET"]}}],"collection":[{"href":"http:\/\/klubmamgdynia.pl\/index.php\/wp-json\/wp\/v2\/product"}],"about":[{"href":"http:\/\/klubmamgdynia.pl\/index.php\/wp-json\/wp\/v2\/types\/product"}],"replies":[{"embeddable":true,"href":"http:\/\/klubmamgdynia.pl\/index.php\/wp-json\/wp\/v2\/comments?post=11025"}],"wp:featuredmedia":[{"embeddable":true,"href":"http:\/\/klubmamgdynia.pl\/index.php\/wp-json\/wp\/v2\/media\/11026"}],"wp:attachment":[{"href":"http:\/\/klubmamgdynia.pl\/index.php\/wp-json\/wp\/v2\/media?parent=11025"}],"wp:term":[{"taxonomy":"product_cat","embeddable":true,"href":"http:\/\/klubmamgdynia.pl\/index.php\/wp-json\/wp\/v2\/product_cat?post=11025"},{"taxonomy":"product_tag","embeddable":true,"href":"http:\/\/klubmamgdynia.pl\/index.php\/wp-json\/wp\/v2\/product_tag?post=11025"}],"curies":[{"name":"wp","href":"https:\/\/api.w.org\/{rel}","templated":true}]}}