{"id":11033,"date":"2024-10-29T08:26:29","date_gmt":"2024-10-29T07:26:29","guid":{"rendered":"http:\/\/klubmamgdynia.pl\/?post_type=product&#038;p=11033"},"modified":"2026-05-17T22:53:21","modified_gmt":"2026-05-17T20:53:21","slug":"graine-creative-masa-do-tworzenia-kredek-3x30-g-pojazdy","status":"publish","type":"product","link":"http:\/\/klubmamgdynia.pl\/index.php\/produkt\/graine-creative-masa-do-tworzenia-kredek-3x30-g-pojazdy\/","title":{"rendered":"Graine Creative Masa Do Tworzenia Kredek 3X30 G Pojazdy"},"content":{"rendered":"<p>Wysokiej jako\u015bci samoutwardzalna masa do w\u0142asnor\u0119cznego formowania kredek &#8211; PEN`DO. Dla dzieci od 4-go roku \u017cycia.Kolory: \u017c\u00f3\u0142ty, czerwony, niebieski.Mo\u017cna ulepi\u0107 z niej dowolne kszta\u0142ty, zwierz\u0105tka, ludziki, mo\u017cna skorzysta\u0107 z foremki silikonowej lub plastikowej. Opakowanie zawiera 3 kolory, kt\u00f3re w dowolny spos\u00f3b mieszamy i tworzymy w\u0142asne odcienie. Instrukcja obrazkowa krok po kroku znajduje si\u0119 z ty\u0142u opakowania.Instrukcja:- powierzchni\u0119 na kt\u00f3rej b\u0119dziesz pracowa\u0107 zabezpiecz foli\u0105 lub papierem do pieczenia,- wyjmij odpowiedni\u0105 ilo\u015b\u0107 masy i szczelnie zamknij reszt\u0119 w torebce z wbudowanym zipem,- uformuj kredk\u0119 w wymy\u015blony kszta\u0142t w ci\u0105gu maksymalnie 20 minut (je\u015bli masa lekko wysch\u0142a ugniataj w d\u0142oniach 1-2 minuty),- po ulepieniu zostaw dzie\u0142o do wyschni\u0119cia na 3-4 dni.Nieodpowiednie dla dzieci w wieku poni\u017cej 36 miesi\u0119cy.Masa 3&#215;30 g.<\/p>\n<h2>Graine Creative Masa Do Tworzenia Kredek 3X30 G Pojazdy Graine Creative<\/h2>\n<p>fajne zagadki dla dzieci, bajki do czytania dla 6 latka, paloma, kolorowanka lego, zaczarowana zagroda &#8211; test, wroc\u0142aw atrakcje dla dzieci, stolice europy quiz, gotowe zaproszenia na urodziny do wydrukowania, psi patrol kolorowanka, liwia imi\u0119, zaproszenia na urodziny dla dzieci do druku, wroc\u0142aw atrakcje dla dzieci, gry edukacyjne dla dzieci online za darmo, zagadki wielkanocne przedszkole, zagadki o bajkach, zagadki podchwytliwe, teksty o rodzinie<\/p>\n<p>yyyyy<\/p>\n<p>&nbsp;<\/p>\n","protected":false},"excerpt":{"rendered":"<p>Wysokiej jako\u015bci samoutwardzalna masa do w\u0142asnor\u0119cznego formowania kredek &#8211; PEN`DO. Dla dzieci od 4-go roku \u017cycia.Kolory: \u017c\u00f3\u0142ty, czerwony, niebieski.Mo\u017cna ulepi\u0107 z niej dowolne kszta\u0142ty, zwierz\u0105tka, ludziki, mo\u017cna skorzysta\u0107 z foremki silikonowej lub plastikowej. Opakowanie zawiera 3 kolory, kt\u00f3re w dowolny spos\u00f3b mieszamy i tworzymy w\u0142asne odcienie. Instrukcja obrazkowa krok po kroku znajduje si\u0119 z ty\u0142u [&hellip;]<\/p>\n","protected":false},"featured_media":11034,"comment_status":"closed","ping_status":"open","template":"","meta":[],"product_cat":[1938,21],"product_tag":[664,586,714],"class_list":["post-11033","product","type-product","status-publish","has-post-thumbnail","hentry","product_cat-graine-creative","product_cat-zabawki-plastyczne","product_tag-atrakcje-dla-dzieci-trojmiasto","product_tag-smieszne-zagadki","product_tag-zagadki-logiczne"],"_links":{"self":[{"href":"http:\/\/klubmamgdynia.pl\/index.php\/wp-json\/wp\/v2\/product\/11033","targetHints":{"allow":["GET"]}}],"collection":[{"href":"http:\/\/klubmamgdynia.pl\/index.php\/wp-json\/wp\/v2\/product"}],"about":[{"href":"http:\/\/klubmamgdynia.pl\/index.php\/wp-json\/wp\/v2\/types\/product"}],"replies":[{"embeddable":true,"href":"http:\/\/klubmamgdynia.pl\/index.php\/wp-json\/wp\/v2\/comments?post=11033"}],"wp:featuredmedia":[{"embeddable":true,"href":"http:\/\/klubmamgdynia.pl\/index.php\/wp-json\/wp\/v2\/media\/11034"}],"wp:attachment":[{"href":"http:\/\/klubmamgdynia.pl\/index.php\/wp-json\/wp\/v2\/media?parent=11033"}],"wp:term":[{"taxonomy":"product_cat","embeddable":true,"href":"http:\/\/klubmamgdynia.pl\/index.php\/wp-json\/wp\/v2\/product_cat?post=11033"},{"taxonomy":"product_tag","embeddable":true,"href":"http:\/\/klubmamgdynia.pl\/index.php\/wp-json\/wp\/v2\/product_tag?post=11033"}],"curies":[{"name":"wp","href":"https:\/\/api.w.org\/{rel}","templated":true}]}}