{"id":1104,"date":"2019-02-07T16:43:10","date_gmt":"2019-02-07T15:43:10","guid":{"rendered":"http:\/\/klubmamgdynia.pl\/index.php\/produkt\/adar-lalka-z-dzwiekiem-box-544505\/"},"modified":"2026-04-06T00:15:19","modified_gmt":"2026-04-05T22:15:19","slug":"adar-lalka-z-dzwiekiem-box-544505","status":"publish","type":"product","link":"http:\/\/klubmamgdynia.pl\/index.php\/produkt\/adar-lalka-z-dzwiekiem-box-544505\/","title":{"rendered":"Adar Lalka z d\u017awi\u0119kiem box 544505"},"content":{"rendered":"<p>Lalka z d\u017awi\u0119kiem box kod produktu &#8211; 544505 porducent &#8211; Adar<\/p>\n<h2>Adar Lalka z d\u017awi\u0119kiem box 544505 Adar<\/h2>\n<p>walentynka kolorowanka, niech \u017cyj\u0105 wakacje tekst, zagadki dla dzieci 7-8 lat, wiersz o marzannie, prima aprilis w szkole, laurka na urodziny do druku, zagadki dla dzieci z odpowiedziami, testy ma\u0142y ksi\u0105\u017ce, laurka dla babci, \u015bwinka peppa do druku, co kupi\u0107 na roczek dla dziewczynki, pierniki na bo\u017ce narodzenie, zagadki \u015bmieszne, najlepsze zarty na prima aprilis, po \u0142\u0105ce biega lato tekst, zagadki logiczne, test na patologi\u0119 z kubusia puchatka, ozdoby \u015bwi\u0105teczne z rolek po papierze toaletowym, maski karnawa\u0142owe do druku, dzie\u0144 pluszowego misia, bajki dla ch\u0142opc\u00f3w do czytania<\/p>\n<p>yyyyy<\/p>\n<p>&nbsp;<\/p>\n","protected":false},"excerpt":{"rendered":"<p>Lalka z d\u017awi\u0119kiem box kod produktu &#8211; 544505 porducent &#8211; Adar Adar Lalka z d\u017awi\u0119kiem box 544505 Adar walentynka kolorowanka, niech \u017cyj\u0105 wakacje tekst, zagadki dla dzieci 7-8 lat, wiersz o marzannie, prima aprilis w szkole, laurka na urodziny do druku, zagadki dla dzieci z odpowiedziami, testy ma\u0142y ksi\u0105\u017ce, laurka dla babci, \u015bwinka peppa do [&hellip;]<\/p>\n","protected":false},"featured_media":1105,"comment_status":"closed","ping_status":"open","template":"","meta":[],"product_cat":[175,65],"product_tag":[722,763,655,596,708,725],"class_list":["post-1104","product","type-product","status-publish","has-post-thumbnail","hentry","product_cat-adar","product_cat-lalki","product_tag-cytaty-o-przyjazni","product_tag-fabian","product_tag-najlepsze-zagadki","product_tag-pomysly-na-prima-aprilis","product_tag-zabawy-ruchowe-dla-dzieci","product_tag-zgadywanki"],"_links":{"self":[{"href":"http:\/\/klubmamgdynia.pl\/index.php\/wp-json\/wp\/v2\/product\/1104","targetHints":{"allow":["GET"]}}],"collection":[{"href":"http:\/\/klubmamgdynia.pl\/index.php\/wp-json\/wp\/v2\/product"}],"about":[{"href":"http:\/\/klubmamgdynia.pl\/index.php\/wp-json\/wp\/v2\/types\/product"}],"replies":[{"embeddable":true,"href":"http:\/\/klubmamgdynia.pl\/index.php\/wp-json\/wp\/v2\/comments?post=1104"}],"wp:featuredmedia":[{"embeddable":true,"href":"http:\/\/klubmamgdynia.pl\/index.php\/wp-json\/wp\/v2\/media\/1105"}],"wp:attachment":[{"href":"http:\/\/klubmamgdynia.pl\/index.php\/wp-json\/wp\/v2\/media?parent=1104"}],"wp:term":[{"taxonomy":"product_cat","embeddable":true,"href":"http:\/\/klubmamgdynia.pl\/index.php\/wp-json\/wp\/v2\/product_cat?post=1104"},{"taxonomy":"product_tag","embeddable":true,"href":"http:\/\/klubmamgdynia.pl\/index.php\/wp-json\/wp\/v2\/product_tag?post=1104"}],"curies":[{"name":"wp","href":"https:\/\/api.w.org\/{rel}","templated":true}]}}