{"id":11063,"date":"2025-04-19T23:48:40","date_gmt":"2025-04-19T21:48:40","guid":{"rendered":"http:\/\/klubmamgdynia.pl\/?post_type=product&#038;p=11063"},"modified":"2026-05-17T23:08:30","modified_gmt":"2026-05-17T21:08:30","slug":"gazelo-traktor-z-maszynami-rolniczymi-117125","status":"publish","type":"product","link":"http:\/\/klubmamgdynia.pl\/index.php\/produkt\/gazelo-traktor-z-maszynami-rolniczymi-117125\/","title":{"rendered":"Gazelo Traktor Z Maszynami Rolniczymi 117125"},"content":{"rendered":"<p>SUPER CENA &#8211; TANIA DOSTAWA ! &#8211; Traktor z maszynami rolniczymi GAZELO &#8211; PACZKOMAT, POCZTA, KURIER<\/p>\n<h2>Gazelo Traktor Z Maszynami Rolniczymi 117125 Gazelo<\/h2>\n<p>test z lektury ania z zielonego wzg\u00f3rza klasa 6 z odpowiedziami, dymitr, ko\u0142ysanki tekst, zagadki o wielkanocy, rado\u015b\u0107 dziecka cytaty, gra kulki, pomys\u0142 na prezent dla 7 latki, po \u0142\u0105ce biega lato tekst<\/p>\n<p>yyyyy<\/p>\n<p>&nbsp;<\/p>\n","protected":false},"excerpt":{"rendered":"<p>SUPER CENA &#8211; TANIA DOSTAWA ! &#8211; Traktor z maszynami rolniczymi GAZELO &#8211; PACZKOMAT, POCZTA, KURIER Gazelo Traktor Z Maszynami Rolniczymi 117125 Gazelo test z lektury ania z zielonego wzg\u00f3rza klasa 6 z odpowiedziami, dymitr, ko\u0142ysanki tekst, zagadki o wielkanocy, rado\u015b\u0107 dziecka cytaty, gra kulki, pomys\u0142 na prezent dla 7 latki, po \u0142\u0105ce biega lato [&hellip;]<\/p>\n","protected":false},"featured_media":11064,"comment_status":"closed","ping_status":"open","template":"","meta":[],"product_cat":[83,1213],"product_tag":[650,735,608],"class_list":["post-11063","product","type-product","status-publish","has-post-thumbnail","hentry","product_cat-auta-i-inne-pojazdy-do-zabawy","product_cat-gazelo","product_tag-choinka-z-bibuly","product_tag-prezent-na-roczek-dziewczynka","product_tag-zagadki-i-odpowiedzi"],"_links":{"self":[{"href":"http:\/\/klubmamgdynia.pl\/index.php\/wp-json\/wp\/v2\/product\/11063","targetHints":{"allow":["GET"]}}],"collection":[{"href":"http:\/\/klubmamgdynia.pl\/index.php\/wp-json\/wp\/v2\/product"}],"about":[{"href":"http:\/\/klubmamgdynia.pl\/index.php\/wp-json\/wp\/v2\/types\/product"}],"replies":[{"embeddable":true,"href":"http:\/\/klubmamgdynia.pl\/index.php\/wp-json\/wp\/v2\/comments?post=11063"}],"wp:featuredmedia":[{"embeddable":true,"href":"http:\/\/klubmamgdynia.pl\/index.php\/wp-json\/wp\/v2\/media\/11064"}],"wp:attachment":[{"href":"http:\/\/klubmamgdynia.pl\/index.php\/wp-json\/wp\/v2\/media?parent=11063"}],"wp:term":[{"taxonomy":"product_cat","embeddable":true,"href":"http:\/\/klubmamgdynia.pl\/index.php\/wp-json\/wp\/v2\/product_cat?post=11063"},{"taxonomy":"product_tag","embeddable":true,"href":"http:\/\/klubmamgdynia.pl\/index.php\/wp-json\/wp\/v2\/product_tag?post=11063"}],"curies":[{"name":"wp","href":"https:\/\/api.w.org\/{rel}","templated":true}]}}