{"id":11065,"date":"2014-03-25T17:32:36","date_gmt":"2014-03-25T16:32:36","guid":{"rendered":"http:\/\/klubmamgdynia.pl\/index.php\/produkt\/amos-farby-witrazowe-car-10-5ml-sd10p6-c-6-kolorow\/"},"modified":"2026-04-05T18:46:37","modified_gmt":"2026-04-05T16:46:37","slug":"amos-farby-witrazowe-car-10-5ml-sd10p6-c-6-kolorow","status":"publish","type":"product","link":"http:\/\/klubmamgdynia.pl\/index.php\/produkt\/amos-farby-witrazowe-car-10-5ml-sd10p6-c-6-kolorow\/","title":{"rendered":"Amos Farby Witra\u017cowe Car 10.5Ml Sd10P6-C 6 Kolor\u00f3w"},"content":{"rendered":"<p>\u2013 wysokiej jako\u015bci farby witra\u017cowe przeznaczone do samodzielnego wykonania witra\u017cy oraz dekoracji szk\u0142a, porcelany, luster, p\u0142ytek ceramicznych i tworzyw sztucznych\u2013 wyraziste kolory, \u0142atwa aplikacja farb\u2013 odklejalne\u2013 gotowy, wyschni\u0119ty wz\u00f3r mo\u017cna przenosi\u0107 z folii na inne powierzchnie\u2013 mo\u017cliwe jest \u0142\u0105czenie farb witra\u017cowych z innymi technikami: klejem z brokatem,Ciasto-Plasto\u2013 zawiera:\u2013 6 kolor\u00f3w farb\u2013 6 gotowych witra\u017cy\u2013 brelok\u00f3w do pomalowania\u2013 pojemno\u015b\u0107: 10,5 ml\u2013 zgodne z wymaganiami UE i ASTM D-4236<\/p>\n<h2>Amos Farby Witra\u017cowe Car 10.5Ml Sd10P6-C 6 Kolor\u00f3w Amos<\/h2>\n<p>cytaty rodzina, miko\u0142ajek &#8211; test z odpowiedziami, gabriel, piosenki dla dzieci tekst, kolorowanki do druku pieski, kolorowanki do druku dla dziewczynek, kolorowanki winx, \u015bmieszne zagadki dla dzieci 10 lat, test opowie\u015b\u0107 wigilijna, sara, co kupi\u0107 na roczek dla ch\u0142opca<\/p>\n<p>yyyyy<\/p>\n<p>&nbsp;<\/p>\n","protected":false},"excerpt":{"rendered":"<p>\u2013 wysokiej jako\u015bci farby witra\u017cowe przeznaczone do samodzielnego wykonania witra\u017cy oraz dekoracji szk\u0142a, porcelany, luster, p\u0142ytek ceramicznych i tworzyw sztucznych\u2013 wyraziste kolory, \u0142atwa aplikacja farb\u2013 odklejalne\u2013 gotowy, wyschni\u0119ty wz\u00f3r mo\u017cna przenosi\u0107 z folii na inne powierzchnie\u2013 mo\u017cliwe jest \u0142\u0105czenie farb witra\u017cowych z innymi technikami: klejem z brokatem,Ciasto-Plasto\u2013 zawiera:\u2013 6 kolor\u00f3w farb\u2013 6 gotowych witra\u017cy\u2013 brelok\u00f3w [&hellip;]<\/p>\n","protected":false},"featured_media":11066,"comment_status":"closed","ping_status":"open","template":"","meta":[],"product_cat":[1898,297],"product_tag":[722,859,813,591,762,595],"class_list":["post-11065","product","type-product","status-publish","has-post-thumbnail","hentry","product_cat-amos","product_cat-szkolne-artykuly-plastyczne","product_tag-cytaty-o-przyjazni","product_tag-dobranoc-pchly-na-noc","product_tag-krotkie-zagadki-matematyczne-z-odpowiedziami","product_tag-quiz-o-minecraft","product_tag-trudne-zagadki-dla-dzieci","product_tag-zagadki-dla-6-latka"],"_links":{"self":[{"href":"http:\/\/klubmamgdynia.pl\/index.php\/wp-json\/wp\/v2\/product\/11065","targetHints":{"allow":["GET"]}}],"collection":[{"href":"http:\/\/klubmamgdynia.pl\/index.php\/wp-json\/wp\/v2\/product"}],"about":[{"href":"http:\/\/klubmamgdynia.pl\/index.php\/wp-json\/wp\/v2\/types\/product"}],"replies":[{"embeddable":true,"href":"http:\/\/klubmamgdynia.pl\/index.php\/wp-json\/wp\/v2\/comments?post=11065"}],"wp:featuredmedia":[{"embeddable":true,"href":"http:\/\/klubmamgdynia.pl\/index.php\/wp-json\/wp\/v2\/media\/11066"}],"wp:attachment":[{"href":"http:\/\/klubmamgdynia.pl\/index.php\/wp-json\/wp\/v2\/media?parent=11065"}],"wp:term":[{"taxonomy":"product_cat","embeddable":true,"href":"http:\/\/klubmamgdynia.pl\/index.php\/wp-json\/wp\/v2\/product_cat?post=11065"},{"taxonomy":"product_tag","embeddable":true,"href":"http:\/\/klubmamgdynia.pl\/index.php\/wp-json\/wp\/v2\/product_tag?post=11065"}],"curies":[{"name":"wp","href":"https:\/\/api.w.org\/{rel}","templated":true}]}}