{"id":11069,"date":"2014-07-10T10:47:33","date_gmt":"2014-07-10T08:47:33","guid":{"rendered":"http:\/\/klubmamgdynia.pl\/index.php\/produkt\/tuban-zestaw-super-slime-pro\/"},"modified":"2026-04-04T22:02:48","modified_gmt":"2026-04-04T20:02:48","slug":"tuban-zestaw-super-slime-pro","status":"publish","type":"product","link":"http:\/\/klubmamgdynia.pl\/index.php\/produkt\/tuban-zestaw-super-slime-pro\/","title":{"rendered":"Tuban Zestaw Super Slime Pro"},"content":{"rendered":"<p>Je\u015bli tak jak my lubisz Slimy i kreatywn\u0105 zabaw\u0119, chcieliby\u015bmy pokaza\u0107 Ci nasz zestaw Super Slime Pro. Za jego pomoc\u0105 b\u0119dziesz m\u00f3g\u0142 stworzy\u0107 w\u0142asnego Slima. Do zestawu, specjalnie dla Ciebie, do\u0142\u0105czyli\u015bmy styropianowe kuleczki oraz brokat w trzech \u017cywych kolorach. Dodaj je do gotowej masy i zobacz co si\u0119 stanie. Ma\u0142e kuleczki b\u0119d\u0105 skrzypie\u0107 w r\u0119kach podczas ich ugniatania, a brokat sprawi, \u017ce Slime b\u0119dzie si\u0119 mieni\u0142 tysi\u0105cem drobnych \u015bwiate\u0142ek. Zapraszamy do wsp\u00f3lnej zabawy.Zestaw Super Slime Pro zawiera:- 500 ml kleju bezbarwnego PVA;- 250 ml aktywatora;- brokat w 3 r\u00f3\u017cnych kolorach (niebieskim, r\u00f3\u017cowym, zielonym);- kuleczki styropianowe;- pojemniczek do przechowywania Slim\u00f3w;- szpatu\u0142k\u0119 do mieszania;- instrukcj\u0119, jak wykona\u0107 idealny Slime.Jak si\u0119 bawi\u0107?1. Wlej klej PVA do miseczki\/pojemnika.2. Dodaj brokat w wybranym przez Ciebie kolorze, a nast\u0119pnie dok\u0142adnie wymieszaj go z klejem, a\u017c uzyskana masa stanie si\u0119 jednolita.3. Powoli dolewaj aktywator i mieszaj do momentu, a\u017c Slime zacznie oddziela\u0107 si\u0119 od \u015bcianek pojemnika.4. Wyrabiaj Slime do uzyskania idealnej konsystencji. Je\u015bli nadal zbyt mocno klei si\u0119 do r\u0105k, dodaj do niego jeszcze odrobin\u0119 aktywatora.5. Tw\u00f3j Slime jest ju\u017c gotowy! Udekoruj go naszymi kuleczkami styropianowymi.6. Je\u015bli chcesz, \u017ceby Tw\u00f3j Slime d\u0142u\u017cej zachowywa\u0142 swoje w\u0142a\u015bciwo\u015bci &#8211; przechowuj go w zamkni\u0119tym pojemniczku, kt\u00f3ry do\u0142\u0105czyli\u015bmy do zestawu.Dla bezpiecze\u0144stwa zach\u0119camy do za\u0142o\u017cenia fartuszka ochronnego i r\u0119kawiczek :)WA\u017bNE:- Nasze produkty s\u0105 bezpieczne dla dzieci.- W swoim sk\u0142adzie nie zawieraj\u0105 boraksu ani \u017cadnych substancji toksycznych!Wyprodukowano w Polsce.Wiek: 6+<\/p>\n<h2>Tuban Zestaw Super Slime Pro Tuban<\/h2>\n<p>peppa kolorowanka, park so\u0142acki, najlepsze pranki na prima aprilis, kolorowanki do druku super zings, g\u0142upie zagadki, opis do zdj\u0119cia dziecka na fb, kolorowanki antystresowe, zagadki wielkanocne dla dzieci, miasto dzieci, co kupi\u0107 nastolatkowi, jak zrobi\u0107 samolot z papieru, wobies, opowie\u015bci z narni lew czarownica i stara szafa test, lew czarownica i stara szafa test, zabawki na roczek dla dziewczynki<\/p>\n<p>yyyyy<\/p>\n<p>&nbsp;<\/p>\n","protected":false},"excerpt":{"rendered":"<p>Je\u015bli tak jak my lubisz Slimy i kreatywn\u0105 zabaw\u0119, chcieliby\u015bmy pokaza\u0107 Ci nasz zestaw Super Slime Pro. Za jego pomoc\u0105 b\u0119dziesz m\u00f3g\u0142 stworzy\u0107 w\u0142asnego Slima. Do zestawu, specjalnie dla Ciebie, do\u0142\u0105czyli\u015bmy styropianowe kuleczki oraz brokat w trzech \u017cywych kolorach. Dodaj je do gotowej masy i zobacz co si\u0119 stanie. Ma\u0142e kuleczki b\u0119d\u0105 skrzypie\u0107 w r\u0119kach [&hellip;]<\/p>\n","protected":false},"featured_media":11070,"comment_status":"closed","ping_status":"open","template":"","meta":[],"product_cat":[558,21],"product_tag":[616,601],"class_list":["post-11069","product","type-product","status-publish","has-post-thumbnail","hentry","product_cat-tuban","product_cat-zabawki-plastyczne","product_tag-test-mikolajek-25-pytan","product_tag-zagadki-co-to-jest"],"_links":{"self":[{"href":"http:\/\/klubmamgdynia.pl\/index.php\/wp-json\/wp\/v2\/product\/11069","targetHints":{"allow":["GET"]}}],"collection":[{"href":"http:\/\/klubmamgdynia.pl\/index.php\/wp-json\/wp\/v2\/product"}],"about":[{"href":"http:\/\/klubmamgdynia.pl\/index.php\/wp-json\/wp\/v2\/types\/product"}],"replies":[{"embeddable":true,"href":"http:\/\/klubmamgdynia.pl\/index.php\/wp-json\/wp\/v2\/comments?post=11069"}],"wp:featuredmedia":[{"embeddable":true,"href":"http:\/\/klubmamgdynia.pl\/index.php\/wp-json\/wp\/v2\/media\/11070"}],"wp:attachment":[{"href":"http:\/\/klubmamgdynia.pl\/index.php\/wp-json\/wp\/v2\/media?parent=11069"}],"wp:term":[{"taxonomy":"product_cat","embeddable":true,"href":"http:\/\/klubmamgdynia.pl\/index.php\/wp-json\/wp\/v2\/product_cat?post=11069"},{"taxonomy":"product_tag","embeddable":true,"href":"http:\/\/klubmamgdynia.pl\/index.php\/wp-json\/wp\/v2\/product_tag?post=11069"}],"curies":[{"name":"wp","href":"https:\/\/api.w.org\/{rel}","templated":true}]}}