{"id":11079,"date":"2024-12-17T14:10:55","date_gmt":"2024-12-17T13:10:55","guid":{"rendered":"http:\/\/klubmamgdynia.pl\/?post_type=product&#038;p=11079"},"modified":"2026-04-30T00:25:50","modified_gmt":"2026-04-29T22:25:50","slug":"clementoni-puzzle-250el-frame-me-up-zyc-szybciej","status":"publish","type":"product","link":"http:\/\/klubmamgdynia.pl\/index.php\/produkt\/clementoni-puzzle-250el-frame-me-up-zyc-szybciej\/","title":{"rendered":"Clementoni Puzzle 250El. Frame Me Up \u017by\u0107 Szybciej"},"content":{"rendered":"<p>Puzzle 250 element\u00f3w Frame Me Up &#8211; \u017by\u0107 szybciejPuzzle Clementoni towarzysz\u0105 dziecku w ka\u017cdej fazie jego wzrostu, pomagaj\u0105c mu rozwija\u0107 zr\u0119czno\u015b\u0107 manualn\u0105 i zmys\u0142 obserwacji.Jako\u015b\u0107 materia\u0142\u00f3w i wyj\u0105tkowa technika druku gwarantuj\u0105, \u017ce ilustracje bed\u0105 zawsze pi\u0119kne, \u017cywe i b\u0142yszcz\u0105ce, a zabawa nigdy si\u0119 nie znudzi.Informacje o produkcieNr katalogowy38501Marka (Zabawki) BrakRodzaj (puzzle) StandardLiczba element\u00f3w 250Wymiary obrazka31 x 31 cmWymagania wiekowe od 7 latP\u0142e\u0107 (zabawki) Dziewczynki i ch\u0142opcyPozosta\u0142e parametryWymiary opakowania: 32,5 x 32,5 x 3,7 cm<\/p>\n<h2>Clementoni Puzzle 250El. Frame Me Up \u017by\u0107 Szybciej Clementoni<\/h2>\n<p>prezent na 1 urodziny, bajka o smoku wawelskim, hot wheels kolorowanka, sentencje o rodzinie, sentencje napisy cytaty o rodzinie, zagadki dla nastolatk\u00f3w, imiona dla ch\u0142opc\u00f3w, wiersz na dobranoc dla dzieci, sentencje o dzieciach, planety uk\u0142ad s\u0142oneczny dla dzieci do druku, pomys\u0142 na prezent dla 15 latki, mega trudne zagadki logiczne, zaproszenia na urodziny do wydruku czarno bia\u0142e, sky kolorowanka, mi\u0142osz imi\u0119, kontynenty dla dzieci do druku, zabawy logiczne dla dzieci<\/p>\n<p>yyyyy<\/p>\n<p>&nbsp;<\/p>\n","protected":false},"excerpt":{"rendered":"<p>Puzzle 250 element\u00f3w Frame Me Up &#8211; \u017by\u0107 szybciejPuzzle Clementoni towarzysz\u0105 dziecku w ka\u017cdej fazie jego wzrostu, pomagaj\u0105c mu rozwija\u0107 zr\u0119czno\u015b\u0107 manualn\u0105 i zmys\u0142 obserwacji.Jako\u015b\u0107 materia\u0142\u00f3w i wyj\u0105tkowa technika druku gwarantuj\u0105, \u017ce ilustracje bed\u0105 zawsze pi\u0119kne, \u017cywe i b\u0142yszcz\u0105ce, a zabawa nigdy si\u0119 nie znudzi.Informacje o produkcieNr katalogowy38501Marka (Zabawki) BrakRodzaj (puzzle) StandardLiczba element\u00f3w 250Wymiary obrazka31 [&hellip;]<\/p>\n","protected":false},"featured_media":11080,"comment_status":"closed","ping_status":"open","template":"","meta":[],"product_cat":[163,90],"product_tag":[666,722,727,609],"class_list":["post-11079","product","type-product","status-publish","has-post-thumbnail","hentry","product_cat-clementoni","product_cat-puzzle","product_tag-afrykanskie-imiona","product_tag-cytaty-o-przyjazni","product_tag-godlo-polski-do-druku","product_tag-quiz-flagi-europy"],"_links":{"self":[{"href":"http:\/\/klubmamgdynia.pl\/index.php\/wp-json\/wp\/v2\/product\/11079","targetHints":{"allow":["GET"]}}],"collection":[{"href":"http:\/\/klubmamgdynia.pl\/index.php\/wp-json\/wp\/v2\/product"}],"about":[{"href":"http:\/\/klubmamgdynia.pl\/index.php\/wp-json\/wp\/v2\/types\/product"}],"replies":[{"embeddable":true,"href":"http:\/\/klubmamgdynia.pl\/index.php\/wp-json\/wp\/v2\/comments?post=11079"}],"wp:featuredmedia":[{"embeddable":true,"href":"http:\/\/klubmamgdynia.pl\/index.php\/wp-json\/wp\/v2\/media\/11080"}],"wp:attachment":[{"href":"http:\/\/klubmamgdynia.pl\/index.php\/wp-json\/wp\/v2\/media?parent=11079"}],"wp:term":[{"taxonomy":"product_cat","embeddable":true,"href":"http:\/\/klubmamgdynia.pl\/index.php\/wp-json\/wp\/v2\/product_cat?post=11079"},{"taxonomy":"product_tag","embeddable":true,"href":"http:\/\/klubmamgdynia.pl\/index.php\/wp-json\/wp\/v2\/product_tag?post=11079"}],"curies":[{"name":"wp","href":"https:\/\/api.w.org\/{rel}","templated":true}]}}