{"id":11087,"date":"2021-10-05T06:03:20","date_gmt":"2021-10-05T04:03:20","guid":{"rendered":"http:\/\/klubmamgdynia.pl\/index.php\/produkt\/tomy-pan-robokasjer-e72612\/"},"modified":"2026-05-17T22:43:31","modified_gmt":"2026-05-17T20:43:31","slug":"tomy-pan-robokasjer-e72612","status":"publish","type":"product","link":"http:\/\/klubmamgdynia.pl\/index.php\/produkt\/tomy-pan-robokasjer-e72612\/","title":{"rendered":"Tomy Pan Robokasjer E72612"},"content":{"rendered":"<p>Pan Robokasjer to propozycja dla najm\u0142odszych fan\u00f3w zakup\u00f3w!To weso\u0142a kasa w formie prze\u015bmiesznego robocika, kt\u00f3ra podczas zabawy wydaje charakterystyczne d\u017cwi\u0119ki migaj\u0105c przy tym oczami. Jedna z r\u0105k Robokasjera to skaner &#8211; zbli\u017c do niego produkt, aby us\u0142ysze\u0107 d\u017awi\u0119k skanowania, potem tylko wrzu\u0107 pieni\u0105\u017cek w &#8222;paszcz\u0119&#8221; robota i ju\u017c zakupy zrobione!Wciskaj\u0105c przyciski umieszczone na korpusie czy wrzucaj\u0105c pieni\u0105zki do wn\u0119trza zabawki dziecko b\u0119dzie s\u0142ysza\u0142o charakterystyczne dla robota d\u017awieki, kt\u00f3rym b\u0119d\u0105 towarzyszy\u0107 migaj\u0105ce w r\u00f3\u017cnym tempie czerwone lampki umieszczone w jego oczach. Po naci\u015bni\u0119ciu \u017c\u00f3\u0142tego tr\u00f3jk\u0105tnego przycisku szuflada kasy otworzy si\u0119, a w nej b\u0119dzie reszta za op\u0142acone zakupy!Charakterystyka produktu:zabawie towarzysz\u0105 efekty \u015bwietlne i d\u017awi\u0119koweotwierana szuflada kasyd\u017awiekowe przyciski do typowaniad\u017awi\u0119kowy skaner6 monetzakupy: wyt\u0142oczka z jajkami i mlekoWymiary opakowania: 24,3 x 18,5 x 21 cm.Zasilanie: 3 x 1,5V AAA LR03<\/p>\n<h2>Tomy Pan Robokasjer E72612 Tomy<\/h2>\n<p>prezenty dla rocznego dziecka, wiosna zagadki s\u0142owne, kolorowanka peppa do druku, testy ma\u0142y ksi\u0105\u017ce, znaczenie imiona pola, ma\u0142o nas do pieczenia chleba, quiz stolice europy, gry planszowe dla nastolatk\u00f3w, wyci\u0119cia szablon korony do druku, fajne zagadki, kolorowanka europa, prezent dla 14 latki, bajki terapeutyczne o emocjach, hymn g\u00f3rniczy, cytaty ma\u0142y ksi\u0105\u017ce, zadania dla dzieci z ukrainy<\/p>\n<p>yyyyy<\/p>\n<p>&nbsp;<\/p>\n","protected":false},"excerpt":{"rendered":"<p>Pan Robokasjer to propozycja dla najm\u0142odszych fan\u00f3w zakup\u00f3w!To weso\u0142a kasa w formie prze\u015bmiesznego robocika, kt\u00f3ra podczas zabawy wydaje charakterystyczne d\u017cwi\u0119ki migaj\u0105c przy tym oczami. Jedna z r\u0105k Robokasjera to skaner &#8211; zbli\u017c do niego produkt, aby us\u0142ysze\u0107 d\u017awi\u0119k skanowania, potem tylko wrzu\u0107 pieni\u0105\u017cek w &#8222;paszcz\u0119&#8221; robota i ju\u017c zakupy zrobione!Wciskaj\u0105c przyciski umieszczone na korpusie czy [&hellip;]<\/p>\n","protected":false},"featured_media":11088,"comment_status":"closed","ping_status":"open","template":"","meta":[],"product_cat":[1327,61],"product_tag":[761,750,593,713,820],"class_list":["post-11087","product","type-product","status-publish","has-post-thumbnail","hentry","product_cat-tomy","product_cat-zabawki-edukacyjne-dla-niemowlat","product_tag-choinko-piekna-jak-las-tekst","product_tag-imie-kostek","product_tag-jak-narysowac-konia","product_tag-zagadki-logiczne-z-odpowiedziami","product_tag-ziemia-wyspa-zielona-tekst"],"_links":{"self":[{"href":"http:\/\/klubmamgdynia.pl\/index.php\/wp-json\/wp\/v2\/product\/11087","targetHints":{"allow":["GET"]}}],"collection":[{"href":"http:\/\/klubmamgdynia.pl\/index.php\/wp-json\/wp\/v2\/product"}],"about":[{"href":"http:\/\/klubmamgdynia.pl\/index.php\/wp-json\/wp\/v2\/types\/product"}],"replies":[{"embeddable":true,"href":"http:\/\/klubmamgdynia.pl\/index.php\/wp-json\/wp\/v2\/comments?post=11087"}],"wp:featuredmedia":[{"embeddable":true,"href":"http:\/\/klubmamgdynia.pl\/index.php\/wp-json\/wp\/v2\/media\/11088"}],"wp:attachment":[{"href":"http:\/\/klubmamgdynia.pl\/index.php\/wp-json\/wp\/v2\/media?parent=11087"}],"wp:term":[{"taxonomy":"product_cat","embeddable":true,"href":"http:\/\/klubmamgdynia.pl\/index.php\/wp-json\/wp\/v2\/product_cat?post=11087"},{"taxonomy":"product_tag","embeddable":true,"href":"http:\/\/klubmamgdynia.pl\/index.php\/wp-json\/wp\/v2\/product_tag?post=11087"}],"curies":[{"name":"wp","href":"https:\/\/api.w.org\/{rel}","templated":true}]}}