{"id":11103,"date":"2012-09-20T06:26:38","date_gmt":"2012-09-20T04:26:38","guid":{"rendered":"http:\/\/klubmamgdynia.pl\/index.php\/produkt\/onikuma-6972470561647\/"},"modified":"2026-05-01T00:06:22","modified_gmt":"2026-04-30T22:06:22","slug":"onikuma-6972470561647","status":"publish","type":"product","link":"http:\/\/klubmamgdynia.pl\/index.php\/produkt\/onikuma-6972470561647\/","title":{"rendered":"Onikuma (6972470561647)"},"content":{"rendered":"<p>PRZEWODOWA MYSZ DLA GRACZYONIKUMA CW911Mysz dla PRAWDZIWYCH graczy!Bardzo wysoka jako\u015b\u0107 wykonania!Unikalny drapie\u017cny wygl\u0105d!ULTRALEKKA konstrukcja 68g!Przycisk zmiany DPIDPI 1200\/1600\/2400\/3200\/4800\/6400\/7200 DPI &#8211; NIEZWYKLE WYSOKA PRECYZJAZMIANA KOLOR\u00d3W w r\u00f3\u017cnych trybach DPI6 przycisk\u00f3wOPTYCZNY sensor SPCP-199Przew\u00f3d W OPLOCIE o d\u0142ugo\u015bci 1,5 m zako\u0144czony wtyczk\u0105 USBANTYPO\u015aLIZGOWA pow\u0142okaPOD\u015aWIETLENIE RGB! NIEZWYK\u0141Y EFEKT!<\/p>\n<h2>Onikuma (6972470561647) Onikuma<\/h2>\n<p>kiekrz, nauka zegara, prezent dla siedemnastolatka, malgorzata imi\u0119, kolorowanka pokemon, m\u0105dre \u017cyczenia \u015bwi\u0105teczne, papierowe ozdoby \u015bwi\u0105teczne, zagadka logiczna, ale kino program, labirynty dla dzieci, wyci\u0119cia szablon korony do druku, quiz flagi \u015bwiata, paula znaczenie imienia, zabawa dla 7 latka, znaczenie imienia milan, mdk aleksandr\u00f3w \u0142\u00f3dzki, w uk\u0142adzie s\u0142onecznym tekst<\/p>\n<p>yyyyy<\/p>\n<p>&nbsp;<\/p>\n","protected":false},"excerpt":{"rendered":"<p>PRZEWODOWA MYSZ DLA GRACZYONIKUMA CW911Mysz dla PRAWDZIWYCH graczy!Bardzo wysoka jako\u015b\u0107 wykonania!Unikalny drapie\u017cny wygl\u0105d!ULTRALEKKA konstrukcja 68g!Przycisk zmiany DPIDPI 1200\/1600\/2400\/3200\/4800\/6400\/7200 DPI &#8211; NIEZWYKLE WYSOKA PRECYZJAZMIANA KOLOR\u00d3W w r\u00f3\u017cnych trybach DPI6 przycisk\u00f3wOPTYCZNY sensor SPCP-199Przew\u00f3d W OPLOCIE o d\u0142ugo\u015bci 1,5 m zako\u0144czony wtyczk\u0105 USBANTYPO\u015aLIZGOWA pow\u0142okaPOD\u015aWIETLENIE RGB! NIEZWYK\u0141Y EFEKT! Onikuma (6972470561647) Onikuma kiekrz, nauka zegara, prezent dla siedemnastolatka, malgorzata imi\u0119, [&hellip;]<\/p>\n","protected":false},"featured_media":11104,"comment_status":"closed","ping_status":"open","template":"","meta":[],"product_cat":[1943,1942],"product_tag":[827,611,810,855,647],"class_list":["post-11103","product","type-product","status-publish","has-post-thumbnail","hentry","product_cat-myszy-i-trackballe","product_cat-onikuma","product_tag-bajki-dla-niemowlat","product_tag-bajki-do-czytania-psi-patrol","product_tag-nauka-zegara-do-druku","product_tag-nietypowe-imiona-zenskie","product_tag-warszawa-z-dzieckiem"],"_links":{"self":[{"href":"http:\/\/klubmamgdynia.pl\/index.php\/wp-json\/wp\/v2\/product\/11103","targetHints":{"allow":["GET"]}}],"collection":[{"href":"http:\/\/klubmamgdynia.pl\/index.php\/wp-json\/wp\/v2\/product"}],"about":[{"href":"http:\/\/klubmamgdynia.pl\/index.php\/wp-json\/wp\/v2\/types\/product"}],"replies":[{"embeddable":true,"href":"http:\/\/klubmamgdynia.pl\/index.php\/wp-json\/wp\/v2\/comments?post=11103"}],"wp:featuredmedia":[{"embeddable":true,"href":"http:\/\/klubmamgdynia.pl\/index.php\/wp-json\/wp\/v2\/media\/11104"}],"wp:attachment":[{"href":"http:\/\/klubmamgdynia.pl\/index.php\/wp-json\/wp\/v2\/media?parent=11103"}],"wp:term":[{"taxonomy":"product_cat","embeddable":true,"href":"http:\/\/klubmamgdynia.pl\/index.php\/wp-json\/wp\/v2\/product_cat?post=11103"},{"taxonomy":"product_tag","embeddable":true,"href":"http:\/\/klubmamgdynia.pl\/index.php\/wp-json\/wp\/v2\/product_tag?post=11103"}],"curies":[{"name":"wp","href":"https:\/\/api.w.org\/{rel}","templated":true}]}}