{"id":11141,"date":"2025-09-30T10:42:39","date_gmt":"2025-09-30T08:42:39","guid":{"rendered":"http:\/\/klubmamgdynia.pl\/?post_type=product&#038;p=11141"},"modified":"2026-05-17T22:37:37","modified_gmt":"2026-05-17T20:37:37","slug":"marvel-movie-figurka-hulk-16-cm","status":"publish","type":"product","link":"http:\/\/klubmamgdynia.pl\/index.php\/produkt\/marvel-movie-figurka-hulk-16-cm\/","title":{"rendered":"Marvel Movie FIGURKA Hulk 16 Cm"},"content":{"rendered":"<p>Figurka Marvel Movie Collection 1:16 Hulk 16 cm<\/p>\n<h2>Marvel Movie FIGURKA Hulk 16 Cm Abysse<\/h2>\n<p>test z tajemniczego ogrodu, narodziny dziecka cytaty, jagna imi\u0119, kolorowanki patriotyczne symbole narodowe kolorowanka, zagadki dla dzieci 7 lat, quiz flagi \u015bwiata, bajki do czytania dla dzieci, quiz o \u015bwi\u0119tach bo\u017cego narodzenia, test z tajemniczego ogrodu, kolorowanka do malowania farbami, bajki dla dzieci online, peppa do druku, gry planszowe dla nastolatk\u00f3w, zagadki przyrodnicze, kolorowe listki, rysunki do druku, plecak torba i walizka, bajki na dobranoc psi patrol, sabina<\/p>\n<p>yyyyy<\/p>\n<p>&nbsp;<\/p>\n","protected":false},"excerpt":{"rendered":"<p>Figurka Marvel Movie Collection 1:16 Hulk 16 cm Marvel Movie FIGURKA Hulk 16 Cm Abysse test z tajemniczego ogrodu, narodziny dziecka cytaty, jagna imi\u0119, kolorowanki patriotyczne symbole narodowe kolorowanka, zagadki dla dzieci 7 lat, quiz flagi \u015bwiata, bajki do czytania dla dzieci, quiz o \u015bwi\u0119tach bo\u017cego narodzenia, test z tajemniczego ogrodu, kolorowanka do malowania farbami, [&hellip;]<\/p>\n","protected":false},"featured_media":11142,"comment_status":"closed","ping_status":"open","template":"","meta":[],"product_cat":[1753,1199],"product_tag":[657,677,684,841],"class_list":["post-11141","product","type-product","status-publish","has-post-thumbnail","hentry","product_cat-abysse","product_cat-gadzety-filmowe","product_tag-lol-kolorowanka","product_tag-milosz-imie","product_tag-prezent-dla-dziewczynki-na-roczek","product_tag-quiz-o-flagach"],"_links":{"self":[{"href":"http:\/\/klubmamgdynia.pl\/index.php\/wp-json\/wp\/v2\/product\/11141","targetHints":{"allow":["GET"]}}],"collection":[{"href":"http:\/\/klubmamgdynia.pl\/index.php\/wp-json\/wp\/v2\/product"}],"about":[{"href":"http:\/\/klubmamgdynia.pl\/index.php\/wp-json\/wp\/v2\/types\/product"}],"replies":[{"embeddable":true,"href":"http:\/\/klubmamgdynia.pl\/index.php\/wp-json\/wp\/v2\/comments?post=11141"}],"wp:featuredmedia":[{"embeddable":true,"href":"http:\/\/klubmamgdynia.pl\/index.php\/wp-json\/wp\/v2\/media\/11142"}],"wp:attachment":[{"href":"http:\/\/klubmamgdynia.pl\/index.php\/wp-json\/wp\/v2\/media?parent=11141"}],"wp:term":[{"taxonomy":"product_cat","embeddable":true,"href":"http:\/\/klubmamgdynia.pl\/index.php\/wp-json\/wp\/v2\/product_cat?post=11141"},{"taxonomy":"product_tag","embeddable":true,"href":"http:\/\/klubmamgdynia.pl\/index.php\/wp-json\/wp\/v2\/product_tag?post=11141"}],"curies":[{"name":"wp","href":"https:\/\/api.w.org\/{rel}","templated":true}]}}