{"id":11147,"date":"2017-11-25T01:50:23","date_gmt":"2017-11-25T00:50:23","guid":{"rendered":"http:\/\/klubmamgdynia.pl\/index.php\/produkt\/alexander-poznaj-polske-1778\/"},"modified":"2026-05-17T22:20:13","modified_gmt":"2026-05-17T20:20:13","slug":"alexander-poznaj-polske-1778","status":"publish","type":"product","link":"http:\/\/klubmamgdynia.pl\/index.php\/produkt\/alexander-poznaj-polske-1778\/","title":{"rendered":"Alexander Poznaj Polsk\u0119 1778"},"content":{"rendered":"<p>Zestaw gier i zabaw edukacyjnych Poznaj Polsk\u0119 Alexander Poznaj Polsk\u0119 to zestaw gier, kt\u00f3rych tematem jest Polska. W zestawie s\u0105 m. in. dwustronne puzzle z map\u0105 Polski. Na mapach przedstawiono podzia\u0142 administracyjny kraju na wojew\u00f3dztwa wraz z oznaczeniem stolic ka\u017cdego z nich, a tak\u017ce zaprezentowano stroje ludowe i ciekawe obiekty lub miejsca. Warto przeanalizowa\u0107 te mapy &#8211; informacje, kt\u00f3re mo\u017cna z nich wyczyta\u0107, mo\u017cna wykorzysta\u0107 w innych zawartych w zestawie grach. W pude\u0142ku s\u0105 te\u017c gra planszowa z rekwizytami, gra karciana Piotru\u015b, quiz dat historycznych, a tak\u017ce gra Pami\u0119\u0107. W zestawie znajduje si\u0119 folder z ciekawostkami o historii, geografii lub przyrody Polski. Zawarto\u015b\u0107 jest r\u00f3\u017cnorodna i mo\u017ce zaciekawi\u0107 osoby w r\u00f3\u017cnym wieku. Zestaw gier Poznaj Polsk\u0119 mo\u017ce by\u0107 \u017ar\u00f3d\u0142em dobrej zabawy, w trakcie kt\u00f3rej wiedza o Polsce b\u0119dzie przyswajana przez graczy niejako przy okazji, co ma walor edukacyjny. Podstawowe informacje o produkcie:Zestaw gier i zabaw edukacyjnych Poznaj Polsk\u0119 Alexander Zawarto\u015b\u0107 pude\u0142ka: dwustronna mapa (puzzle 12 element\u00f3w), pionek, 40 \u017ceton\u00f3w, kostka, 55 kart pyta\u0144, 25 kart stroj\u00f3w, 30 kart dat, 40 tabliczek herb\u00f3w, folder informacyjny, plansza, klepsydra oraz instrukcja Wiek graczy: 5+ Liczba graczy: 1-4 Wymiary pude\u0142ka: 38&#215;25,5&#215;5,5 cm Opinie Klient\u00f3w sklepu Polska Rzecz o produkcie:Zestaw gier i zabaw edukacyjnych Poznaj Polsk\u0119 Alexander Je\u017celi w naszym sklepie zosta\u0142a opublikowana opinia o produkcie, kt\u00f3ry teraz ogl\u0105dasz, znajdziesz j\u0105 poni\u017cej. R\u00f3wnie\u017c Ciebie zapraszamy do publikowania opinii o prezentowanych tu produktach. Opisz swoje wra\u017cenia z u\u017cytkowania ocenianej rzeczy lub uzupe\u0142nij prezentowany w sklepie opis. Mo\u017cesz w ten spos\u00f3b pom\u00f3c innym Klientom wybra\u0107 odpowiednie dla nich towary. Pami\u0119taj o tym, \u017ce opinie o produktach mog\u0105 publikowa\u0107 tylko osoby, kt\u00f3re za\u0142o\u017cy\u0142y w naszym sklepie swoje konto.<\/p>\n<h2>Alexander Poznaj Polsk\u0119 1778 Alexander<\/h2>\n<p>cytaty ma\u0142y ksi\u0105\u017ce, jesienne zagadki, praktyczny prezent dla rocznego dziecka, paloma, zagadki dla dzieci 6 lat, list do miko\u0142aja wz\u00f3r pdf, prezenty na roczek dla ch\u0142opca, \u0142amig\u0142\u00f3wki dla 4 latka do druku, wzruszaj\u0105ce teksty dla mamy, atrakcje dla dzieci warszawa, test z lektury opowie\u015bci z narnii lew czarownica i stara szafa z odpowiedziami, bajka o biedronce, karty pracy dla dzieci z ukrainy do druku, molo w brze\u017anie, materac do basenu, kotek kolorowanka, zagadki zimowe dla dzieci, quiz stolice europy, szlaczki do druku, rzadkie imiona dla dziewczynek<\/p>\n<p>yyyyy<\/p>\n<p>&nbsp;<\/p>\n","protected":false},"excerpt":{"rendered":"<p>Zestaw gier i zabaw edukacyjnych Poznaj Polsk\u0119 Alexander Poznaj Polsk\u0119 to zestaw gier, kt\u00f3rych tematem jest Polska. W zestawie s\u0105 m. in. dwustronne puzzle z map\u0105 Polski. Na mapach przedstawiono podzia\u0142 administracyjny kraju na wojew\u00f3dztwa wraz z oznaczeniem stolic ka\u017cdego z nich, a tak\u017ce zaprezentowano stroje ludowe i ciekawe obiekty lub miejsca. Warto przeanalizowa\u0107 te [&hellip;]<\/p>\n","protected":false},"featured_media":11148,"comment_status":"closed","ping_status":"open","template":"","meta":[],"product_cat":[246,130],"product_tag":[839,676,670,711],"class_list":["post-11147","product","type-product","status-publish","has-post-thumbnail","hentry","product_cat-alexander","product_cat-gry-dzieciece","product_tag-bajki-na-dobranoc-do-czytania","product_tag-bursztynek","product_tag-irma","product_tag-prezenty-dla-nastolatkow"],"_links":{"self":[{"href":"http:\/\/klubmamgdynia.pl\/index.php\/wp-json\/wp\/v2\/product\/11147","targetHints":{"allow":["GET"]}}],"collection":[{"href":"http:\/\/klubmamgdynia.pl\/index.php\/wp-json\/wp\/v2\/product"}],"about":[{"href":"http:\/\/klubmamgdynia.pl\/index.php\/wp-json\/wp\/v2\/types\/product"}],"replies":[{"embeddable":true,"href":"http:\/\/klubmamgdynia.pl\/index.php\/wp-json\/wp\/v2\/comments?post=11147"}],"wp:featuredmedia":[{"embeddable":true,"href":"http:\/\/klubmamgdynia.pl\/index.php\/wp-json\/wp\/v2\/media\/11148"}],"wp:attachment":[{"href":"http:\/\/klubmamgdynia.pl\/index.php\/wp-json\/wp\/v2\/media?parent=11147"}],"wp:term":[{"taxonomy":"product_cat","embeddable":true,"href":"http:\/\/klubmamgdynia.pl\/index.php\/wp-json\/wp\/v2\/product_cat?post=11147"},{"taxonomy":"product_tag","embeddable":true,"href":"http:\/\/klubmamgdynia.pl\/index.php\/wp-json\/wp\/v2\/product_tag?post=11147"}],"curies":[{"name":"wp","href":"https:\/\/api.w.org\/{rel}","templated":true}]}}