{"id":11175,"date":"2011-11-13T09:15:55","date_gmt":"2011-11-13T08:15:55","guid":{"rendered":"http:\/\/klubmamgdynia.pl\/index.php\/produkt\/tuban-klej-czerwony-pva-500ml\/"},"modified":"2026-04-05T20:41:35","modified_gmt":"2026-04-05T18:41:35","slug":"tuban-klej-czerwony-pva-500ml","status":"publish","type":"product","link":"http:\/\/klubmamgdynia.pl\/index.php\/produkt\/tuban-klej-czerwony-pva-500ml\/","title":{"rendered":"Tuban Klej Czerwony Pva 500Ml"},"content":{"rendered":"<p>TUBAN KLEJ PVA SUPER SLIME 0 5 litra Marka: TUBAN Pojemno\u015b\u0107: 500ml Kolor: nbsp;czerwony nbsp; I dealny dla dzieci od 3 roku \u017cycia Wyprodukowany w Polsce Klej jest bezpieczny i przebadany Kolejna nowo\u015b\u0107 od marki TUBAN to seria 6 nowych kolor\u00f3w klej\u00f3w TUBAN do tektury oraz tworzenia slime a Dzieciaki oszala\u0142y na punkcie SLIME Teraz i ty mo\u017cesz stworzy\u0107 w\u0142asnego i niepowtarzalnego gluta z pomoc\u0105 produkt\u00f3w polskiej marki TUBAN Do stworzenia unikatowego slime wystarczy tylko kilka sk\u0142adnik\u00f3w i odrobina kreatywno\u015bci Niezb\u0119dnym do zrobienia SLIME sk\u0142adnikiem jest klej PVA nadaje si\u0119 mi\u0119dzy innymi do papieru Klej mo\u017cna nanosi\u0107 bezpo\u015brednio z wygodnego korka Klej jest \u0142atwy w dozowaniu butelka zosta\u0142a wyposa\u017cona w korek niekapek Do stworzonego przez siebie SLIME mo\u017cesz doda\u0107 brokat nada\u0107 ciekawe barwy lub zmieni\u0107 zapach aromatem Dodatki sprzedawane oddzielnie Klej PVA Tuban dzia\u0142a z aktywatorem marki Tuban Aby zrobi\u0107 slime a na ka\u017cde 100 ml kleju PVA potrzebujesz ok 50 ml aktywatora W ofercie naszego sklepu znajdziesz gotowe SLIME a tak\u017ce wszystkie niezb\u0119dne materia\u0142y i akcesoria do robienia w\u0142asnych SLIM\u00d3W klej aktywator barwniki brokaty aromaty oraz styropianowe kulki w wielu kolorach<\/p>\n<h2>Tuban Klej Czerwony Pva 500Ml Tuban<\/h2>\n<p>cytaty o rodzinie, mega trudne zagadki logiczne, cytaty o rodzinie, prezent dla dziewczynki 7 lat, chase kolorowanka, maska wilka szablon, atrakcje do 30 km od wroc\u0142awia, prima aprilis w szkole, skye psi patrol kolorowanka, cytaty o przyja\u017ani ma\u0142y ksi\u0105\u017c\u0119, dzieci cytaty, zaj\u0119cia kulinarne dla dzieci pomys\u0142y, test zaczarowana zagroda<\/p>\n<p>yyyyy<\/p>\n<p>&nbsp;<\/p>\n","protected":false},"excerpt":{"rendered":"<p>TUBAN KLEJ PVA SUPER SLIME 0 5 litra Marka: TUBAN Pojemno\u015b\u0107: 500ml Kolor: nbsp;czerwony nbsp; I dealny dla dzieci od 3 roku \u017cycia Wyprodukowany w Polsce Klej jest bezpieczny i przebadany Kolejna nowo\u015b\u0107 od marki TUBAN to seria 6 nowych kolor\u00f3w klej\u00f3w TUBAN do tektury oraz tworzenia slime a Dzieciaki oszala\u0142y na punkcie SLIME Teraz [&hellip;]<\/p>\n","protected":false},"featured_media":11176,"comment_status":"closed","ping_status":"open","template":"","meta":[],"product_cat":[297,558],"product_tag":[687,735,799],"class_list":["post-11175","product","type-product","status-publish","has-post-thumbnail","hentry","product_cat-szkolne-artykuly-plastyczne","product_cat-tuban","product_tag-podchwytliwe-zagadki-matematyczne","product_tag-prezent-na-roczek-dziewczynka","product_tag-zagadka-logiczna"],"_links":{"self":[{"href":"http:\/\/klubmamgdynia.pl\/index.php\/wp-json\/wp\/v2\/product\/11175","targetHints":{"allow":["GET"]}}],"collection":[{"href":"http:\/\/klubmamgdynia.pl\/index.php\/wp-json\/wp\/v2\/product"}],"about":[{"href":"http:\/\/klubmamgdynia.pl\/index.php\/wp-json\/wp\/v2\/types\/product"}],"replies":[{"embeddable":true,"href":"http:\/\/klubmamgdynia.pl\/index.php\/wp-json\/wp\/v2\/comments?post=11175"}],"wp:featuredmedia":[{"embeddable":true,"href":"http:\/\/klubmamgdynia.pl\/index.php\/wp-json\/wp\/v2\/media\/11176"}],"wp:attachment":[{"href":"http:\/\/klubmamgdynia.pl\/index.php\/wp-json\/wp\/v2\/media?parent=11175"}],"wp:term":[{"taxonomy":"product_cat","embeddable":true,"href":"http:\/\/klubmamgdynia.pl\/index.php\/wp-json\/wp\/v2\/product_cat?post=11175"},{"taxonomy":"product_tag","embeddable":true,"href":"http:\/\/klubmamgdynia.pl\/index.php\/wp-json\/wp\/v2\/product_tag?post=11175"}],"curies":[{"name":"wp","href":"https:\/\/api.w.org\/{rel}","templated":true}]}}