{"id":11197,"date":"2019-11-02T20:41:03","date_gmt":"2019-11-02T19:41:03","guid":{"rendered":"http:\/\/klubmamgdynia.pl\/index.php\/produkt\/ses-nl-koraliki-do-prasowanek-sloneczniki\/"},"modified":"2026-04-29T08:14:51","modified_gmt":"2026-04-29T06:14:51","slug":"ses-nl-koraliki-do-prasowanek-sloneczniki","status":"publish","type":"product","link":"http:\/\/klubmamgdynia.pl\/index.php\/produkt\/ses-nl-koraliki-do-prasowanek-sloneczniki\/","title":{"rendered":"Ses Nl Koraliki Do Prasowanek S\u0142oneczniki"},"content":{"rendered":"<p>Kolorowe koraliki 7.000 szt., spakowane w pude\u0142ku pozwol\u0105 na wykazanie si\u0119 kreatywno\u015bci\u0105. Po u\u0142o\u017ceniu ich na specjalnej podstawce i zaprasowaniu przez pergamin, \u0142\u0105cz\u0105 si\u0119 ze sob\u0105 tworz\u0105c trwa\u0142\u0105 mozaik\u0119.Koralikowy obrazek mo\u017cna wykorzysta\u0107 lub wr\u0119czy\u0107 bliskiej osobie jako niezapomniany prezent. Zabawka przeznaczona dla dzieci powy\u017cej 5 lat. Wyprodukowano w Holandii.Instrukcja: na podk\u0142adkach nale\u017cy z koralik\u00f3w u\u0142o\u017cy\u0107 wz\u00f3r, nast\u0119pnie przeprasowa\u0107 koraliki \u017celazkiem przez za\u0142\u0105czony papier. Prasowa\u0107 w jednym miejscu po max 20 sec. Najlepiej robi\u0107 to ma\u0142ymi etapami i przyk\u0142ada\u0107 w to miejsce co\u015b ci\u0119\u017ckiego. Zaprasowany element trzeba umie\u015bci\u0107 pod ci\u0119\u017ckim przedmiotem na 15 min i gotowe!EAN: 8710341060039<\/p>\n<h2>Ses Nl Koraliki Do Prasowanek S\u0142oneczniki Ses Creative<\/h2>\n<p>zaproszenie na urodziny do druku pdf, pozna\u0144 atrakcje dla dzieci, litera y do druku, jaki prezent na roczek, lew czarownica i stara szafa test, filmy na \u015bwi\u0119ta bo\u017cego narodzenia, laurka na urodziny do druku, wr\u00f3\u017cby andrzejkowe kolory<\/p>\n<p>yyyyy<\/p>\n<p>&nbsp;<\/p>\n","protected":false},"excerpt":{"rendered":"<p>Kolorowe koraliki 7.000 szt., spakowane w pude\u0142ku pozwol\u0105 na wykazanie si\u0119 kreatywno\u015bci\u0105. Po u\u0142o\u017ceniu ich na specjalnej podstawce i zaprasowaniu przez pergamin, \u0142\u0105cz\u0105 si\u0119 ze sob\u0105 tworz\u0105c trwa\u0142\u0105 mozaik\u0119.Koralikowy obrazek mo\u017cna wykorzysta\u0107 lub wr\u0119czy\u0107 bliskiej osobie jako niezapomniany prezent. Zabawka przeznaczona dla dzieci powy\u017cej 5 lat. Wyprodukowano w Holandii.Instrukcja: na podk\u0142adkach nale\u017cy z koralik\u00f3w u\u0142o\u017cy\u0107 [&hellip;]<\/p>\n","protected":false},"featured_media":11198,"comment_status":"closed","ping_status":"open","template":"","meta":[],"product_cat":[1072,21],"product_tag":[689,613,794,869],"class_list":["post-11197","product","type-product","status-publish","has-post-thumbnail","hentry","product_cat-ses-creative","product_cat-zabawki-plastyczne","product_tag-linda","product_tag-na-wyspach-bergamutach","product_tag-test-opowiesci-z-narnii-lew-czarownica-i-stara-szafa-do-druku","product_tag-zagadki-na-logike"],"_links":{"self":[{"href":"http:\/\/klubmamgdynia.pl\/index.php\/wp-json\/wp\/v2\/product\/11197","targetHints":{"allow":["GET"]}}],"collection":[{"href":"http:\/\/klubmamgdynia.pl\/index.php\/wp-json\/wp\/v2\/product"}],"about":[{"href":"http:\/\/klubmamgdynia.pl\/index.php\/wp-json\/wp\/v2\/types\/product"}],"replies":[{"embeddable":true,"href":"http:\/\/klubmamgdynia.pl\/index.php\/wp-json\/wp\/v2\/comments?post=11197"}],"wp:featuredmedia":[{"embeddable":true,"href":"http:\/\/klubmamgdynia.pl\/index.php\/wp-json\/wp\/v2\/media\/11198"}],"wp:attachment":[{"href":"http:\/\/klubmamgdynia.pl\/index.php\/wp-json\/wp\/v2\/media?parent=11197"}],"wp:term":[{"taxonomy":"product_cat","embeddable":true,"href":"http:\/\/klubmamgdynia.pl\/index.php\/wp-json\/wp\/v2\/product_cat?post=11197"},{"taxonomy":"product_tag","embeddable":true,"href":"http:\/\/klubmamgdynia.pl\/index.php\/wp-json\/wp\/v2\/product_tag?post=11197"}],"curies":[{"name":"wp","href":"https:\/\/api.w.org\/{rel}","templated":true}]}}