{"id":112,"date":"2019-08-24T06:19:59","date_gmt":"2019-08-24T04:19:59","guid":{"rendered":"http:\/\/klubmamgdynia.pl\/index.php\/produkt\/lean-cars-samochod-na-akumulator-audi-rs-q8-czarny\/"},"modified":"2026-04-29T16:51:39","modified_gmt":"2026-04-29T14:51:39","slug":"lean-cars-samochod-na-akumulator-audi-rs-q8-czarny","status":"publish","type":"product","link":"http:\/\/klubmamgdynia.pl\/index.php\/produkt\/lean-cars-samochod-na-akumulator-audi-rs-q8-czarny\/","title":{"rendered":"Lean Cars Samoch\u00f3d Na Akumulator Audi Rs Q8 Czarny"},"content":{"rendered":"<p>Audi RS Q8 na akumulator Audi RS to pojazd, kt\u00f3ry odznacza si\u0119 charakterystycznym kszta\u0142tem \u2014 jest on nie do przeoczenia. To auto, kt\u00f3re poradzi sobie na ka\u017cdej drodze, przynosz\u0105c ka\u017cdemu kierowcy \u2014 zw\u0142aszcza temu ma\u0142emu, rewelacyjne emocje.Dzieci\u0119ca wersja Audi posiada nap\u0119d 2x45W, kt\u00f3ry w po\u0142\u0105czeniu z akumulatorem o mocy 12V7Ah umo\u017cliwia zabaw\u0119 w pr\u0119dko\u015bci od 3 do 5 km\/h. Co wi\u0119cej, model wyposa\u017cony jest w automatyczn\u0105 skrzyni\u0119 bieg\u00f3w z trzema pr\u0119dko\u015bciami, przez co ka\u017cdy ma\u0142y kierowca dostosuje szybko\u015b\u0107 pojazdu do swoich mo\u017cliwo\u015bci. Du\u017c\u0105 zalet\u0105 prezentowanego Audi RS Q8 dla dzieci jest wykonanie modelu z wysokogatunkowych materia\u0142\u00f3w najwy\u017cszej jako\u015bci, odpowiadaj\u0105cych za trwa\u0142o\u015b\u0107 i d\u0142ug\u0105 \u017cywotno\u015b\u0107 autka. Wszelkie elementy pozbawione s\u0105 ostrych zako\u0144cze\u0144, co jest gwarancj\u0105 bezpiecze\u0144stwa p\u0142yn\u0105cego z zabawy. Zminiaturyzowana wersja autka Audi dla dzieci osadzona jest na bie\u017cnikowanych ko\u0142ach EVA, kt\u00f3re zosta\u0142y wyprodukowane z tworzywa sztucznego, umo\u017cliwiaj\u0105cego komfortow\u0105 i wygodn\u0105 jazd\u0119 na nawierzchniach r\u00f3\u017cnego typu. Jazd\u0119 licencjonowanym Audi RS na akumulator uprzyjemniaj\u0105 tak\u017ce dodatki podnosz\u0105ce poziom bezpiecze\u0144stwa, takie jak \u015bwiat\u0142a LED, zwi\u0119kszaj\u0105ce widoczno\u015b\u0107 , oraz lusterka i drzwi z wewn\u0119trzn\u0105 blokad\u0105.Akumulatorowy pojazd przyci\u0105ga wzrok przechodni\u00f3w przede wszystkim swym kolorem, a tak\u017ce sportow\u0105 konstrukcj\u0105 z otwartym dachem, co jest rewelacyjnym rozwi\u0105zaniem na podr\u00f3\u017cowanie podczas ciep\u0142ych, s\u0142onecznych dni. Prezentowany model skonstruowany jest z charakterystycznych dla marki element\u00f3w, kt\u00f3re wygl\u0105daj\u0105 rewelacyjnie w ka\u017cdym wydaniu. Decyduj\u0105c si\u0119 na model Audi RS, mo\u017cecie by\u0107 pewni, \u017ce ka\u017cdy maluch \u2014 zar\u00f3wno dziewczynka, jak i ch\u0142opiec, b\u0119d\u0105 zafascynowani mo\u017cliwo\u015bci\u0105 samodzielnego prowadzenia pojazdu. Do zestawu do\u0142\u0105czono dedykowanypilot 2.4G, kt\u00f3ry posiada funkcj\u0119 nadawania kierunku i pr\u0119dko\u015bci jazdy, a tak\u017ce mo\u017cliwo\u015b\u0107 awaryjnego zatrzymania.Zminiaturyzowana wersja sportowego Audi RS Q8 na akumulator kryje w swoim wn\u0119trzu mi\u0119kki, wygodny fotel, kt\u00f3ry zosta\u0142 wykonany z ekosk\u00f3ry. Jego wymiary gwarantuj\u0105 komfortow\u0105 i bezpieczn\u0105 jazd\u0119, poniewa\u017c po\u0142\u0105czono go z pasem bezpiecze\u0144stwa. Kierownica z klaksonem i melodiami umieszczona jest tu\u017c obok deski rozdzielczej, na kt\u00f3rej znajduj\u0105 si\u0119 imitacje wska\u017anik\u00f3w i zegar\u00f3w, apanel muzyczny z odtwarzaczem MP3. Wystarczy wgra\u0107 wybrane piosenki na odtwarzacz lub pendrive, by kilkuletni kierowca m\u00f3g\u0142 wczu\u0107 si\u0119 w zabaw\u0119, podr\u00f3\u017cuj\u0105c ze swymi ulubionymi melodiami w tle. Dzieci\u0119cy pojazd akumulatorowy jest bardzo prosty w obs\u0142udze \u2014 by rozpocz\u0105\u0107 jazd\u0119, nale\u017cy wcisn\u0105\u0107 przycisk startu umieszczony obok kierownicy, a nast\u0119pnie u\u017cy\u0107 peda\u0142a gazu. Z \u0142atwo\u015bci\u0105 poradzi sobie z tym ka\u017cdy ma\u0142y kierowca.Wed\u0142ug zalece\u0144 producenta, dzieci\u0119cy pojazd na oryginalnej licencji koncernu przeznaczony jest dla wszystkich maluch\u00f3w, kt\u00f3re osi\u0105gn\u0119\u0142y 3. rok \u017cycia. Mamy jednak rozwi\u0105zanie umo\u017cliwiaj\u0105ce zabaw\u0119 m\u0142odszym kierowcom, zapewniaj\u0105ce weso\u0142e i bezpieczne przeja\u017cd\u017cki \u2014 pilot 2.4G, za kt\u00f3rego pomoc\u0105 stery pojazdu mog\u0105 przej\u0105\u0107 rodzice i opiekunowie. Autko zapakowane jest w oryginalny karton, monta\u017c wszystkich cz\u0119\u015bci i element\u00f3w jest prosty, zajmuje oko\u0142o 30 minut.Wymiary opakowania: 105 x 56x 35 cmWaga z opakowaniem : 17 kgInformacje o produkcieModel Audi RS Q8Kolor CzarnySilnik 2x45WAkumulator 12V7AhSkrzynia Bieg\u00f3w Automatyczna, 3 pr\u0119dko\u015bciWymiary Pojazdu 101cm x 62cm x 51cmPr\u0119dko\u015b\u0107 3-5 km\/hMasa W\u0142asna 13,5kgMax. Obci\u0105\u017cenie 25kgCzas \u0141adowania 8 godzinCzas Dzia\u0142ania 1-2 godzinyHamulec Automatyczny po zwolnieniu peda\u0142u gazu, Zatrzymanie awaryjne z pilota (P)Pasy Bezpiecze\u0144stwa \u2713Otwierane Drzwi \u2713Kluczyki \u2715Fotele Mi\u0119kka ekosk\u00f3raKo\u0142a Mi\u0119kkie EVAZdalne Sterowanie 2.4G, 3-stopniowa regulacja pr\u0119dko\u015bci\u015awiat\u0142a Przednie i Tylne LEDAudio USB, Wej\u015bcie MP3, Bluetooth<\/p>\n<h2>Lean Cars Samoch\u00f3d Na Akumulator Audi Rs Q8 Czarny Lean Cars<\/h2>\n<p>po\u0142\u0105cz kropki do druku \u0142atwe, znaczenie imienia marcel, podchwytliwe zagadki z odpowiedziami, wroc\u0142aw i okolice atrakcje, nietypowe imiona damskie, imie iwo, wierszyki o marzannie, oryginalny prezent dla nastolatk\u00f3w<\/p>\n<p>yyyyy<\/p>\n<p>&nbsp;<\/p>\n","protected":false},"excerpt":{"rendered":"<p>Audi RS Q8 na akumulator Audi RS to pojazd, kt\u00f3ry odznacza si\u0119 charakterystycznym kszta\u0142tem \u2014 jest on nie do przeoczenia. To auto, kt\u00f3re poradzi sobie na ka\u017cdej drodze, przynosz\u0105c ka\u017cdemu kierowcy \u2014 zw\u0142aszcza temu ma\u0142emu, rewelacyjne emocje.Dzieci\u0119ca wersja Audi posiada nap\u0119d 2x45W, kt\u00f3ry w po\u0142\u0105czeniu z akumulatorem o mocy 12V7Ah umo\u017cliwia zabaw\u0119 w pr\u0119dko\u015bci od [&hellip;]<\/p>\n","protected":false},"featured_media":113,"comment_status":"closed","ping_status":"open","template":"","meta":[],"product_cat":[69,24],"product_tag":[765,702,576],"class_list":["post-112","product","type-product","status-publish","has-post-thumbnail","hentry","product_cat-lean-cars","product_cat-samochody-dla-dzieci","product_tag-atrakcje-dla-dzieci-warszawa","product_tag-co-kupic-na-roczek-dla-dziewczynki","product_tag-trudne-zagadki"],"_links":{"self":[{"href":"http:\/\/klubmamgdynia.pl\/index.php\/wp-json\/wp\/v2\/product\/112","targetHints":{"allow":["GET"]}}],"collection":[{"href":"http:\/\/klubmamgdynia.pl\/index.php\/wp-json\/wp\/v2\/product"}],"about":[{"href":"http:\/\/klubmamgdynia.pl\/index.php\/wp-json\/wp\/v2\/types\/product"}],"replies":[{"embeddable":true,"href":"http:\/\/klubmamgdynia.pl\/index.php\/wp-json\/wp\/v2\/comments?post=112"}],"wp:featuredmedia":[{"embeddable":true,"href":"http:\/\/klubmamgdynia.pl\/index.php\/wp-json\/wp\/v2\/media\/113"}],"wp:attachment":[{"href":"http:\/\/klubmamgdynia.pl\/index.php\/wp-json\/wp\/v2\/media?parent=112"}],"wp:term":[{"taxonomy":"product_cat","embeddable":true,"href":"http:\/\/klubmamgdynia.pl\/index.php\/wp-json\/wp\/v2\/product_cat?post=112"},{"taxonomy":"product_tag","embeddable":true,"href":"http:\/\/klubmamgdynia.pl\/index.php\/wp-json\/wp\/v2\/product_tag?post=112"}],"curies":[{"name":"wp","href":"https:\/\/api.w.org\/{rel}","templated":true}]}}