{"id":11225,"date":"2018-10-09T05:45:53","date_gmt":"2018-10-09T03:45:53","guid":{"rendered":"http:\/\/klubmamgdynia.pl\/index.php\/produkt\/ty-meteor-maskotka-mysz-biala-ballerina-nina-24-cm\/"},"modified":"2026-04-30T14:06:15","modified_gmt":"2026-04-30T12:06:15","slug":"ty-meteor-maskotka-mysz-biala-ballerina-nina-24-cm","status":"publish","type":"product","link":"http:\/\/klubmamgdynia.pl\/index.php\/produkt\/ty-meteor-maskotka-mysz-biala-ballerina-nina-24-cm\/","title":{"rendered":"Ty Meteor Maskotka Mysz Bia\u0142a Ballerina Nina 24 Cm"},"content":{"rendered":"<p>Maskotka Ty Mysz bia\u0142a ballerina &#8211; Nina 24 cmInformacje o produkcieNr katalogowy36488Marka BeanieRodzaj MyszkiWymagania wiekowe od 3 latP\u0142e\u0107 Ch\u0142opcyDziewczynkiKolor R\u00f3\u017cowyBia\u0142yProdukt na baterie NieBaterie w zestawie NieZasilanie Nie dotyczyWysoko\u015b\u0107 24 cm<\/p>\n<h2>Ty Meteor Maskotka Mysz Bia\u0142a Ballerina Nina 24 Cm Meteor<\/h2>\n<p>prezent na pierwsze urodziny, dzien matki cytaty, milosc do dzieci, pi\u0119kne cytaty o synku, walentynka dla syna, kolorowanki na dzie\u0144 mamy, zagadki na dzie\u0144 przedszkolaka, wiersze o wakacjach, litery kolorowanka, desery dla dzieci, pomysl na prezent na roczek, \u015bmieszne kanapki kanapki dla dzieci, kolorowanki super zings, kira imi\u0119<\/p>\n<p>yyyyy<\/p>\n<p>&nbsp;<\/p>\n","protected":false},"excerpt":{"rendered":"<p>Maskotka Ty Mysz bia\u0142a ballerina &#8211; Nina 24 cmInformacje o produkcieNr katalogowy36488Marka BeanieRodzaj MyszkiWymagania wiekowe od 3 latP\u0142e\u0107 Ch\u0142opcyDziewczynkiKolor R\u00f3\u017cowyBia\u0142yProdukt na baterie NieBaterie w zestawie NieZasilanie Nie dotyczyWysoko\u015b\u0107 24 cm Ty Meteor Maskotka Mysz Bia\u0142a Ballerina Nina 24 Cm Meteor prezent na pierwsze urodziny, dzien matki cytaty, milosc do dzieci, pi\u0119kne cytaty o synku, walentynka [&hellip;]<\/p>\n","protected":false},"featured_media":11226,"comment_status":"closed","ping_status":"open","template":"","meta":[],"product_cat":[42,320],"product_tag":[754,612,862,835,757],"class_list":["post-11225","product","type-product","status-publish","has-post-thumbnail","hentry","product_cat-maskotki","product_cat-meteor","product_tag-dyplomy-do-wydrukowania-a4","product_tag-kolorowanki-do-druku","product_tag-nasza-zima-zla-tekst","product_tag-radosc-dziecka-cytaty","product_tag-test-z-lektury-ania-z-zielonego-wzgorza-klasa-6-z-odpowiedziami"],"_links":{"self":[{"href":"http:\/\/klubmamgdynia.pl\/index.php\/wp-json\/wp\/v2\/product\/11225","targetHints":{"allow":["GET"]}}],"collection":[{"href":"http:\/\/klubmamgdynia.pl\/index.php\/wp-json\/wp\/v2\/product"}],"about":[{"href":"http:\/\/klubmamgdynia.pl\/index.php\/wp-json\/wp\/v2\/types\/product"}],"replies":[{"embeddable":true,"href":"http:\/\/klubmamgdynia.pl\/index.php\/wp-json\/wp\/v2\/comments?post=11225"}],"wp:featuredmedia":[{"embeddable":true,"href":"http:\/\/klubmamgdynia.pl\/index.php\/wp-json\/wp\/v2\/media\/11226"}],"wp:attachment":[{"href":"http:\/\/klubmamgdynia.pl\/index.php\/wp-json\/wp\/v2\/media?parent=11225"}],"wp:term":[{"taxonomy":"product_cat","embeddable":true,"href":"http:\/\/klubmamgdynia.pl\/index.php\/wp-json\/wp\/v2\/product_cat?post=11225"},{"taxonomy":"product_tag","embeddable":true,"href":"http:\/\/klubmamgdynia.pl\/index.php\/wp-json\/wp\/v2\/product_tag?post=11225"}],"curies":[{"name":"wp","href":"https:\/\/api.w.org\/{rel}","templated":true}]}}