{"id":11250,"date":"2024-02-07T10:13:55","date_gmt":"2024-02-07T09:13:55","guid":{"rendered":"http:\/\/klubmamgdynia.pl\/?post_type=product&#038;p=11250"},"modified":"2026-04-03T20:33:51","modified_gmt":"2026-04-03T18:33:51","slug":"wygodna-konstrukcja-urzadzenie-wyposazono-w-czujnik-przeznaczony-do-gier-co-wiecej","status":"publish","type":"product","link":"http:\/\/klubmamgdynia.pl\/index.php\/produkt\/wygodna-konstrukcja-urzadzenie-wyposazono-w-czujnik-przeznaczony-do-gier-co-wiecej\/","title":{"rendered":"wygodn\u0105 konstrukcj\u0105. Urz\u0105dzenie wyposa\u017cono w czujnik przeznaczony do gier. Co wi\u0119cej"},"content":{"rendered":"<p>\u017ce gra b\u0119dzie bardziej wci\u0105gaj\u0105ca<\/p>\n<h2>wygodn\u0105 konstrukcj\u0105. Urz\u0105dzenie wyposa\u017cono w czujnik przeznaczony do gier. Co wi\u0119cej ale r\u00f3wnie\u017c pod\u015bwietli Twoje biurko.<\/h2>\n<p>kolorowanka sky, bajki dla dzieci za darmo, cytaty motywacyjne dla dzieci, kolorowanki dla ch\u0142opc\u00f3w do druku, kolorowanka ksi\u0119\u017cniczka, co kupi\u0107 na roczek dla dziewczynki, test znaki drogowe, myszka miki kolorowanka, wierszyki o wakacjach kr\u00f3tkie, walentynka dla syna, lodowiska w warszawie, cytaty o rodzinie, m\u00f3j przyjaciel mi\u015b scenariusz zaj\u0119\u0107 w przedszkolu, miastodzieci, cytat mama, pokemon do druku<\/p>\n<p>yyyyy<\/p>\n<p>&nbsp;<\/p>\n","protected":false},"excerpt":{"rendered":"<p>\u017ce gra b\u0119dzie bardziej wci\u0105gaj\u0105ca wygodn\u0105 konstrukcj\u0105. Urz\u0105dzenie wyposa\u017cono w czujnik przeznaczony do gier. Co wi\u0119cej ale r\u00f3wnie\u017c pod\u015bwietli Twoje biurko. kolorowanka sky, bajki dla dzieci za darmo, cytaty motywacyjne dla dzieci, kolorowanki dla ch\u0142opc\u00f3w do druku, kolorowanka ksi\u0119\u017cniczka, co kupi\u0107 na roczek dla dziewczynki, test znaki drogowe, myszka miki kolorowanka, wierszyki o wakacjach kr\u00f3tkie, [&hellip;]<\/p>\n","protected":false},"featured_media":0,"comment_status":"closed","ping_status":"open","template":"","meta":[],"product_cat":[1963],"product_tag":[758,730,816,737,823],"class_list":["post-11250","product","type-product","status-publish","hentry","product_cat-ale-rowniez-podswietli-twoje-biurko","product_tag-julian","product_tag-karyna","product_tag-place-zabaw-warszawa","product_tag-test-z-lektury-felix-net-i-nika-oraz-gang-niewidzialnych-ludzi","product_tag-zagadki-dla-dzieci-7-lat"],"_links":{"self":[{"href":"http:\/\/klubmamgdynia.pl\/index.php\/wp-json\/wp\/v2\/product\/11250","targetHints":{"allow":["GET"]}}],"collection":[{"href":"http:\/\/klubmamgdynia.pl\/index.php\/wp-json\/wp\/v2\/product"}],"about":[{"href":"http:\/\/klubmamgdynia.pl\/index.php\/wp-json\/wp\/v2\/types\/product"}],"replies":[{"embeddable":true,"href":"http:\/\/klubmamgdynia.pl\/index.php\/wp-json\/wp\/v2\/comments?post=11250"}],"wp:attachment":[{"href":"http:\/\/klubmamgdynia.pl\/index.php\/wp-json\/wp\/v2\/media?parent=11250"}],"wp:term":[{"taxonomy":"product_cat","embeddable":true,"href":"http:\/\/klubmamgdynia.pl\/index.php\/wp-json\/wp\/v2\/product_cat?post=11250"},{"taxonomy":"product_tag","embeddable":true,"href":"http:\/\/klubmamgdynia.pl\/index.php\/wp-json\/wp\/v2\/product_tag?post=11250"}],"curies":[{"name":"wp","href":"https:\/\/api.w.org\/{rel}","templated":true}]}}