{"id":11259,"date":"2015-03-18T03:41:33","date_gmt":"2015-03-18T02:41:33","guid":{"rendered":"http:\/\/klubmamgdynia.pl\/index.php\/produkt\/ladowanie-przez-usb-cmysz-mx-master-3-jest-szybsza-i-piec-razy-bardziej-precyzyjna-niz-standardowa-mysz\/"},"modified":"2026-04-21T05:28:11","modified_gmt":"2026-04-21T03:28:11","slug":"ladowanie-przez-usb-cmysz-mx-master-3-jest-szybsza-i-piec-razy-bardziej-precyzyjna-niz-standardowa-mysz","status":"publish","type":"product","link":"http:\/\/klubmamgdynia.pl\/index.php\/produkt\/ladowanie-przez-usb-cmysz-mx-master-3-jest-szybsza-i-piec-razy-bardziej-precyzyjna-niz-standardowa-mysz\/","title":{"rendered":"\u0142adowanie przez USB-CMysz MX Master 3 jest szybsza i pi\u0119\u0107 razy bardziej precyzyjna ni\u017c standardowa mysz"},"content":{"rendered":"<p>\u2013 z najlepsz\u0105 w swojej klasie czu\u0142o\u015bci\u0105 wynosz\u0105c\u0105 4000 dpi.Co wi\u0119cej<\/p>\n<h2>\u0142adowanie przez USB-CMysz MX Master 3 jest szybsza i pi\u0119\u0107 razy bardziej precyzyjna ni\u017c standardowa mysz \u017cywotno\u015b\u0107 akumulatora myszy MX Master 3 wynosi 70 dni po pe\u0142nym na\u0142adowaniu<\/h2>\n<p>rozalia imie, wierszyki na dobranoc dla dzieci, quiz minecraft, cytaty motywacyjne dla dzieci, prezent dla 19 latka, quiz o usa, jacek, skye kolorowanka, lucyna, kolorowanki do druku zwierz\u0119ta, kolorowanka kotki do druku, lew czarownica i stara szafa test, cyferki do druku, dyplomy do druku, \u0142amig\u0142\u00f3wki dla dzieci do wydruku, po\u0142\u0105cz kropki, minecraft quiz, fajne rzeczy dla nastolatk\u00f3w, kolorowanka my little pony, zagadki \u0142amig\u0142\u00f3wki<\/p>\n<p>yyyyy<\/p>\n<p>&nbsp;<\/p>\n","protected":false},"excerpt":{"rendered":"<p>\u2013 z najlepsz\u0105 w swojej klasie czu\u0142o\u015bci\u0105 wynosz\u0105c\u0105 4000 dpi.Co wi\u0119cej \u0142adowanie przez USB-CMysz MX Master 3 jest szybsza i pi\u0119\u0107 razy bardziej precyzyjna ni\u017c standardowa mysz \u017cywotno\u015b\u0107 akumulatora myszy MX Master 3 wynosi 70 dni po pe\u0142nym na\u0142adowaniu rozalia imie, wierszyki na dobranoc dla dzieci, quiz minecraft, cytaty motywacyjne dla dzieci, prezent dla 19 [&hellip;]<\/p>\n","protected":false},"featured_media":0,"comment_status":"closed","ping_status":"open","template":"","meta":[],"product_cat":[1973,1972],"product_tag":[842,646,767],"class_list":["post-11259","product","type-product","status-publish","hentry","product_cat-zas-po-jednominutowym-szybkim-ladowaniu-mozna-korzystac-z-niej-przez-trzy-godziny-uzyj-dolaczonego-kabla-do-ladowania-usb-c","product_cat-zywotnosc-akumulatora-myszy-mx-master-3-wynosi-70-dni-po-pelnym-naladowaniu","product_tag-plac-zabaw-poznan","product_tag-prezent-na-pierwsze-urodziny","product_tag-zaproszenia-urodzinowe-do-druku"],"_links":{"self":[{"href":"http:\/\/klubmamgdynia.pl\/index.php\/wp-json\/wp\/v2\/product\/11259","targetHints":{"allow":["GET"]}}],"collection":[{"href":"http:\/\/klubmamgdynia.pl\/index.php\/wp-json\/wp\/v2\/product"}],"about":[{"href":"http:\/\/klubmamgdynia.pl\/index.php\/wp-json\/wp\/v2\/types\/product"}],"replies":[{"embeddable":true,"href":"http:\/\/klubmamgdynia.pl\/index.php\/wp-json\/wp\/v2\/comments?post=11259"}],"wp:attachment":[{"href":"http:\/\/klubmamgdynia.pl\/index.php\/wp-json\/wp\/v2\/media?parent=11259"}],"wp:term":[{"taxonomy":"product_cat","embeddable":true,"href":"http:\/\/klubmamgdynia.pl\/index.php\/wp-json\/wp\/v2\/product_cat?post=11259"},{"taxonomy":"product_tag","embeddable":true,"href":"http:\/\/klubmamgdynia.pl\/index.php\/wp-json\/wp\/v2\/product_tag?post=11259"}],"curies":[{"name":"wp","href":"https:\/\/api.w.org\/{rel}","templated":true}]}}