{"id":11274,"date":"2020-02-23T01:13:06","date_gmt":"2020-02-23T00:13:06","guid":{"rendered":"http:\/\/klubmamgdynia.pl\/index.php\/produkt\/11274\/"},"modified":"2026-05-17T22:27:17","modified_gmt":"2026-05-17T20:27:17","slug":"11274","status":"publish","type":"product","link":"http:\/\/klubmamgdynia.pl\/index.php\/produkt\/11274\/","title":{"rendered":""},"content":{"rendered":"<h2> <\/h2>\n<p>jak zrobi\u0107 samolot z papieru, afryka\u0144skie imiona, gabriel, szczotka pasta kubek ciep\u0142a woda tekst, skye psi patrol kolorowanka, znaczenie imienia marcel, jeremi imi\u0119, zagadki logiczne dla doros\u0142ych<\/p>\n<p>yyyyy<\/p>\n<p>&nbsp;<\/p>\n","protected":false},"excerpt":{"rendered":"<p>jak zrobi\u0107 samolot z papieru, afryka\u0144skie imiona, gabriel, szczotka pasta kubek ciep\u0142a woda tekst, skye psi patrol kolorowanka, znaczenie imienia marcel, jeremi imi\u0119, zagadki logiczne dla doros\u0142ych yyyyy &nbsp;<\/p>\n","protected":false},"featured_media":0,"comment_status":"closed","ping_status":"open","template":"","meta":[],"product_cat":[],"product_tag":[668,761,622,786,591,615],"class_list":["post-11274","product","type-product","status-publish","hentry","product_tag-atrakcje-dla-dzieci-wroclaw","product_tag-choinko-piekna-jak-las-tekst","product_tag-fajne-zagadki","product_tag-prezent-na-1-urodziny","product_tag-quiz-o-minecraft","product_tag-znane-misie-z-filmow-animowanych"],"_links":{"self":[{"href":"http:\/\/klubmamgdynia.pl\/index.php\/wp-json\/wp\/v2\/product\/11274","targetHints":{"allow":["GET"]}}],"collection":[{"href":"http:\/\/klubmamgdynia.pl\/index.php\/wp-json\/wp\/v2\/product"}],"about":[{"href":"http:\/\/klubmamgdynia.pl\/index.php\/wp-json\/wp\/v2\/types\/product"}],"replies":[{"embeddable":true,"href":"http:\/\/klubmamgdynia.pl\/index.php\/wp-json\/wp\/v2\/comments?post=11274"}],"wp:attachment":[{"href":"http:\/\/klubmamgdynia.pl\/index.php\/wp-json\/wp\/v2\/media?parent=11274"}],"wp:term":[{"taxonomy":"product_cat","embeddable":true,"href":"http:\/\/klubmamgdynia.pl\/index.php\/wp-json\/wp\/v2\/product_cat?post=11274"},{"taxonomy":"product_tag","embeddable":true,"href":"http:\/\/klubmamgdynia.pl\/index.php\/wp-json\/wp\/v2\/product_tag?post=11274"}],"curies":[{"name":"wp","href":"https:\/\/api.w.org\/{rel}","templated":true}]}}