{"id":11290,"date":"2012-05-14T20:41:29","date_gmt":"2012-05-14T18:41:29","guid":{"rendered":"http:\/\/klubmamgdynia.pl\/index.php\/produkt\/11290\/"},"modified":"2026-04-07T10:44:45","modified_gmt":"2026-04-07T08:44:45","slug":"11290","status":"publish","type":"product","link":"http:\/\/klubmamgdynia.pl\/index.php\/produkt\/11290\/","title":{"rendered":""},"content":{"rendered":"<h2> <\/h2>\n<p>my little pony kolorowanki celestia, test z lektury magiczne drzewo czerwone krzes\u0142o, prezent dla nastolatk\u00f3w, farma dyni poznan, co na roczek dla dziewczynki, prezent dla ch\u0142opca 7 lat, zagadki logiczne, pozna\u0144 atrakcje dla dzieci, testy z lektury miko\u0142ajek<\/p>\n<p>yyyyy<\/p>\n<p>&nbsp;<\/p>\n","protected":false},"excerpt":{"rendered":"<p>my little pony kolorowanki celestia, test z lektury magiczne drzewo czerwone krzes\u0142o, prezent dla nastolatk\u00f3w, farma dyni poznan, co na roczek dla dziewczynki, prezent dla ch\u0142opca 7 lat, zagadki logiczne, pozna\u0144 atrakcje dla dzieci, testy z lektury miko\u0142ajek yyyyy &nbsp;<\/p>\n","protected":false},"featured_media":0,"comment_status":"closed","ping_status":"open","template":"","meta":[],"product_cat":[],"product_tag":[763,730,752,638,637,602],"class_list":["post-11290","product","type-product","status-publish","hentry","product_tag-fabian","product_tag-karyna","product_tag-kuba-imie","product_tag-miastodzieci","product_tag-niech-zyja-wakacje-tekst","product_tag-quiz-o-zwierzetach-domowych"],"_links":{"self":[{"href":"http:\/\/klubmamgdynia.pl\/index.php\/wp-json\/wp\/v2\/product\/11290","targetHints":{"allow":["GET"]}}],"collection":[{"href":"http:\/\/klubmamgdynia.pl\/index.php\/wp-json\/wp\/v2\/product"}],"about":[{"href":"http:\/\/klubmamgdynia.pl\/index.php\/wp-json\/wp\/v2\/types\/product"}],"replies":[{"embeddable":true,"href":"http:\/\/klubmamgdynia.pl\/index.php\/wp-json\/wp\/v2\/comments?post=11290"}],"wp:attachment":[{"href":"http:\/\/klubmamgdynia.pl\/index.php\/wp-json\/wp\/v2\/media?parent=11290"}],"wp:term":[{"taxonomy":"product_cat","embeddable":true,"href":"http:\/\/klubmamgdynia.pl\/index.php\/wp-json\/wp\/v2\/product_cat?post=11290"},{"taxonomy":"product_tag","embeddable":true,"href":"http:\/\/klubmamgdynia.pl\/index.php\/wp-json\/wp\/v2\/product_tag?post=11290"}],"curies":[{"name":"wp","href":"https:\/\/api.w.org\/{rel}","templated":true}]}}