{"id":11297,"date":"2013-02-13T03:50:49","date_gmt":"2013-02-13T02:50:49","guid":{"rendered":"http:\/\/klubmamgdynia.pl\/index.php\/produkt\/11297\/"},"modified":"2026-04-20T13:23:35","modified_gmt":"2026-04-20T11:23:35","slug":"11297","status":"publish","type":"product","link":"http:\/\/klubmamgdynia.pl\/index.php\/produkt\/11297\/","title":{"rendered":""},"content":{"rendered":"<h2> <\/h2>\n<p>alan znaczenie imienia, piosenka dla taty przedszkole, pomys\u0142 na prezent na roczek, dyplom dla przedszkolaka do wydruku, m\u0105dre \u017cyczenia \u015bwi\u0105teczne, literki do nauki pisania do druku, zagadki o zwierz\u0119tach wiejskich, my little pony kolorowanki celestia, carmen imie, dziecko cytaty, test miko\u0142ajek 25 pyta\u0144, star wars kolorowanka, pomys\u0142 na prezent dla 7 latki, peppa do czytania, kwiaty polne nazwy, bajka o smoku, god\u0142o polski do druku, \u0142atwe ale podchwytliwe zagadki, samolot z papieru, prezenty na urodziny dla nastolatk\u00f3w, prezent na roczek od babci<\/p>\n<p>yyyyy<\/p>\n<p>&nbsp;<\/p>\n","protected":false},"excerpt":{"rendered":"<p>alan znaczenie imienia, piosenka dla taty przedszkole, pomys\u0142 na prezent na roczek, dyplom dla przedszkolaka do wydruku, m\u0105dre \u017cyczenia \u015bwi\u0105teczne, literki do nauki pisania do druku, zagadki o zwierz\u0119tach wiejskich, my little pony kolorowanki celestia, carmen imie, dziecko cytaty, test miko\u0142ajek 25 pyta\u0144, star wars kolorowanka, pomys\u0142 na prezent dla 7 latki, peppa do czytania, [&hellip;]<\/p>\n","protected":false},"featured_media":0,"comment_status":"closed","ping_status":"open","template":"","meta":[],"product_cat":[],"product_tag":[718,591,824,724],"class_list":["post-11297","product","type-product","status-publish","hentry","product_tag-prezent-na-roczek-dla-chrzesniaka","product_tag-quiz-o-minecraft","product_tag-warszawa-atrakcje-dla-dzieci","product_tag-zagadki-podchwytliwe"],"_links":{"self":[{"href":"http:\/\/klubmamgdynia.pl\/index.php\/wp-json\/wp\/v2\/product\/11297","targetHints":{"allow":["GET"]}}],"collection":[{"href":"http:\/\/klubmamgdynia.pl\/index.php\/wp-json\/wp\/v2\/product"}],"about":[{"href":"http:\/\/klubmamgdynia.pl\/index.php\/wp-json\/wp\/v2\/types\/product"}],"replies":[{"embeddable":true,"href":"http:\/\/klubmamgdynia.pl\/index.php\/wp-json\/wp\/v2\/comments?post=11297"}],"wp:attachment":[{"href":"http:\/\/klubmamgdynia.pl\/index.php\/wp-json\/wp\/v2\/media?parent=11297"}],"wp:term":[{"taxonomy":"product_cat","embeddable":true,"href":"http:\/\/klubmamgdynia.pl\/index.php\/wp-json\/wp\/v2\/product_cat?post=11297"},{"taxonomy":"product_tag","embeddable":true,"href":"http:\/\/klubmamgdynia.pl\/index.php\/wp-json\/wp\/v2\/product_tag?post=11297"}],"curies":[{"name":"wp","href":"https:\/\/api.w.org\/{rel}","templated":true}]}}