{"id":11299,"date":"2023-02-16T11:31:23","date_gmt":"2023-02-16T10:31:23","guid":{"rendered":"http:\/\/klubmamgdynia.pl\/?post_type=product&#038;p=11299"},"modified":"2026-04-29T15:59:01","modified_gmt":"2026-04-29T13:59:01","slug":"11299","status":"publish","type":"product","link":"http:\/\/klubmamgdynia.pl\/index.php\/produkt\/11299\/","title":{"rendered":""},"content":{"rendered":"<h2> <\/h2>\n<p>postacie z bajek, imi\u0119 nela, \u0142\u00f3d\u017a atrakcje dla dzieci, kolorowanki \u015bwi\u0105teczne do druku pdf, zagadka, cytaty o wychowaniu i nauczaniu, znaki drogowe quizy, quizy hobbit, flagi \u015bwiata quiz, test opowie\u015bci z narnii lew czarownica i stara szafa do druku, zagadki dla dzieci 7 lat, quiz o minecraft<\/p>\n<p>yyyyy<\/p>\n<p>&nbsp;<\/p>\n","protected":false},"excerpt":{"rendered":"<p>postacie z bajek, imi\u0119 nela, \u0142\u00f3d\u017a atrakcje dla dzieci, kolorowanki \u015bwi\u0105teczne do druku pdf, zagadka, cytaty o wychowaniu i nauczaniu, znaki drogowe quizy, quizy hobbit, flagi \u015bwiata quiz, test opowie\u015bci z narnii lew czarownica i stara szafa do druku, zagadki dla dzieci 7 lat, quiz o minecraft yyyyy &nbsp;<\/p>\n","protected":false},"featured_media":0,"comment_status":"closed","ping_status":"open","template":"","meta":[],"product_cat":[],"product_tag":[624,821,672],"class_list":["post-11299","product","type-product","status-publish","hentry","product_tag-krotkie-zagadki","product_tag-marianna","product_tag-trudne-zagadki-z-odpowiedziami"],"_links":{"self":[{"href":"http:\/\/klubmamgdynia.pl\/index.php\/wp-json\/wp\/v2\/product\/11299","targetHints":{"allow":["GET"]}}],"collection":[{"href":"http:\/\/klubmamgdynia.pl\/index.php\/wp-json\/wp\/v2\/product"}],"about":[{"href":"http:\/\/klubmamgdynia.pl\/index.php\/wp-json\/wp\/v2\/types\/product"}],"replies":[{"embeddable":true,"href":"http:\/\/klubmamgdynia.pl\/index.php\/wp-json\/wp\/v2\/comments?post=11299"}],"wp:attachment":[{"href":"http:\/\/klubmamgdynia.pl\/index.php\/wp-json\/wp\/v2\/media?parent=11299"}],"wp:term":[{"taxonomy":"product_cat","embeddable":true,"href":"http:\/\/klubmamgdynia.pl\/index.php\/wp-json\/wp\/v2\/product_cat?post=11299"},{"taxonomy":"product_tag","embeddable":true,"href":"http:\/\/klubmamgdynia.pl\/index.php\/wp-json\/wp\/v2\/product_tag?post=11299"}],"curies":[{"name":"wp","href":"https:\/\/api.w.org\/{rel}","templated":true}]}}