{"id":11324,"date":"2025-07-25T16:41:14","date_gmt":"2025-07-25T14:41:14","guid":{"rendered":"http:\/\/klubmamgdynia.pl\/?post_type=product&#038;p=11324"},"modified":"2026-05-17T22:05:28","modified_gmt":"2026-05-17T20:05:28","slug":"niekoniecznie-prostej-linii","status":"publish","type":"product","link":"http:\/\/klubmamgdynia.pl\/index.php\/produkt\/niekoniecznie-prostej-linii\/","title":{"rendered":"niekoniecznie prostej linii"},"content":{"rendered":"<p>czyli czerwon\u0105 skrzyni\u0105 z napisem \u201eTOP SECRET\u201d. Je\u017celi gracze chc\u0105 mie\u0107 kr\u00f3tsz\u0105 rozgrywk\u0119<\/p>\n<h2>niekoniecznie prostej linii to uk\u0142adaj\u0105 kr\u00f3tsz\u0105 \u015bcie\u017ck\u0119<\/h2>\n<p>kr\u00f3tkie zagadki matematyczne z odpowiedziami, smok wawelski kolorowanka, zabawy z pi\u0142k\u0105, test z narnii lew czarownica i stara szafa, delfinarium polska, zaj\u0119cia dla nastolatk\u00f3w, test magiczne drzewo czerwone krzes\u0142o, maski dla dzieci do druku, szlaczki dla dzieci do druku, zabawki na roczek dla dziewczynki, zagadki typu co to jest, upominek dla nastolatk\u00f3w, zdania do pisania dla dzieci do wydruku, prezenty dla nastolatka, kolorowanka wakacje, zaproszenia na urodziny do wydruku czarno bia\u0142e, piosenki o wakacjach<\/p>\n<p>yyyyy<\/p>\n<p>&nbsp;<\/p>\n","protected":false},"excerpt":{"rendered":"<p>czyli czerwon\u0105 skrzyni\u0105 z napisem \u201eTOP SECRET\u201d. Je\u017celi gracze chc\u0105 mie\u0107 kr\u00f3tsz\u0105 rozgrywk\u0119 niekoniecznie prostej linii to uk\u0142adaj\u0105 kr\u00f3tsz\u0105 \u015bcie\u017ck\u0119 kr\u00f3tkie zagadki matematyczne z odpowiedziami, smok wawelski kolorowanka, zabawy z pi\u0142k\u0105, test z narnii lew czarownica i stara szafa, delfinarium polska, zaj\u0119cia dla nastolatk\u00f3w, test magiczne drzewo czerwone krzes\u0142o, maski dla dzieci do druku, szlaczki [&hellip;]<\/p>\n","protected":false},"featured_media":0,"comment_status":"closed","ping_status":"open","template":"","meta":[],"product_cat":[1993,1992],"product_tag":[867,745,615],"class_list":["post-11324","product","type-product","status-publish","hentry","product_cat-odkladajac-czesc-planszetek-do-pudelka","product_cat-to-ukladaja-krotsza-sciezke","product_tag-kolorowanki-dla-dziewczynek","product_tag-prezent-dla-15-latki","product_tag-znane-misie-z-filmow-animowanych"],"_links":{"self":[{"href":"http:\/\/klubmamgdynia.pl\/index.php\/wp-json\/wp\/v2\/product\/11324","targetHints":{"allow":["GET"]}}],"collection":[{"href":"http:\/\/klubmamgdynia.pl\/index.php\/wp-json\/wp\/v2\/product"}],"about":[{"href":"http:\/\/klubmamgdynia.pl\/index.php\/wp-json\/wp\/v2\/types\/product"}],"replies":[{"embeddable":true,"href":"http:\/\/klubmamgdynia.pl\/index.php\/wp-json\/wp\/v2\/comments?post=11324"}],"wp:attachment":[{"href":"http:\/\/klubmamgdynia.pl\/index.php\/wp-json\/wp\/v2\/media?parent=11324"}],"wp:term":[{"taxonomy":"product_cat","embeddable":true,"href":"http:\/\/klubmamgdynia.pl\/index.php\/wp-json\/wp\/v2\/product_cat?post=11324"},{"taxonomy":"product_tag","embeddable":true,"href":"http:\/\/klubmamgdynia.pl\/index.php\/wp-json\/wp\/v2\/product_tag?post=11324"}],"curies":[{"name":"wp","href":"https:\/\/api.w.org\/{rel}","templated":true}]}}